{"id":9011,"date":"2024-10-13T13:55:38","date_gmt":"2024-10-13T11:55:38","guid":{"rendered":"https:\/\/comedialaon.fr\/?page_id=9011"},"modified":"2025-03-06T16:52:07","modified_gmt":"2025-03-06T14:52:07","slug":"un-stylo-dans-la-tete","status":"publish","type":"page","link":"https:\/\/comedialaon.fr\/?page_id=9011","title":{"rendered":"<font color=#0000FF><center><b>UN STYLO DANS LA T\u00caTE<\/b><\/center><\/font color>"},"content":{"rendered":"<div id=\"attachment_9052\" style=\"width: 220px\" class=\"wp-caption alignleft\"><a href=\"https:\/\/comedialaon.fr\/wp-content\/uploads\/2024\/10\/Affiche-Un-stylo-dans-la-tete-LA-MAL-le-28-mars-2025.jpg\"><img loading=\"lazy\" decoding=\"async\" aria-describedby=\"caption-attachment-9052\" src=\"https:\/\/comedialaon.fr\/wp-content\/uploads\/2024\/10\/Affiche-Un-stylo-dans-la-tete-LA-MAL-le-28-mars-2025-210x300.jpg\" alt=\"\" width=\"210\" height=\"300\" class=\"size-medium wp-image-9052\" srcset=\"https:\/\/comedialaon.fr\/wp-content\/uploads\/2024\/10\/Affiche-Un-stylo-dans-la-tete-LA-MAL-le-28-mars-2025-210x300.jpg 210w, https:\/\/comedialaon.fr\/wp-content\/uploads\/2024\/10\/Affiche-Un-stylo-dans-la-tete-LA-MAL-le-28-mars-2025.jpg 420w\" sizes=\"auto, (max-width: 210px) 100vw, 210px\" \/><\/a><p id=\"caption-attachment-9052\" class=\"wp-caption-text\">\u201cUn stylo dans la t\u00eate\u201d \u00e0 La Maison des Arts et Loisirs \u00e0 LAON le 28 mars 2025<\/p><\/div>\n<p><u>\u201cUN STYLO DANS LA T\u00caTE\u201d<\/u> est une com\u00e9die de <a href=\"https:\/\/comedialaon.fr\/?page_id=8975\" title=\"Jean DELL\"> Jean DELL<\/a> :<br \/>\n3 femmes et 3 hommes \u2013 Dur\u00e9e : 1h30<\/p>\n<p>Victor Aubrac, auteur de th\u00e9\u00e2tre \u00e0 succ\u00e8s, vient d&rsquo;\u00e9crire une nouvelle pi\u00e8ce dans laquelle il s&rsquo;est inspir\u00e9 de la vie de ses amis : un homo, deux s\u0153urs n\u00e9vros\u00e9es et l&rsquo;ex de sa femme.<br \/>\nL&rsquo;annonce de la sortie de sa derni\u00e8re \u0153uvre va provoquer un r\u00e8glement de comptes dr\u00f4le et impitoyable.<\/p>\n<p><u>Quelques critiques de spectateurs mais aussi parues dans la presse<\/u> :<\/p>\n<p>\u201cJ&rsquo;ai pass\u00e9 une excellente soir\u00e9e dans le salon de la divine Adeline et son mari auteur de th\u00e9\u00e2tre \u00e0 succ\u00e8s . Un grand bravo aux six acteurs tous parfaits dans leur r\u00f4le. La pi\u00e8ce est en plus tr\u00e8s tr\u00e8s bien \u00e9crite, on rit vraiment du d\u00e9but \u00e0 la fin. Quel beau moment de th\u00e9\u00e2tre! Si vous n&rsquo;avez pas encore vu cette pi\u00e8ce et que vous aimez les com\u00e9dies, courez y. Les r\u00e9pliques fusent, les acteurs s&rsquo;en donnent \u00e0 c\u0153ur joie, on rit du d\u00e9but \u00e0 la fin.\u201d<\/p>\n<p>\u201cJ&rsquo;ai ador\u00e9 cette pi\u00e8ce de Jean Dell tr\u00e8s bien \u00e9crite \u00e0 l&rsquo;humour d\u00e9capant. Tous les acteurs sont tr\u00e8s bien dans leur r\u00f4le. En tout cas si vous voulez passer une soir\u00e9e de d\u00e9tente et de rire c&rsquo;est La pi\u00e8ce \u00e0 aller voir.\u201d<\/p>\n<p>\u201cBeau portrait de famille ! Les com\u00e9diens s&rsquo;amusent comme des fous et le public s&rsquo;esclaffe \u00e0 tout bout de champ. C&rsquo;est du th\u00e9\u00e2tre de boulevard, pur jus et les spectateurs friands de ce mode d&rsquo;expression ne seront pas d\u00e9\u00e7us. Qu&rsquo;on se le dise !\u201d<\/p>\n<p>\u201cLa pi\u00e8ce a commenc\u00e9 il y a quelques jours et d\u00e9j\u00e0 le bouche \u00e0 oreille est tr\u00e8s tr\u00e8s bon&#8230; !\u201d<\/p>\n<p>\u201cApr\u00e8s Un petit jeu sans cons\u00e9quence co\u00e9crit avec G\u00e9rard Sibleyras (5 Moli\u00e8res en 2003), Jean Dell r\u00e9cidive ici sur le m\u00eame th\u00e8me : un groupe de vieux amis entre en effervescence, suite \u00e0 la r\u00e9v\u00e9lation de l\u2019un d\u2019entre eux. (&#8230;) Le plaisir et le rire sont au rendez-vous ! L\u2019ensemble est men\u00e9 de main de ma\u00eetre par un Francis Perrin irr\u00e9sistible et Jean-Luc Moreau \u00e0 la mise en sc\u00e8ne a su tr\u00e8s brillamment tirer toute la quintessence de ce texte.\u201d<\/p>\n<p><a href=\"https:\/\/comedialaon.fr\/?page_id=9179\" title=\"Album photos PINON\"> Album photos PINON<\/a><\/p>\n<p><a href=\"https:\/\/comedialaon.fr\/?page_id=8970\" title=\"Nos dates de repr\u00e9sentations pour 2025\"> Nos dates de repr\u00e9sentations pour 2025<\/a><\/p>\n","protected":false},"excerpt":{"rendered":"<p>\u201cUN STYLO DANS LA T\u00caTE\u201d est une com\u00e9die de Jean DELL : 3 femmes et 3 hommes \u2013 Dur\u00e9e : 1h30 Victor Aubrac, auteur de th\u00e9\u00e2tre \u00e0 succ\u00e8s, vient d&rsquo;\u00e9crire une nouvelle pi\u00e8ce dans laquelle il s&rsquo;est inspir\u00e9 de la vie de ses amis : un homo, deux s\u0153urs n\u00e9vros\u00e9es et l&rsquo;ex de sa femme.<\/p>\n<p><a class=\"excerpt-more blog-excerpt\" href=\"https:\/\/comedialaon.fr\/?page_id=9011\">Lire la suite<\/a><\/p>\n","protected":false},"author":1,"featured_media":0,"parent":0,"menu_order":0,"comment_status":"closed","ping_status":"closed","template":"","meta":{"footnotes":""},"class_list":["post-9011","page","type-page","status-publish","hentry"],"yoast_head":"<!-- This site is optimized with the Yoast SEO plugin v27.5 - https:\/\/yoast.com\/product\/yoast-seo-wordpress\/ -->\n<title>UN STYLO DANS LA T\u00caTE &#8226; Com\u00e9dia Laon<\/title>\n<meta name=\"robots\" content=\"index, follow, max-snippet:-1, max-image-preview:large, max-video-preview:-1\" \/>\n<link rel=\"canonical\" href=\"https:\/\/comedialaon.fr\/?page_id=9011\" \/>\n<meta property=\"og:locale\" content=\"fr_FR\" \/>\n<meta property=\"og:type\" content=\"article\" \/>\n<meta property=\"og:title\" content=\"UN STYLO DANS LA T\u00caTE &#8226; Com\u00e9dia Laon\" \/>\n<meta property=\"og:description\" content=\"\u201cUN STYLO DANS LA T\u00caTE\u201d est une com\u00e9die de Jean DELL : 3 femmes et 3 hommes \u2013 Dur\u00e9e : 1h30 Victor Aubrac, auteur de th\u00e9\u00e2tre \u00e0 succ\u00e8s, vient d&rsquo;\u00e9crire une nouvelle pi\u00e8ce dans laquelle il s&rsquo;est inspir\u00e9 de la vie de ses amis : un homo, deux s\u0153urs n\u00e9vros\u00e9es et l&rsquo;ex de sa femme.Lire la suite\" \/>\n<meta property=\"og:url\" content=\"https:\/\/comedialaon.fr\/?page_id=9011\" \/>\n<meta property=\"og:site_name\" content=\"Com\u00e9dia Laon\" \/>\n<meta property=\"article:publisher\" content=\"https:\/\/www.facebook.com\/profile.php?id=100008459438996\" \/>\n<meta property=\"article:modified_time\" content=\"2025-03-06T14:52:07+00:00\" \/>\n<meta property=\"og:image\" content=\"https:\/\/comedialaon.fr\/wp-content\/uploads\/2024\/10\/Affiche-Un-stylo-dans-la-tete-LA-MAL-le-28-mars-2025.jpg\" \/>\n\t<meta property=\"og:image:width\" content=\"420\" \/>\n\t<meta property=\"og:image:height\" content=\"600\" \/>\n\t<meta property=\"og:image:type\" content=\"image\/jpeg\" \/>\n<meta name=\"twitter:label1\" content=\"Dur\u00e9e de lecture estim\u00e9e\" \/>\n\t<meta name=\"twitter:data1\" content=\"3 minutes\" \/>\n<script type=\"application\/ld+json\" class=\"yoast-schema-graph\">{\"@context\":\"https:\\\/\\\/schema.org\",\"@graph\":[{\"@type\":\"WebPage\",\"@id\":\"https:\\\/\\\/comedialaon.fr\\\/?page_id=9011\",\"url\":\"https:\\\/\\\/comedialaon.fr\\\/?page_id=9011\",\"name\":\"UN STYLO DANS LA T\u00caTE &#8226; Com\u00e9dia Laon\",\"isPartOf\":{\"@id\":\"https:\\\/\\\/comedialaon.fr\\\/#website\"},\"primaryImageOfPage\":{\"@id\":\"https:\\\/\\\/comedialaon.fr\\\/?page_id=9011#primaryimage\"},\"image\":{\"@id\":\"https:\\\/\\\/comedialaon.fr\\\/?page_id=9011#primaryimage\"},\"thumbnailUrl\":\"https:\\\/\\\/comedialaon.fr\\\/wp-content\\\/uploads\\\/2024\\\/10\\\/Affiche-Un-stylo-dans-la-tete-LA-MAL-le-28-mars-2025-210x300.jpg\",\"datePublished\":\"2024-10-13T11:55:38+00:00\",\"dateModified\":\"2025-03-06T14:52:07+00:00\",\"breadcrumb\":{\"@id\":\"https:\\\/\\\/comedialaon.fr\\\/?page_id=9011#breadcrumb\"},\"inLanguage\":\"fr-FR\",\"potentialAction\":[{\"@type\":\"ReadAction\",\"target\":[\"https:\\\/\\\/comedialaon.fr\\\/?page_id=9011\"]}]},{\"@type\":\"ImageObject\",\"inLanguage\":\"fr-FR\",\"@id\":\"https:\\\/\\\/comedialaon.fr\\\/?page_id=9011#primaryimage\",\"url\":\"https:\\\/\\\/comedialaon.fr\\\/wp-content\\\/uploads\\\/2024\\\/10\\\/Affiche-Un-stylo-dans-la-tete-LA-MAL-le-28-mars-2025.jpg\",\"contentUrl\":\"https:\\\/\\\/comedialaon.fr\\\/wp-content\\\/uploads\\\/2024\\\/10\\\/Affiche-Un-stylo-dans-la-tete-LA-MAL-le-28-mars-2025.jpg\",\"width\":420,\"height\":600,\"caption\":\"\u201cUn stylo dans la t\u00eate\u201d \u00e0 La Maison des Arts et Loisirs \u00e0 LAON le 28 mars 2025\"},{\"@type\":\"BreadcrumbList\",\"@id\":\"https:\\\/\\\/comedialaon.fr\\\/?page_id=9011#breadcrumb\",\"itemListElement\":[{\"@type\":\"ListItem\",\"position\":1,\"name\":\"Accueil\",\"item\":\"https:\\\/\\\/comedialaon.fr\\\/\"},{\"@type\":\"ListItem\",\"position\":2,\"name\":\"UN STYLO DANS LA T\u00caTE\"}]},{\"@type\":\"WebSite\",\"@id\":\"https:\\\/\\\/comedialaon.fr\\\/#website\",\"url\":\"https:\\\/\\\/comedialaon.fr\\\/\",\"name\":\"Com\u00e9dia Laon\",\"description\":\"Prendre et donner du PLAISIR ... !!! ;-)\",\"publisher\":{\"@id\":\"https:\\\/\\\/comedialaon.fr\\\/#organization\"},\"potentialAction\":[{\"@type\":\"SearchAction\",\"target\":{\"@type\":\"EntryPoint\",\"urlTemplate\":\"https:\\\/\\\/comedialaon.fr\\\/?s={search_term_string}\"},\"query-input\":{\"@type\":\"PropertyValueSpecification\",\"valueRequired\":true,\"valueName\":\"search_term_string\"}}],\"inLanguage\":\"fr-FR\"},{\"@type\":\"Organization\",\"@id\":\"https:\\\/\\\/comedialaon.fr\\\/#organization\",\"name\":\"Com\u00e9dia Laon\",\"url\":\"https:\\\/\\\/comedialaon.fr\\\/\",\"logo\":{\"@type\":\"ImageObject\",\"inLanguage\":\"fr-FR\",\"@id\":\"https:\\\/\\\/comedialaon.fr\\\/#\\\/schema\\\/logo\\\/image\\\/\",\"url\":\"https:\\\/\\\/comedialaon.fr\\\/wp-content\\\/uploads\\\/2019\\\/02\\\/LOGO-CL-et-OL.jpg\",\"contentUrl\":\"https:\\\/\\\/comedialaon.fr\\\/wp-content\\\/uploads\\\/2019\\\/02\\\/LOGO-CL-et-OL.jpg\",\"width\":756,\"height\":210,\"caption\":\"Com\u00e9dia Laon\"},\"image\":{\"@id\":\"https:\\\/\\\/comedialaon.fr\\\/#\\\/schema\\\/logo\\\/image\\\/\"},\"sameAs\":[\"https:\\\/\\\/www.facebook.com\\\/profile.php?id=100008459438996\",\"https:\\\/\\\/www.youtube.com\\\/results?search_query=comedia laon\"]}]}<\/script>\n<!-- \/ Yoast SEO plugin. -->","yoast_head_json":{"title":"UN STYLO DANS LA T\u00caTE &#8226; Com\u00e9dia Laon","robots":{"index":"index","follow":"follow","max-snippet":"max-snippet:-1","max-image-preview":"max-image-preview:large","max-video-preview":"max-video-preview:-1"},"canonical":"https:\/\/comedialaon.fr\/?page_id=9011","og_locale":"fr_FR","og_type":"article","og_title":"UN STYLO DANS LA T\u00caTE &#8226; Com\u00e9dia Laon","og_description":"\u201cUN STYLO DANS LA T\u00caTE\u201d est une com\u00e9die de Jean DELL : 3 femmes et 3 hommes \u2013 Dur\u00e9e : 1h30 Victor Aubrac, auteur de th\u00e9\u00e2tre \u00e0 succ\u00e8s, vient d&rsquo;\u00e9crire une nouvelle pi\u00e8ce dans laquelle il s&rsquo;est inspir\u00e9 de la vie de ses amis : un homo, deux s\u0153urs n\u00e9vros\u00e9es et l&rsquo;ex de sa femme.Lire la suite","og_url":"https:\/\/comedialaon.fr\/?page_id=9011","og_site_name":"Com\u00e9dia Laon","article_publisher":"https:\/\/www.facebook.com\/profile.php?id=100008459438996","article_modified_time":"2025-03-06T14:52:07+00:00","og_image":[{"width":420,"height":600,"url":"https:\/\/comedialaon.fr\/wp-content\/uploads\/2024\/10\/Affiche-Un-stylo-dans-la-tete-LA-MAL-le-28-mars-2025.jpg","type":"image\/jpeg"}],"twitter_misc":{"Dur\u00e9e de lecture estim\u00e9e":"3 minutes"},"schema":{"@context":"https:\/\/schema.org","@graph":[{"@type":"WebPage","@id":"https:\/\/comedialaon.fr\/?page_id=9011","url":"https:\/\/comedialaon.fr\/?page_id=9011","name":"UN STYLO DANS LA T\u00caTE &#8226; Com\u00e9dia Laon","isPartOf":{"@id":"https:\/\/comedialaon.fr\/#website"},"primaryImageOfPage":{"@id":"https:\/\/comedialaon.fr\/?page_id=9011#primaryimage"},"image":{"@id":"https:\/\/comedialaon.fr\/?page_id=9011#primaryimage"},"thumbnailUrl":"https:\/\/comedialaon.fr\/wp-content\/uploads\/2024\/10\/Affiche-Un-stylo-dans-la-tete-LA-MAL-le-28-mars-2025-210x300.jpg","datePublished":"2024-10-13T11:55:38+00:00","dateModified":"2025-03-06T14:52:07+00:00","breadcrumb":{"@id":"https:\/\/comedialaon.fr\/?page_id=9011#breadcrumb"},"inLanguage":"fr-FR","potentialAction":[{"@type":"ReadAction","target":["https:\/\/comedialaon.fr\/?page_id=9011"]}]},{"@type":"ImageObject","inLanguage":"fr-FR","@id":"https:\/\/comedialaon.fr\/?page_id=9011#primaryimage","url":"https:\/\/comedialaon.fr\/wp-content\/uploads\/2024\/10\/Affiche-Un-stylo-dans-la-tete-LA-MAL-le-28-mars-2025.jpg","contentUrl":"https:\/\/comedialaon.fr\/wp-content\/uploads\/2024\/10\/Affiche-Un-stylo-dans-la-tete-LA-MAL-le-28-mars-2025.jpg","width":420,"height":600,"caption":"\u201cUn stylo dans la t\u00eate\u201d \u00e0 La Maison des Arts et Loisirs \u00e0 LAON le 28 mars 2025"},{"@type":"BreadcrumbList","@id":"https:\/\/comedialaon.fr\/?page_id=9011#breadcrumb","itemListElement":[{"@type":"ListItem","position":1,"name":"Accueil","item":"https:\/\/comedialaon.fr\/"},{"@type":"ListItem","position":2,"name":"UN STYLO DANS LA T\u00caTE"}]},{"@type":"WebSite","@id":"https:\/\/comedialaon.fr\/#website","url":"https:\/\/comedialaon.fr\/","name":"Com\u00e9dia Laon","description":"Prendre et donner du PLAISIR ... !!! ;-)","publisher":{"@id":"https:\/\/comedialaon.fr\/#organization"},"potentialAction":[{"@type":"SearchAction","target":{"@type":"EntryPoint","urlTemplate":"https:\/\/comedialaon.fr\/?s={search_term_string}"},"query-input":{"@type":"PropertyValueSpecification","valueRequired":true,"valueName":"search_term_string"}}],"inLanguage":"fr-FR"},{"@type":"Organization","@id":"https:\/\/comedialaon.fr\/#organization","name":"Com\u00e9dia Laon","url":"https:\/\/comedialaon.fr\/","logo":{"@type":"ImageObject","inLanguage":"fr-FR","@id":"https:\/\/comedialaon.fr\/#\/schema\/logo\/image\/","url":"https:\/\/comedialaon.fr\/wp-content\/uploads\/2019\/02\/LOGO-CL-et-OL.jpg","contentUrl":"https:\/\/comedialaon.fr\/wp-content\/uploads\/2019\/02\/LOGO-CL-et-OL.jpg","width":756,"height":210,"caption":"Com\u00e9dia Laon"},"image":{"@id":"https:\/\/comedialaon.fr\/#\/schema\/logo\/image\/"},"sameAs":["https:\/\/www.facebook.com\/profile.php?id=100008459438996","https:\/\/www.youtube.com\/results?search_query=comedia laon"]}]}},"_links":{"self":[{"href":"https:\/\/comedialaon.fr\/index.php?rest_route=\/wp\/v2\/pages\/9011","targetHints":{"allow":["GET"]}}],"collection":[{"href":"https:\/\/comedialaon.fr\/index.php?rest_route=\/wp\/v2\/pages"}],"about":[{"href":"https:\/\/comedialaon.fr\/index.php?rest_route=\/wp\/v2\/types\/page"}],"author":[{"embeddable":true,"href":"https:\/\/comedialaon.fr\/index.php?rest_route=\/wp\/v2\/users\/1"}],"replies":[{"embeddable":true,"href":"https:\/\/comedialaon.fr\/index.php?rest_route=%2Fwp%2Fv2%2Fcomments&post=9011"}],"version-history":[{"count":12,"href":"https:\/\/comedialaon.fr\/index.php?rest_route=\/wp\/v2\/pages\/9011\/revisions"}],"predecessor-version":[{"id":9204,"href":"https:\/\/comedialaon.fr\/index.php?rest_route=\/wp\/v2\/pages\/9011\/revisions\/9204"}],"wp:attachment":[{"href":"https:\/\/comedialaon.fr\/index.php?rest_route=%2Fwp%2Fv2%2Fmedia&parent=9011"}],"curies":[{"name":"wp","href":"https:\/\/api.w.org\/{rel}","templated":true}]}}