{"id":8293,"date":"2023-02-01T14:57:27","date_gmt":"2023-02-01T12:57:27","guid":{"rendered":"https:\/\/comedialaon.fr\/?page_id=8293"},"modified":"2024-02-14T18:43:03","modified_gmt":"2024-02-14T16:43:03","slug":"infos-live-2023","status":"publish","type":"page","link":"https:\/\/comedialaon.fr\/?page_id=8293","title":{"rendered":"<font color=#0000FF><b>INFOS LIVE 2023<\/b><\/font color>"},"content":{"rendered":"<p><a href=\"https:\/\/comedialaon.fr\/?page_id=8560\" title=\"13 d\u00e9cembre 2023 : NOTRE PROCHAIN SPECTACLE\">13 d\u00e9cembre 2023 : NOTRE PROCHAIN SPECTACLE<a><br \/>\n<a href=\"https:\/\/comedialaon.fr\/?page_id=8489\" title=\"24 ao\u00fbt 2023 : CHANGEMENT POUR LA SAISON 2024\">24 ao\u00fbt 2023 : CHANGEMENT POUR LA SAISON 2024<a><br \/>\n<a href=\"https:\/\/comedialaon.fr\/?page_id=8470\" title=\"19 juillet 2023 : FIN DE SAISON ET NOUVELLE PI\u00c8CE POUR 2024\">19 juillet 2023 : FIN DE SAISON ET NOUVELLE PI\u00c8CE POUR 2024<a><br \/>\n<a href=\"https:\/\/comedialaon.fr\/?page_id=8448\" title=\"6 avril 2023 : APR\u00c8S VERVINS, RENDEZ-VOUS \u00c0 LA MAL DE LAON\">6 avril 2023 : APR\u00c8S VERVINS, RENDEZ-VOUS \u00c0 LA MAL DE LAON<a><br \/>\n<a href=\"https:\/\/comedialaon.fr\/?page_id=8420\" title=\"28 f\u00e9vrier 2023 : PREMI\u00c8RE R\u00c9USSIE \u00c0 PINON\">28 f\u00e9vrier 2023 : PREMI\u00c8RE R\u00c9USSIE \u00c0 PINON<a><br \/>\n<a href=\"https:\/\/comedialaon.fr\/?page_id=8386\" title=\"7 f\u00e9vrier 2023 : LE PUBLIC \u00c9TAIT AU RENDEZ-VOUS !!!\">7 f\u00e9vrier 2023 : LE PUBLIC \u00c9TAIT AU RENDEZ-VOUS !!!<a><br \/>\n<a href=\"https:\/\/comedialaon.fr\/?page_id=8263\" title=\"31 janvier 2023 : DIMANCHE, C'EST LE T\u00c9L\u00c9THON !!!\">31 janvier 2023 : DIMANCHE, C&rsquo;EST LE T\u00c9L\u00c9THON !!!<a><\/p>\n","protected":false},"excerpt":{"rendered":"<p>13 d\u00e9cembre 2023 : NOTRE PROCHAIN SPECTACLE 24 ao\u00fbt 2023 : CHANGEMENT POUR LA SAISON 2024 19 juillet 2023 : FIN DE SAISON ET NOUVELLE PI\u00c8CE POUR 2024 6 avril 2023 : APR\u00c8S VERVINS, RENDEZ-VOUS \u00c0 LA MAL DE LAON 28 f\u00e9vrier 2023 : PREMI\u00c8RE R\u00c9USSIE \u00c0 PINON 7 f\u00e9vrier 2023 : LE PUBLIC \u00c9TAIT<\/p>\n<p><a class=\"excerpt-more blog-excerpt\" href=\"https:\/\/comedialaon.fr\/?page_id=8293\">Lire la suite<\/a><\/p>\n","protected":false},"author":1,"featured_media":0,"parent":0,"menu_order":0,"comment_status":"closed","ping_status":"closed","template":"","meta":{"footnotes":""},"class_list":["post-8293","page","type-page","status-publish","hentry"],"yoast_head":"<!-- This site is optimized with the Yoast SEO plugin v27.5 - https:\/\/yoast.com\/product\/yoast-seo-wordpress\/ -->\n<title>INFOS LIVE 2023 &#8226; Com\u00e9dia Laon<\/title>\n<meta name=\"robots\" content=\"index, follow, max-snippet:-1, max-image-preview:large, max-video-preview:-1\" \/>\n<link rel=\"canonical\" href=\"https:\/\/comedialaon.fr\/?page_id=8293\" \/>\n<meta property=\"og:locale\" content=\"fr_FR\" \/>\n<meta property=\"og:type\" content=\"article\" \/>\n<meta property=\"og:title\" content=\"INFOS LIVE 2023 &#8226; Com\u00e9dia Laon\" \/>\n<meta property=\"og:description\" content=\"13 d\u00e9cembre 2023 : NOTRE PROCHAIN SPECTACLE 24 ao\u00fbt 2023 : CHANGEMENT POUR LA SAISON 2024 19 juillet 2023 : FIN DE SAISON ET NOUVELLE PI\u00c8CE POUR 2024 6 avril 2023 : APR\u00c8S VERVINS, RENDEZ-VOUS \u00c0 LA MAL DE LAON 28 f\u00e9vrier 2023 : PREMI\u00c8RE R\u00c9USSIE \u00c0 PINON 7 f\u00e9vrier 2023 : LE PUBLIC \u00c9TAITLire la suite\" \/>\n<meta property=\"og:url\" content=\"https:\/\/comedialaon.fr\/?page_id=8293\" \/>\n<meta property=\"og:site_name\" content=\"Com\u00e9dia Laon\" \/>\n<meta property=\"article:publisher\" content=\"https:\/\/www.facebook.com\/profile.php?id=100008459438996\" \/>\n<meta property=\"article:modified_time\" content=\"2024-02-14T16:43:03+00:00\" \/>\n<meta name=\"twitter:label1\" content=\"Dur\u00e9e de lecture estim\u00e9e\" \/>\n\t<meta name=\"twitter:data1\" content=\"1 minute\" \/>\n<script type=\"application\/ld+json\" class=\"yoast-schema-graph\">{\"@context\":\"https:\\\/\\\/schema.org\",\"@graph\":[{\"@type\":\"WebPage\",\"@id\":\"https:\\\/\\\/comedialaon.fr\\\/?page_id=8293\",\"url\":\"https:\\\/\\\/comedialaon.fr\\\/?page_id=8293\",\"name\":\"INFOS LIVE 2023 &#8226; Com\u00e9dia Laon\",\"isPartOf\":{\"@id\":\"https:\\\/\\\/comedialaon.fr\\\/#website\"},\"datePublished\":\"2023-02-01T12:57:27+00:00\",\"dateModified\":\"2024-02-14T16:43:03+00:00\",\"breadcrumb\":{\"@id\":\"https:\\\/\\\/comedialaon.fr\\\/?page_id=8293#breadcrumb\"},\"inLanguage\":\"fr-FR\",\"potentialAction\":[{\"@type\":\"ReadAction\",\"target\":[\"https:\\\/\\\/comedialaon.fr\\\/?page_id=8293\"]}]},{\"@type\":\"BreadcrumbList\",\"@id\":\"https:\\\/\\\/comedialaon.fr\\\/?page_id=8293#breadcrumb\",\"itemListElement\":[{\"@type\":\"ListItem\",\"position\":1,\"name\":\"Accueil\",\"item\":\"https:\\\/\\\/comedialaon.fr\\\/\"},{\"@type\":\"ListItem\",\"position\":2,\"name\":\"INFOS LIVE 2023\"}]},{\"@type\":\"WebSite\",\"@id\":\"https:\\\/\\\/comedialaon.fr\\\/#website\",\"url\":\"https:\\\/\\\/comedialaon.fr\\\/\",\"name\":\"Com\u00e9dia Laon\",\"description\":\"Prendre et donner du PLAISIR ... !!! ;-)\",\"publisher\":{\"@id\":\"https:\\\/\\\/comedialaon.fr\\\/#organization\"},\"potentialAction\":[{\"@type\":\"SearchAction\",\"target\":{\"@type\":\"EntryPoint\",\"urlTemplate\":\"https:\\\/\\\/comedialaon.fr\\\/?s={search_term_string}\"},\"query-input\":{\"@type\":\"PropertyValueSpecification\",\"valueRequired\":true,\"valueName\":\"search_term_string\"}}],\"inLanguage\":\"fr-FR\"},{\"@type\":\"Organization\",\"@id\":\"https:\\\/\\\/comedialaon.fr\\\/#organization\",\"name\":\"Com\u00e9dia Laon\",\"url\":\"https:\\\/\\\/comedialaon.fr\\\/\",\"logo\":{\"@type\":\"ImageObject\",\"inLanguage\":\"fr-FR\",\"@id\":\"https:\\\/\\\/comedialaon.fr\\\/#\\\/schema\\\/logo\\\/image\\\/\",\"url\":\"https:\\\/\\\/comedialaon.fr\\\/wp-content\\\/uploads\\\/2019\\\/02\\\/LOGO-CL-et-OL.jpg\",\"contentUrl\":\"https:\\\/\\\/comedialaon.fr\\\/wp-content\\\/uploads\\\/2019\\\/02\\\/LOGO-CL-et-OL.jpg\",\"width\":756,\"height\":210,\"caption\":\"Com\u00e9dia Laon\"},\"image\":{\"@id\":\"https:\\\/\\\/comedialaon.fr\\\/#\\\/schema\\\/logo\\\/image\\\/\"},\"sameAs\":[\"https:\\\/\\\/www.facebook.com\\\/profile.php?id=100008459438996\",\"https:\\\/\\\/www.youtube.com\\\/results?search_query=comedia laon\"]}]}<\/script>\n<!-- \/ Yoast SEO plugin. -->","yoast_head_json":{"title":"INFOS LIVE 2023 &#8226; Com\u00e9dia Laon","robots":{"index":"index","follow":"follow","max-snippet":"max-snippet:-1","max-image-preview":"max-image-preview:large","max-video-preview":"max-video-preview:-1"},"canonical":"https:\/\/comedialaon.fr\/?page_id=8293","og_locale":"fr_FR","og_type":"article","og_title":"INFOS LIVE 2023 &#8226; Com\u00e9dia Laon","og_description":"13 d\u00e9cembre 2023 : NOTRE PROCHAIN SPECTACLE 24 ao\u00fbt 2023 : CHANGEMENT POUR LA SAISON 2024 19 juillet 2023 : FIN DE SAISON ET NOUVELLE PI\u00c8CE POUR 2024 6 avril 2023 : APR\u00c8S VERVINS, RENDEZ-VOUS \u00c0 LA MAL DE LAON 28 f\u00e9vrier 2023 : PREMI\u00c8RE R\u00c9USSIE \u00c0 PINON 7 f\u00e9vrier 2023 : LE PUBLIC \u00c9TAITLire la suite","og_url":"https:\/\/comedialaon.fr\/?page_id=8293","og_site_name":"Com\u00e9dia Laon","article_publisher":"https:\/\/www.facebook.com\/profile.php?id=100008459438996","article_modified_time":"2024-02-14T16:43:03+00:00","twitter_misc":{"Dur\u00e9e de lecture estim\u00e9e":"1 minute"},"schema":{"@context":"https:\/\/schema.org","@graph":[{"@type":"WebPage","@id":"https:\/\/comedialaon.fr\/?page_id=8293","url":"https:\/\/comedialaon.fr\/?page_id=8293","name":"INFOS LIVE 2023 &#8226; Com\u00e9dia Laon","isPartOf":{"@id":"https:\/\/comedialaon.fr\/#website"},"datePublished":"2023-02-01T12:57:27+00:00","dateModified":"2024-02-14T16:43:03+00:00","breadcrumb":{"@id":"https:\/\/comedialaon.fr\/?page_id=8293#breadcrumb"},"inLanguage":"fr-FR","potentialAction":[{"@type":"ReadAction","target":["https:\/\/comedialaon.fr\/?page_id=8293"]}]},{"@type":"BreadcrumbList","@id":"https:\/\/comedialaon.fr\/?page_id=8293#breadcrumb","itemListElement":[{"@type":"ListItem","position":1,"name":"Accueil","item":"https:\/\/comedialaon.fr\/"},{"@type":"ListItem","position":2,"name":"INFOS LIVE 2023"}]},{"@type":"WebSite","@id":"https:\/\/comedialaon.fr\/#website","url":"https:\/\/comedialaon.fr\/","name":"Com\u00e9dia Laon","description":"Prendre et donner du PLAISIR ... !!! ;-)","publisher":{"@id":"https:\/\/comedialaon.fr\/#organization"},"potentialAction":[{"@type":"SearchAction","target":{"@type":"EntryPoint","urlTemplate":"https:\/\/comedialaon.fr\/?s={search_term_string}"},"query-input":{"@type":"PropertyValueSpecification","valueRequired":true,"valueName":"search_term_string"}}],"inLanguage":"fr-FR"},{"@type":"Organization","@id":"https:\/\/comedialaon.fr\/#organization","name":"Com\u00e9dia Laon","url":"https:\/\/comedialaon.fr\/","logo":{"@type":"ImageObject","inLanguage":"fr-FR","@id":"https:\/\/comedialaon.fr\/#\/schema\/logo\/image\/","url":"https:\/\/comedialaon.fr\/wp-content\/uploads\/2019\/02\/LOGO-CL-et-OL.jpg","contentUrl":"https:\/\/comedialaon.fr\/wp-content\/uploads\/2019\/02\/LOGO-CL-et-OL.jpg","width":756,"height":210,"caption":"Com\u00e9dia Laon"},"image":{"@id":"https:\/\/comedialaon.fr\/#\/schema\/logo\/image\/"},"sameAs":["https:\/\/www.facebook.com\/profile.php?id=100008459438996","https:\/\/www.youtube.com\/results?search_query=comedia laon"]}]}},"_links":{"self":[{"href":"https:\/\/comedialaon.fr\/index.php?rest_route=\/wp\/v2\/pages\/8293","targetHints":{"allow":["GET"]}}],"collection":[{"href":"https:\/\/comedialaon.fr\/index.php?rest_route=\/wp\/v2\/pages"}],"about":[{"href":"https:\/\/comedialaon.fr\/index.php?rest_route=\/wp\/v2\/types\/page"}],"author":[{"embeddable":true,"href":"https:\/\/comedialaon.fr\/index.php?rest_route=\/wp\/v2\/users\/1"}],"replies":[{"embeddable":true,"href":"https:\/\/comedialaon.fr\/index.php?rest_route=%2Fwp%2Fv2%2Fcomments&post=8293"}],"version-history":[{"count":10,"href":"https:\/\/comedialaon.fr\/index.php?rest_route=\/wp\/v2\/pages\/8293\/revisions"}],"predecessor-version":[{"id":8828,"href":"https:\/\/comedialaon.fr\/index.php?rest_route=\/wp\/v2\/pages\/8293\/revisions\/8828"}],"wp:attachment":[{"href":"https:\/\/comedialaon.fr\/index.php?rest_route=%2Fwp%2Fv2%2Fmedia&parent=8293"}],"curies":[{"name":"wp","href":"https:\/\/api.w.org\/{rel}","templated":true}]}}