{"id":630,"date":"2015-02-25T20:36:40","date_gmt":"2015-02-25T18:36:40","guid":{"rendered":"https:\/\/comedialaon.fr\/?page_id=630"},"modified":"2021-07-15T15:04:14","modified_gmt":"2021-07-15T13:04:14","slug":"dates-de-representations","status":"publish","type":"page","link":"https:\/\/comedialaon.fr\/?page_id=630","title":{"rendered":"NOS DATES DE REPR\u00c9SENTATIONS POUR 2015"},"content":{"rendered":"<p>(les informations ci-dessous seront actualis\u00e9es au fil de l&rsquo;eau)<br \/>\nCalendrier mis \u00e0 jour le 08\/03\/2015<\/p>\n<p><a href=\"https:\/\/comedialaon.fr\/?page_id=100\" title=\"\u201cJE VEUX VOIR MIOUSSOV\u201d :\">\u201cJE VEUX VOIR MIOUSSOV\u201d :<\/a><\/p>\n<p>Le dimanche 8 f\u00e9vrier 2015 \u00e0 15H30 \u00e0 SISSONNE \u00e0 la Salle des F\u00eates Rue du Mar\u00e9chal de Lattre de Tassigny.<br \/>\nR\u00e9servations 06 48 26 36 38 ou 03 23 20 19 89 &#8211; comedialaon@orange.fr &#8211; Entr\u00e9e 10 \u20ac<\/p>\n<p>Le dimanche 15 f\u00e9vrier 2015 \u00e0 15H00 \u00e0 PINON \u00e0 la Salle des F\u00eates Place Charles de Gaulle.<br \/>\nR\u00e9servations Madame ANCEAUX 03.23.80.94.32<\/p>\n<p>Le dimanche 15 mars 2015 \u00e0 15H30 \u00e0 AULNOIS SOUS LAON \u00e0 la Salle des F\u00eates.<br \/>\nR\u00e9servations Monsieur ROCOURT 06.88.18.04.98 apr\u00e8s 18H00<\/p>\n<p>Le dimanche 29 mars 2015 \u00e0 15H30 \u00e0 LAON Salle de Spectacle \u00e0 c\u00f4t\u00e9 de la Maison de Retraite D\u00e9partementale Route de La F\u00e8re.<br \/>\nR\u00e9servations 06 48 26 36 38 ou 03 23 20 19 89 &#8211; comedialaon@orange.fr &#8211; Entr\u00e9e 10 \u20ac <\/p>\n<p>Le samedi 11 avril 2015 \u00e0 20H30 \u00e0 FISMES(51) \u00e0 la Spirale.<br \/>\nR\u00e9servations 03.26.48.81.28 ou office.fismes@wanadoo.fr<\/p>\n<p>Le dimanche 26 avril 2015 \u00e0 15H30 \u00e0 CR\u00c9PY \u00e0 la Salle des F\u00eates.<br \/>\nR\u00e9servations 06 48 26 36 38 ou 03 23 20 19 89 &#8211; comedialaon@orange.fr &#8211; Entr\u00e9e 10 \u20ac au profit du T\u00e9l\u00e9thon<\/p>\n<p>Le samedi 28 mai 2015 \u00e0 20H30 \u00e0 CR\u00c9CY SUR SERRE Salle des f\u00eates Rue du Clos Gourmont.<br \/>\nR\u00e9servations Madame BRANCOURT 09.61.21.95.91<\/p>\n<p>Le vendredi 12 juin 2015 \u00e0 20H45 \u00e0 LAON \u00e0 la Maison des Arts et Loisirs Salle Guy SABATIER Place Gis\u00e8le Aubry.<br \/>\nR\u00e9servations 06 48 26 36 38 ou 03 23 20 19 89 &#8211; comedialaon@orange.fr &#8211; Entr\u00e9e 10 \u20ac<\/p>\n<p>Le vendredi 26 juin 2015 \u00e0 20H45 \u00e0 LAON Salle de Spectacle \u00e0 c\u00f4t\u00e9 de la Maison de Retraite D\u00e9partementale Route de La F\u00e8re.<br \/>\nR\u00e9servations 06 48 26 36 38 ou 03 23 20 19 89 &#8211; comedialaon@orange.fr &#8211; Entr\u00e9e 10 \u20ac<\/p>\n","protected":false},"excerpt":{"rendered":"<p>(les informations ci-dessous seront actualis\u00e9es au fil de l&rsquo;eau) Calendrier mis \u00e0 jour le 08\/03\/2015 \u201cJE VEUX VOIR MIOUSSOV\u201d : Le dimanche 8 f\u00e9vrier 2015 \u00e0 15H30 \u00e0 SISSONNE \u00e0 la Salle des F\u00eates Rue du Mar\u00e9chal de Lattre de Tassigny. R\u00e9servations 06 48 26 36 38 ou 03 23 20 19 89 &#8211; comedialaon@orange.fr<\/p>\n<p><a class=\"excerpt-more blog-excerpt\" href=\"https:\/\/comedialaon.fr\/?page_id=630\">Lire la suite<\/a><\/p>\n","protected":false},"author":1,"featured_media":0,"parent":0,"menu_order":0,"comment_status":"closed","ping_status":"closed","template":"","meta":{"footnotes":""},"class_list":["post-630","page","type-page","status-publish","hentry"],"yoast_head":"<!-- This site is optimized with the Yoast SEO plugin v27.5 - https:\/\/yoast.com\/product\/yoast-seo-wordpress\/ -->\n<title>NOS DATES DE REPR\u00c9SENTATIONS POUR 2015 &#8226; Com\u00e9dia Laon<\/title>\n<meta name=\"robots\" content=\"index, follow, max-snippet:-1, max-image-preview:large, max-video-preview:-1\" \/>\n<link rel=\"canonical\" href=\"https:\/\/comedialaon.fr\/?page_id=630\" \/>\n<meta property=\"og:locale\" content=\"fr_FR\" \/>\n<meta property=\"og:type\" content=\"article\" \/>\n<meta property=\"og:title\" content=\"NOS DATES DE REPR\u00c9SENTATIONS POUR 2015 &#8226; Com\u00e9dia Laon\" \/>\n<meta property=\"og:description\" content=\"(les informations ci-dessous seront actualis\u00e9es au fil de l&rsquo;eau) Calendrier mis \u00e0 jour le 08\/03\/2015 \u201cJE VEUX VOIR MIOUSSOV\u201d : Le dimanche 8 f\u00e9vrier 2015 \u00e0 15H30 \u00e0 SISSONNE \u00e0 la Salle des F\u00eates Rue du Mar\u00e9chal de Lattre de Tassigny. R\u00e9servations 06 48 26 36 38 ou 03 23 20 19 89 &#8211; comedialaon@orange.frLire la suite\" \/>\n<meta property=\"og:url\" content=\"https:\/\/comedialaon.fr\/?page_id=630\" \/>\n<meta property=\"og:site_name\" content=\"Com\u00e9dia Laon\" \/>\n<meta property=\"article:publisher\" content=\"https:\/\/www.facebook.com\/profile.php?id=100008459438996\" \/>\n<meta property=\"article:modified_time\" content=\"2021-07-15T13:04:14+00:00\" \/>\n<meta name=\"twitter:label1\" content=\"Dur\u00e9e de lecture estim\u00e9e\" \/>\n\t<meta name=\"twitter:data1\" content=\"1 minute\" \/>\n<script type=\"application\/ld+json\" class=\"yoast-schema-graph\">{\"@context\":\"https:\\\/\\\/schema.org\",\"@graph\":[{\"@type\":\"WebPage\",\"@id\":\"https:\\\/\\\/comedialaon.fr\\\/?page_id=630\",\"url\":\"https:\\\/\\\/comedialaon.fr\\\/?page_id=630\",\"name\":\"NOS DATES DE REPR\u00c9SENTATIONS POUR 2015 &#8226; Com\u00e9dia Laon\",\"isPartOf\":{\"@id\":\"https:\\\/\\\/comedialaon.fr\\\/#website\"},\"datePublished\":\"2015-02-25T18:36:40+00:00\",\"dateModified\":\"2021-07-15T13:04:14+00:00\",\"breadcrumb\":{\"@id\":\"https:\\\/\\\/comedialaon.fr\\\/?page_id=630#breadcrumb\"},\"inLanguage\":\"fr-FR\",\"potentialAction\":[{\"@type\":\"ReadAction\",\"target\":[\"https:\\\/\\\/comedialaon.fr\\\/?page_id=630\"]}]},{\"@type\":\"BreadcrumbList\",\"@id\":\"https:\\\/\\\/comedialaon.fr\\\/?page_id=630#breadcrumb\",\"itemListElement\":[{\"@type\":\"ListItem\",\"position\":1,\"name\":\"Accueil\",\"item\":\"https:\\\/\\\/comedialaon.fr\\\/\"},{\"@type\":\"ListItem\",\"position\":2,\"name\":\"NOS DATES DE REPR\u00c9SENTATIONS POUR 2015\"}]},{\"@type\":\"WebSite\",\"@id\":\"https:\\\/\\\/comedialaon.fr\\\/#website\",\"url\":\"https:\\\/\\\/comedialaon.fr\\\/\",\"name\":\"Com\u00e9dia Laon\",\"description\":\"Prendre et donner du PLAISIR ... !!! ;-)\",\"publisher\":{\"@id\":\"https:\\\/\\\/comedialaon.fr\\\/#organization\"},\"potentialAction\":[{\"@type\":\"SearchAction\",\"target\":{\"@type\":\"EntryPoint\",\"urlTemplate\":\"https:\\\/\\\/comedialaon.fr\\\/?s={search_term_string}\"},\"query-input\":{\"@type\":\"PropertyValueSpecification\",\"valueRequired\":true,\"valueName\":\"search_term_string\"}}],\"inLanguage\":\"fr-FR\"},{\"@type\":\"Organization\",\"@id\":\"https:\\\/\\\/comedialaon.fr\\\/#organization\",\"name\":\"Com\u00e9dia Laon\",\"url\":\"https:\\\/\\\/comedialaon.fr\\\/\",\"logo\":{\"@type\":\"ImageObject\",\"inLanguage\":\"fr-FR\",\"@id\":\"https:\\\/\\\/comedialaon.fr\\\/#\\\/schema\\\/logo\\\/image\\\/\",\"url\":\"https:\\\/\\\/comedialaon.fr\\\/wp-content\\\/uploads\\\/2019\\\/02\\\/LOGO-CL-et-OL.jpg\",\"contentUrl\":\"https:\\\/\\\/comedialaon.fr\\\/wp-content\\\/uploads\\\/2019\\\/02\\\/LOGO-CL-et-OL.jpg\",\"width\":756,\"height\":210,\"caption\":\"Com\u00e9dia Laon\"},\"image\":{\"@id\":\"https:\\\/\\\/comedialaon.fr\\\/#\\\/schema\\\/logo\\\/image\\\/\"},\"sameAs\":[\"https:\\\/\\\/www.facebook.com\\\/profile.php?id=100008459438996\",\"https:\\\/\\\/www.youtube.com\\\/results?search_query=comedia laon\"]}]}<\/script>\n<!-- \/ Yoast SEO plugin. -->","yoast_head_json":{"title":"NOS DATES DE REPR\u00c9SENTATIONS POUR 2015 &#8226; Com\u00e9dia Laon","robots":{"index":"index","follow":"follow","max-snippet":"max-snippet:-1","max-image-preview":"max-image-preview:large","max-video-preview":"max-video-preview:-1"},"canonical":"https:\/\/comedialaon.fr\/?page_id=630","og_locale":"fr_FR","og_type":"article","og_title":"NOS DATES DE REPR\u00c9SENTATIONS POUR 2015 &#8226; Com\u00e9dia Laon","og_description":"(les informations ci-dessous seront actualis\u00e9es au fil de l&rsquo;eau) Calendrier mis \u00e0 jour le 08\/03\/2015 \u201cJE VEUX VOIR MIOUSSOV\u201d : Le dimanche 8 f\u00e9vrier 2015 \u00e0 15H30 \u00e0 SISSONNE \u00e0 la Salle des F\u00eates Rue du Mar\u00e9chal de Lattre de Tassigny. R\u00e9servations 06 48 26 36 38 ou 03 23 20 19 89 &#8211; comedialaon@orange.frLire la suite","og_url":"https:\/\/comedialaon.fr\/?page_id=630","og_site_name":"Com\u00e9dia Laon","article_publisher":"https:\/\/www.facebook.com\/profile.php?id=100008459438996","article_modified_time":"2021-07-15T13:04:14+00:00","twitter_misc":{"Dur\u00e9e de lecture estim\u00e9e":"1 minute"},"schema":{"@context":"https:\/\/schema.org","@graph":[{"@type":"WebPage","@id":"https:\/\/comedialaon.fr\/?page_id=630","url":"https:\/\/comedialaon.fr\/?page_id=630","name":"NOS DATES DE REPR\u00c9SENTATIONS POUR 2015 &#8226; Com\u00e9dia Laon","isPartOf":{"@id":"https:\/\/comedialaon.fr\/#website"},"datePublished":"2015-02-25T18:36:40+00:00","dateModified":"2021-07-15T13:04:14+00:00","breadcrumb":{"@id":"https:\/\/comedialaon.fr\/?page_id=630#breadcrumb"},"inLanguage":"fr-FR","potentialAction":[{"@type":"ReadAction","target":["https:\/\/comedialaon.fr\/?page_id=630"]}]},{"@type":"BreadcrumbList","@id":"https:\/\/comedialaon.fr\/?page_id=630#breadcrumb","itemListElement":[{"@type":"ListItem","position":1,"name":"Accueil","item":"https:\/\/comedialaon.fr\/"},{"@type":"ListItem","position":2,"name":"NOS DATES DE REPR\u00c9SENTATIONS POUR 2015"}]},{"@type":"WebSite","@id":"https:\/\/comedialaon.fr\/#website","url":"https:\/\/comedialaon.fr\/","name":"Com\u00e9dia Laon","description":"Prendre et donner du PLAISIR ... !!! ;-)","publisher":{"@id":"https:\/\/comedialaon.fr\/#organization"},"potentialAction":[{"@type":"SearchAction","target":{"@type":"EntryPoint","urlTemplate":"https:\/\/comedialaon.fr\/?s={search_term_string}"},"query-input":{"@type":"PropertyValueSpecification","valueRequired":true,"valueName":"search_term_string"}}],"inLanguage":"fr-FR"},{"@type":"Organization","@id":"https:\/\/comedialaon.fr\/#organization","name":"Com\u00e9dia Laon","url":"https:\/\/comedialaon.fr\/","logo":{"@type":"ImageObject","inLanguage":"fr-FR","@id":"https:\/\/comedialaon.fr\/#\/schema\/logo\/image\/","url":"https:\/\/comedialaon.fr\/wp-content\/uploads\/2019\/02\/LOGO-CL-et-OL.jpg","contentUrl":"https:\/\/comedialaon.fr\/wp-content\/uploads\/2019\/02\/LOGO-CL-et-OL.jpg","width":756,"height":210,"caption":"Com\u00e9dia Laon"},"image":{"@id":"https:\/\/comedialaon.fr\/#\/schema\/logo\/image\/"},"sameAs":["https:\/\/www.facebook.com\/profile.php?id=100008459438996","https:\/\/www.youtube.com\/results?search_query=comedia laon"]}]}},"_links":{"self":[{"href":"https:\/\/comedialaon.fr\/index.php?rest_route=\/wp\/v2\/pages\/630","targetHints":{"allow":["GET"]}}],"collection":[{"href":"https:\/\/comedialaon.fr\/index.php?rest_route=\/wp\/v2\/pages"}],"about":[{"href":"https:\/\/comedialaon.fr\/index.php?rest_route=\/wp\/v2\/types\/page"}],"author":[{"embeddable":true,"href":"https:\/\/comedialaon.fr\/index.php?rest_route=\/wp\/v2\/users\/1"}],"replies":[{"embeddable":true,"href":"https:\/\/comedialaon.fr\/index.php?rest_route=%2Fwp%2Fv2%2Fcomments&post=630"}],"version-history":[{"count":7,"href":"https:\/\/comedialaon.fr\/index.php?rest_route=\/wp\/v2\/pages\/630\/revisions"}],"predecessor-version":[{"id":4394,"href":"https:\/\/comedialaon.fr\/index.php?rest_route=\/wp\/v2\/pages\/630\/revisions\/4394"}],"wp:attachment":[{"href":"https:\/\/comedialaon.fr\/index.php?rest_route=%2Fwp%2Fv2%2Fmedia&parent=630"}],"curies":[{"name":"wp","href":"https:\/\/api.w.org\/{rel}","templated":true}]}}

NOS DATES DE REPRÉSENTATIONS POUR 2015

<p>(les informations ci-dessous seront actualisées au fil de l&rsquo;eau)<br />
Calendrier mis à jour le 08/03/2015</p>
<p><a href="https://comedialaon.fr/?page_id=100" title="“JE VEUX VOIR MIOUSSOV” :">“JE VEUX VOIR MIOUSSOV” :</a></p>
<p>Le dimanche 8 février 2015 à 15H30 à SISSONNE à la Salle des Fêtes Rue du Maréchal de Lattre de Tassigny.<br />
Réservations 06 48 26 36 38 ou 03 23 20 19 89 &#8211; comedialaon@orange.fr &#8211; Entrée 10 €</p>
<p>Le dimanche 15 février 2015 à 15H00 à PINON à la Salle des Fêtes Place Charles de Gaulle.<br />
Réservations Madame ANCEAUX 03.23.80.94.32</p>
<p>Le dimanche 15 mars 2015 à 15H30 à AULNOIS SOUS LAON à la Salle des Fêtes.<br />
Réservations Monsieur ROCOURT 06.88.18.04.98 après 18H00</p>
<p>Le dimanche 29 mars 2015 à 15H30 à LAON Salle de Spectacle à côté de la Maison de Retraite Départementale Route de La Fère.<br />
Réservations 06 48 26 36 38 ou 03 23 20 19 89 &#8211; comedialaon@orange.fr &#8211; Entrée 10 € </p>
<p>Le samedi 11 avril 2015 à 20H30 à FISMES(51) à la Spirale.<br />
Réservations 03.26.48.81.28 ou office.fismes@wanadoo.fr</p>
<p>Le dimanche 26 avril 2015 à 15H30 à CRÉPY à la Salle des Fêtes.<br />
Réservations 06 48 26 36 38 ou 03 23 20 19 89 &#8211; comedialaon@orange.fr &#8211; Entrée 10 € au profit du Téléthon</p>
<p>Le samedi 28 mai 2015 à 20H30 à CRÉCY SUR SERRE Salle des fêtes Rue du Clos Gourmont.<br />
Réservations Madame BRANCOURT 09.61.21.95.91</p>
<p>Le vendredi 12 juin 2015 à 20H45 à LAON à la Maison des Arts et Loisirs Salle Guy SABATIER Place Gisèle Aubry.<br />
Réservations 06 48 26 36 38 ou 03 23 20 19 89 &#8211; comedialaon@orange.fr &#8211; Entrée 10 €</p>
<p>Le vendredi 26 juin 2015 à 20H45 à LAON Salle de Spectacle à côté de la Maison de Retraite Départementale Route de La Fère.<br />
Réservations 06 48 26 36 38 ou 03 23 20 19 89 &#8211; comedialaon@orange.fr &#8211; Entrée 10 €</p>

<p>(les informations ci-dessous seront actualisées au fil de l&rsquo;eau) Calendrier mis à jour le 08/03/2015 “JE VEUX VOIR MIOUSSOV” : Le dimanche 8 février 2015 à 15H30 à SISSONNE à la Salle des Fêtes Rue du Maréchal de Lattre de Tassigny. Réservations 06 48 26 36 38 ou 03 23 20 19 89 &#8211; comedialaon@orange.fr</p>
<p><a class="excerpt-more blog-excerpt" href="https://comedialaon.fr/?page_id=630">Lire la suite</a></p>

<!-- This site is optimized with the Yoast SEO plugin v27.5 - https://yoast.com/product/yoast-seo-wordpress/ -->
<title>NOS DATES DE REPRÉSENTATIONS POUR 2015 &#8226; Comédia Laon</title>
<meta name="robots" content="index, follow, max-snippet:-1, max-image-preview:large, max-video-preview:-1" />
<link rel="canonical" href="https://comedialaon.fr/?page_id=630" />
<meta property="og:locale" content="fr_FR" />
<meta property="og:type" content="article" />
<meta property="og:title" content="NOS DATES DE REPRÉSENTATIONS POUR 2015 &#8226; Comédia Laon" />
<meta property="og:description" content="(les informations ci-dessous seront actualisées au fil de l&rsquo;eau) Calendrier mis à jour le 08/03/2015 “JE VEUX VOIR MIOUSSOV” : Le dimanche 8 février 2015 à 15H30 à SISSONNE à la Salle des Fêtes Rue du Maréchal de Lattre de Tassigny. Réservations 06 48 26 36 38 ou 03 23 20 19 89 &#8211; comedialaon@orange.frLire la suite" />
<meta property="og:url" content="https://comedialaon.fr/?page_id=630" />
<meta property="og:site_name" content="Comédia Laon" />
<meta property="article:publisher" content="https://www.facebook.com/profile.php?id=100008459438996" />
<meta property="article:modified_time" content="2021-07-15T13:04:14+00:00" />
<meta name="twitter:label1" content="Durée de lecture estimée" />
	<meta name="twitter:data1" content="1 minute" />
<script type="application/ld+json" class="yoast-schema-graph">{"@context":"https:\/\/schema.org","@graph":[{"@type":"WebPage","@id":"https:\/\/comedialaon.fr\/?page_id=630","url":"https:\/\/comedialaon.fr\/?page_id=630","name":"NOS DATES DE REPRÉSENTATIONS POUR 2015 &#8226; Comédia Laon","isPartOf":{"@id":"https:\/\/comedialaon.fr\/#website"},"datePublished":"2015-02-25T18:36:40+00:00","dateModified":"2021-07-15T13:04:14+00:00","breadcrumb":{"@id":"https:\/\/comedialaon.fr\/?page_id=630#breadcrumb"},"inLanguage":"fr-FR","potentialAction":[{"@type":"ReadAction","target":["https:\/\/comedialaon.fr\/?page_id=630"]}]},{"@type":"BreadcrumbList","@id":"https:\/\/comedialaon.fr\/?page_id=630#breadcrumb","itemListElement":[{"@type":"ListItem","position":1,"name":"Accueil","item":"https:\/\/comedialaon.fr\/"},{"@type":"ListItem","position":2,"name":"NOS DATES DE REPRÉSENTATIONS POUR 2015"}]},{"@type":"WebSite","@id":"https:\/\/comedialaon.fr\/#website","url":"https:\/\/comedialaon.fr\/","name":"Comédia Laon","description":"Prendre et donner du PLAISIR ... !!! ;-)","publisher":{"@id":"https:\/\/comedialaon.fr\/#organization"},"potentialAction":[{"@type":"SearchAction","target":{"@type":"EntryPoint","urlTemplate":"https:\/\/comedialaon.fr\/?s={search_term_string}"},"query-input":{"@type":"PropertyValueSpecification","valueRequired":true,"valueName":"search_term_string"}}],"inLanguage":"fr-FR"},{"@type":"Organization","@id":"https:\/\/comedialaon.fr\/#organization","name":"Comédia Laon","url":"https:\/\/comedialaon.fr\/","logo":{"@type":"ImageObject","inLanguage":"fr-FR","@id":"https:\/\/comedialaon.fr\/#\/schema\/logo\/image\/","url":"https:\/\/comedialaon.fr\/wp-content\/uploads\/2019\/02\/LOGO-CL-et-OL.jpg","contentUrl":"https:\/\/comedialaon.fr\/wp-content\/uploads\/2019\/02\/LOGO-CL-et-OL.jpg","width":756,"height":210,"caption":"Comédia Laon"},"image":{"@id":"https:\/\/comedialaon.fr\/#\/schema\/logo\/image\/"},"sameAs":["https:\/\/www.facebook.com\/profile.php?id=100008459438996","https:\/\/www.youtube.com\/results?search_query=comedia laon"]}]}</script>
<!-- / Yoast SEO plugin. -->

NOS DATES DE REPRÉSENTATIONS POUR 2015 &#8226; Comédia Laon

(les informations ci-dessous seront actualisées au fil de l&rsquo;eau) Calendrier mis à jour le 08/03/2015 “JE VEUX VOIR MIOUSSOV” : Le dimanche 8 février 2015 à 15H30 à SISSONNE à la Salle des Fêtes Rue du Maréchal de Lattre de Tassigny. Réservations 06 48 26 36 38 ou 03 23 20 19 89 &#8211; comedialaon@orange.frLire la suite

Comédia Laon
