{"id":4377,"date":"2021-07-15T13:55:58","date_gmt":"2021-07-15T11:55:58","guid":{"rendered":"https:\/\/comedialaon.fr\/?page_id=4377"},"modified":"2021-07-15T13:55:58","modified_gmt":"2021-07-15T11:55:58","slug":"nos-dates-de-representations-pour-2016","status":"publish","type":"page","link":"https:\/\/comedialaon.fr\/?page_id=4377","title":{"rendered":"NOS DATES DE REPR\u00c9SENTATIONS POUR 2016"},"content":{"rendered":"<p>(les informations ci-dessous seront actualis\u00e9es au fil de l&rsquo;eau)<br \/>\nCalendrier mis \u00e0 jour le 06\/06\/2016<\/p>\n<p><a href=\"https:\/\/comedialaon.fr\/?page_id=934\" title=\"\u201cTOUT BASCULE\u201d :\">\u201cTOUT BASCULE\u201d :<\/a><\/p>\n<p>Le dimanche 21 f\u00e9vrier 2016 \u00e0 15H00 \u00e0 LAON Salle de Spectacle \u00e0 c\u00f4t\u00e9 de la Maison de Retraite D\u00e9partementale Route de La F\u00e8re.<br \/>\nR\u00e9servations 03 23 20 19 89 ou 03 23 79 63 13 ou comedialaon@orange.fr &#8211; Entr\u00e9e 10 \u20ac<\/p>\n<p>Le dimanche 28 f\u00e9vrier 2016 \u00e0 15H00 \u00e0 PINON \u00e0 la Salle des F\u00eates Place Charles de Gaulle.<br \/>\nR\u00e9servations 03 23 80 11 08 &#8211; Tarif entr\u00e9e voir Mairie de PINON<\/p>\n<p>Le dimanche 20 mars 2016 \u00e0 15H00 \u00e0 SISSONNE \u00e0 la Salle des F\u00eates Rue du Mar\u00e9chal de Lattre de Tassigny.<br \/>\nR\u00e9servations 03 23 20 19 89 ou 03 23 79 63 13 ou comedialaon@orange.fr &#8211; Entr\u00e9e 10 \u20ac<\/p>\n<p>Le dimanche 3 avril 2016 \u00e0 17H30 \u00e0 VERVINS au Cin\u00e9ma Piccoli-Piccolo.<br \/>\nR\u00e9servations 03 23 98 00 30 &#8211; Tarif entr\u00e9e voir Mairie de VERVINS<\/p>\n<p>Le samedi 28 mai 2016 \u00e0 20H30 \u00e0 CR\u00c9CY SUR SERRE Salle des f\u00eates Rue du Clos Gourmont.<br \/>\nR\u00e9servations Madame BRANCOURT 09.61.21.95.91<\/p>\n<p>Le vendredi 24 juin 2016 \u00e0 20H45 \u00e0 LAON \u00e0 la Maison des Arts et Loisirs Salle Guy SABATIER Place Gis\u00e8le Aubry.<br \/>\nR\u00e9servations 03 23 20 19 89 ou 03 23 79 63 13 ou comedialaon@orange.fr &#8211; Entr\u00e9e 10 \u20ac<\/p>\n<p>Le samedi 24 septembre 2016 \u00e0 20H30 \u00e0 FISMES(51) \u00e0 la Spirale.<br \/>\nR\u00e9servations 03.26.48.81.28 ou office.fismes@wanadoo.fr<\/p>\n","protected":false},"excerpt":{"rendered":"<p>(les informations ci-dessous seront actualis\u00e9es au fil de l&rsquo;eau) Calendrier mis \u00e0 jour le 06\/06\/2016 \u201cTOUT BASCULE\u201d : Le dimanche 21 f\u00e9vrier 2016 \u00e0 15H00 \u00e0 LAON Salle de Spectacle \u00e0 c\u00f4t\u00e9 de la Maison de Retraite D\u00e9partementale Route de La F\u00e8re. R\u00e9servations 03 23 20 19 89 ou 03 23 79 63 13 ou<\/p>\n<p><a class=\"excerpt-more blog-excerpt\" href=\"https:\/\/comedialaon.fr\/?page_id=4377\">Lire la suite<\/a><\/p>\n","protected":false},"author":1,"featured_media":0,"parent":0,"menu_order":0,"comment_status":"closed","ping_status":"closed","template":"","meta":{"footnotes":""},"class_list":["post-4377","page","type-page","status-publish","hentry"],"yoast_head":"<!-- This site is optimized with the Yoast SEO plugin v27.5 - https:\/\/yoast.com\/product\/yoast-seo-wordpress\/ -->\n<title>NOS DATES DE REPR\u00c9SENTATIONS POUR 2016 &#8226; Com\u00e9dia Laon<\/title>\n<meta name=\"robots\" content=\"index, follow, max-snippet:-1, max-image-preview:large, max-video-preview:-1\" \/>\n<link rel=\"canonical\" href=\"https:\/\/comedialaon.fr\/?page_id=4377\" \/>\n<meta property=\"og:locale\" content=\"fr_FR\" \/>\n<meta property=\"og:type\" content=\"article\" \/>\n<meta property=\"og:title\" content=\"NOS DATES DE REPR\u00c9SENTATIONS POUR 2016 &#8226; Com\u00e9dia Laon\" \/>\n<meta property=\"og:description\" content=\"(les informations ci-dessous seront actualis\u00e9es au fil de l&rsquo;eau) Calendrier mis \u00e0 jour le 06\/06\/2016 \u201cTOUT BASCULE\u201d : Le dimanche 21 f\u00e9vrier 2016 \u00e0 15H00 \u00e0 LAON Salle de Spectacle \u00e0 c\u00f4t\u00e9 de la Maison de Retraite D\u00e9partementale Route de La F\u00e8re. R\u00e9servations 03 23 20 19 89 ou 03 23 79 63 13 ouLire la suite\" \/>\n<meta property=\"og:url\" content=\"https:\/\/comedialaon.fr\/?page_id=4377\" \/>\n<meta property=\"og:site_name\" content=\"Com\u00e9dia Laon\" \/>\n<meta property=\"article:publisher\" content=\"https:\/\/www.facebook.com\/profile.php?id=100008459438996\" \/>\n<meta name=\"twitter:label1\" content=\"Dur\u00e9e de lecture estim\u00e9e\" \/>\n\t<meta name=\"twitter:data1\" content=\"1 minute\" \/>\n<script type=\"application\/ld+json\" class=\"yoast-schema-graph\">{\"@context\":\"https:\\\/\\\/schema.org\",\"@graph\":[{\"@type\":\"WebPage\",\"@id\":\"https:\\\/\\\/comedialaon.fr\\\/?page_id=4377\",\"url\":\"https:\\\/\\\/comedialaon.fr\\\/?page_id=4377\",\"name\":\"NOS DATES DE REPR\u00c9SENTATIONS POUR 2016 &#8226; Com\u00e9dia Laon\",\"isPartOf\":{\"@id\":\"https:\\\/\\\/comedialaon.fr\\\/#website\"},\"datePublished\":\"2021-07-15T11:55:58+00:00\",\"breadcrumb\":{\"@id\":\"https:\\\/\\\/comedialaon.fr\\\/?page_id=4377#breadcrumb\"},\"inLanguage\":\"fr-FR\",\"potentialAction\":[{\"@type\":\"ReadAction\",\"target\":[\"https:\\\/\\\/comedialaon.fr\\\/?page_id=4377\"]}]},{\"@type\":\"BreadcrumbList\",\"@id\":\"https:\\\/\\\/comedialaon.fr\\\/?page_id=4377#breadcrumb\",\"itemListElement\":[{\"@type\":\"ListItem\",\"position\":1,\"name\":\"Accueil\",\"item\":\"https:\\\/\\\/comedialaon.fr\\\/\"},{\"@type\":\"ListItem\",\"position\":2,\"name\":\"NOS DATES DE REPR\u00c9SENTATIONS POUR 2016\"}]},{\"@type\":\"WebSite\",\"@id\":\"https:\\\/\\\/comedialaon.fr\\\/#website\",\"url\":\"https:\\\/\\\/comedialaon.fr\\\/\",\"name\":\"Com\u00e9dia Laon\",\"description\":\"Prendre et donner du PLAISIR ... !!! ;-)\",\"publisher\":{\"@id\":\"https:\\\/\\\/comedialaon.fr\\\/#organization\"},\"potentialAction\":[{\"@type\":\"SearchAction\",\"target\":{\"@type\":\"EntryPoint\",\"urlTemplate\":\"https:\\\/\\\/comedialaon.fr\\\/?s={search_term_string}\"},\"query-input\":{\"@type\":\"PropertyValueSpecification\",\"valueRequired\":true,\"valueName\":\"search_term_string\"}}],\"inLanguage\":\"fr-FR\"},{\"@type\":\"Organization\",\"@id\":\"https:\\\/\\\/comedialaon.fr\\\/#organization\",\"name\":\"Com\u00e9dia Laon\",\"url\":\"https:\\\/\\\/comedialaon.fr\\\/\",\"logo\":{\"@type\":\"ImageObject\",\"inLanguage\":\"fr-FR\",\"@id\":\"https:\\\/\\\/comedialaon.fr\\\/#\\\/schema\\\/logo\\\/image\\\/\",\"url\":\"https:\\\/\\\/comedialaon.fr\\\/wp-content\\\/uploads\\\/2019\\\/02\\\/LOGO-CL-et-OL.jpg\",\"contentUrl\":\"https:\\\/\\\/comedialaon.fr\\\/wp-content\\\/uploads\\\/2019\\\/02\\\/LOGO-CL-et-OL.jpg\",\"width\":756,\"height\":210,\"caption\":\"Com\u00e9dia Laon\"},\"image\":{\"@id\":\"https:\\\/\\\/comedialaon.fr\\\/#\\\/schema\\\/logo\\\/image\\\/\"},\"sameAs\":[\"https:\\\/\\\/www.facebook.com\\\/profile.php?id=100008459438996\",\"https:\\\/\\\/www.youtube.com\\\/results?search_query=comedia laon\"]}]}<\/script>\n<!-- \/ Yoast SEO plugin. -->","yoast_head_json":{"title":"NOS DATES DE REPR\u00c9SENTATIONS POUR 2016 &#8226; Com\u00e9dia Laon","robots":{"index":"index","follow":"follow","max-snippet":"max-snippet:-1","max-image-preview":"max-image-preview:large","max-video-preview":"max-video-preview:-1"},"canonical":"https:\/\/comedialaon.fr\/?page_id=4377","og_locale":"fr_FR","og_type":"article","og_title":"NOS DATES DE REPR\u00c9SENTATIONS POUR 2016 &#8226; Com\u00e9dia Laon","og_description":"(les informations ci-dessous seront actualis\u00e9es au fil de l&rsquo;eau) Calendrier mis \u00e0 jour le 06\/06\/2016 \u201cTOUT BASCULE\u201d : Le dimanche 21 f\u00e9vrier 2016 \u00e0 15H00 \u00e0 LAON Salle de Spectacle \u00e0 c\u00f4t\u00e9 de la Maison de Retraite D\u00e9partementale Route de La F\u00e8re. R\u00e9servations 03 23 20 19 89 ou 03 23 79 63 13 ouLire la suite","og_url":"https:\/\/comedialaon.fr\/?page_id=4377","og_site_name":"Com\u00e9dia Laon","article_publisher":"https:\/\/www.facebook.com\/profile.php?id=100008459438996","twitter_misc":{"Dur\u00e9e de lecture estim\u00e9e":"1 minute"},"schema":{"@context":"https:\/\/schema.org","@graph":[{"@type":"WebPage","@id":"https:\/\/comedialaon.fr\/?page_id=4377","url":"https:\/\/comedialaon.fr\/?page_id=4377","name":"NOS DATES DE REPR\u00c9SENTATIONS POUR 2016 &#8226; Com\u00e9dia Laon","isPartOf":{"@id":"https:\/\/comedialaon.fr\/#website"},"datePublished":"2021-07-15T11:55:58+00:00","breadcrumb":{"@id":"https:\/\/comedialaon.fr\/?page_id=4377#breadcrumb"},"inLanguage":"fr-FR","potentialAction":[{"@type":"ReadAction","target":["https:\/\/comedialaon.fr\/?page_id=4377"]}]},{"@type":"BreadcrumbList","@id":"https:\/\/comedialaon.fr\/?page_id=4377#breadcrumb","itemListElement":[{"@type":"ListItem","position":1,"name":"Accueil","item":"https:\/\/comedialaon.fr\/"},{"@type":"ListItem","position":2,"name":"NOS DATES DE REPR\u00c9SENTATIONS POUR 2016"}]},{"@type":"WebSite","@id":"https:\/\/comedialaon.fr\/#website","url":"https:\/\/comedialaon.fr\/","name":"Com\u00e9dia Laon","description":"Prendre et donner du PLAISIR ... !!! ;-)","publisher":{"@id":"https:\/\/comedialaon.fr\/#organization"},"potentialAction":[{"@type":"SearchAction","target":{"@type":"EntryPoint","urlTemplate":"https:\/\/comedialaon.fr\/?s={search_term_string}"},"query-input":{"@type":"PropertyValueSpecification","valueRequired":true,"valueName":"search_term_string"}}],"inLanguage":"fr-FR"},{"@type":"Organization","@id":"https:\/\/comedialaon.fr\/#organization","name":"Com\u00e9dia Laon","url":"https:\/\/comedialaon.fr\/","logo":{"@type":"ImageObject","inLanguage":"fr-FR","@id":"https:\/\/comedialaon.fr\/#\/schema\/logo\/image\/","url":"https:\/\/comedialaon.fr\/wp-content\/uploads\/2019\/02\/LOGO-CL-et-OL.jpg","contentUrl":"https:\/\/comedialaon.fr\/wp-content\/uploads\/2019\/02\/LOGO-CL-et-OL.jpg","width":756,"height":210,"caption":"Com\u00e9dia Laon"},"image":{"@id":"https:\/\/comedialaon.fr\/#\/schema\/logo\/image\/"},"sameAs":["https:\/\/www.facebook.com\/profile.php?id=100008459438996","https:\/\/www.youtube.com\/results?search_query=comedia laon"]}]}},"_links":{"self":[{"href":"https:\/\/comedialaon.fr\/index.php?rest_route=\/wp\/v2\/pages\/4377","targetHints":{"allow":["GET"]}}],"collection":[{"href":"https:\/\/comedialaon.fr\/index.php?rest_route=\/wp\/v2\/pages"}],"about":[{"href":"https:\/\/comedialaon.fr\/index.php?rest_route=\/wp\/v2\/types\/page"}],"author":[{"embeddable":true,"href":"https:\/\/comedialaon.fr\/index.php?rest_route=\/wp\/v2\/users\/1"}],"replies":[{"embeddable":true,"href":"https:\/\/comedialaon.fr\/index.php?rest_route=%2Fwp%2Fv2%2Fcomments&post=4377"}],"version-history":[{"count":2,"href":"https:\/\/comedialaon.fr\/index.php?rest_route=\/wp\/v2\/pages\/4377\/revisions"}],"predecessor-version":[{"id":4379,"href":"https:\/\/comedialaon.fr\/index.php?rest_route=\/wp\/v2\/pages\/4377\/revisions\/4379"}],"wp:attachment":[{"href":"https:\/\/comedialaon.fr\/index.php?rest_route=%2Fwp%2Fv2%2Fmedia&parent=4377"}],"curies":[{"name":"wp","href":"https:\/\/api.w.org\/{rel}","templated":true}]}}

NOS DATES DE REPRÉSENTATIONS POUR 2016

<p>(les informations ci-dessous seront actualisées au fil de l&rsquo;eau)<br />
Calendrier mis à jour le 06/06/2016</p>
<p><a href="https://comedialaon.fr/?page_id=934" title="“TOUT BASCULE” :">“TOUT BASCULE” :</a></p>
<p>Le dimanche 21 février 2016 à 15H00 à LAON Salle de Spectacle à côté de la Maison de Retraite Départementale Route de La Fère.<br />
Réservations 03 23 20 19 89 ou 03 23 79 63 13 ou comedialaon@orange.fr &#8211; Entrée 10 €</p>
<p>Le dimanche 28 février 2016 à 15H00 à PINON à la Salle des Fêtes Place Charles de Gaulle.<br />
Réservations 03 23 80 11 08 &#8211; Tarif entrée voir Mairie de PINON</p>
<p>Le dimanche 20 mars 2016 à 15H00 à SISSONNE à la Salle des Fêtes Rue du Maréchal de Lattre de Tassigny.<br />
Réservations 03 23 20 19 89 ou 03 23 79 63 13 ou comedialaon@orange.fr &#8211; Entrée 10 €</p>
<p>Le dimanche 3 avril 2016 à 17H30 à VERVINS au Cinéma Piccoli-Piccolo.<br />
Réservations 03 23 98 00 30 &#8211; Tarif entrée voir Mairie de VERVINS</p>
<p>Le samedi 28 mai 2016 à 20H30 à CRÉCY SUR SERRE Salle des fêtes Rue du Clos Gourmont.<br />
Réservations Madame BRANCOURT 09.61.21.95.91</p>
<p>Le vendredi 24 juin 2016 à 20H45 à LAON à la Maison des Arts et Loisirs Salle Guy SABATIER Place Gisèle Aubry.<br />
Réservations 03 23 20 19 89 ou 03 23 79 63 13 ou comedialaon@orange.fr &#8211; Entrée 10 €</p>
<p>Le samedi 24 septembre 2016 à 20H30 à FISMES(51) à la Spirale.<br />
Réservations 03.26.48.81.28 ou office.fismes@wanadoo.fr</p>

<p>(les informations ci-dessous seront actualisées au fil de l&rsquo;eau) Calendrier mis à jour le 06/06/2016 “TOUT BASCULE” : Le dimanche 21 février 2016 à 15H00 à LAON Salle de Spectacle à côté de la Maison de Retraite Départementale Route de La Fère. Réservations 03 23 20 19 89 ou 03 23 79 63 13 ou</p>
<p><a class="excerpt-more blog-excerpt" href="https://comedialaon.fr/?page_id=4377">Lire la suite</a></p>

<!-- This site is optimized with the Yoast SEO plugin v27.5 - https://yoast.com/product/yoast-seo-wordpress/ -->
<title>NOS DATES DE REPRÉSENTATIONS POUR 2016 &#8226; Comédia Laon</title>
<meta name="robots" content="index, follow, max-snippet:-1, max-image-preview:large, max-video-preview:-1" />
<link rel="canonical" href="https://comedialaon.fr/?page_id=4377" />
<meta property="og:locale" content="fr_FR" />
<meta property="og:type" content="article" />
<meta property="og:title" content="NOS DATES DE REPRÉSENTATIONS POUR 2016 &#8226; Comédia Laon" />
<meta property="og:description" content="(les informations ci-dessous seront actualisées au fil de l&rsquo;eau) Calendrier mis à jour le 06/06/2016 “TOUT BASCULE” : Le dimanche 21 février 2016 à 15H00 à LAON Salle de Spectacle à côté de la Maison de Retraite Départementale Route de La Fère. Réservations 03 23 20 19 89 ou 03 23 79 63 13 ouLire la suite" />
<meta property="og:url" content="https://comedialaon.fr/?page_id=4377" />
<meta property="og:site_name" content="Comédia Laon" />
<meta property="article:publisher" content="https://www.facebook.com/profile.php?id=100008459438996" />
<meta name="twitter:label1" content="Durée de lecture estimée" />
	<meta name="twitter:data1" content="1 minute" />
<script type="application/ld+json" class="yoast-schema-graph">{"@context":"https:\/\/schema.org","@graph":[{"@type":"WebPage","@id":"https:\/\/comedialaon.fr\/?page_id=4377","url":"https:\/\/comedialaon.fr\/?page_id=4377","name":"NOS DATES DE REPRÉSENTATIONS POUR 2016 &#8226; Comédia Laon","isPartOf":{"@id":"https:\/\/comedialaon.fr\/#website"},"datePublished":"2021-07-15T11:55:58+00:00","breadcrumb":{"@id":"https:\/\/comedialaon.fr\/?page_id=4377#breadcrumb"},"inLanguage":"fr-FR","potentialAction":[{"@type":"ReadAction","target":["https:\/\/comedialaon.fr\/?page_id=4377"]}]},{"@type":"BreadcrumbList","@id":"https:\/\/comedialaon.fr\/?page_id=4377#breadcrumb","itemListElement":[{"@type":"ListItem","position":1,"name":"Accueil","item":"https:\/\/comedialaon.fr\/"},{"@type":"ListItem","position":2,"name":"NOS DATES DE REPRÉSENTATIONS POUR 2016"}]},{"@type":"WebSite","@id":"https:\/\/comedialaon.fr\/#website","url":"https:\/\/comedialaon.fr\/","name":"Comédia Laon","description":"Prendre et donner du PLAISIR ... !!! ;-)","publisher":{"@id":"https:\/\/comedialaon.fr\/#organization"},"potentialAction":[{"@type":"SearchAction","target":{"@type":"EntryPoint","urlTemplate":"https:\/\/comedialaon.fr\/?s={search_term_string}"},"query-input":{"@type":"PropertyValueSpecification","valueRequired":true,"valueName":"search_term_string"}}],"inLanguage":"fr-FR"},{"@type":"Organization","@id":"https:\/\/comedialaon.fr\/#organization","name":"Comédia Laon","url":"https:\/\/comedialaon.fr\/","logo":{"@type":"ImageObject","inLanguage":"fr-FR","@id":"https:\/\/comedialaon.fr\/#\/schema\/logo\/image\/","url":"https:\/\/comedialaon.fr\/wp-content\/uploads\/2019\/02\/LOGO-CL-et-OL.jpg","contentUrl":"https:\/\/comedialaon.fr\/wp-content\/uploads\/2019\/02\/LOGO-CL-et-OL.jpg","width":756,"height":210,"caption":"Comédia Laon"},"image":{"@id":"https:\/\/comedialaon.fr\/#\/schema\/logo\/image\/"},"sameAs":["https:\/\/www.facebook.com\/profile.php?id=100008459438996","https:\/\/www.youtube.com\/results?search_query=comedia laon"]}]}</script>
<!-- / Yoast SEO plugin. -->

NOS DATES DE REPRÉSENTATIONS POUR 2016 &#8226; Comédia Laon

(les informations ci-dessous seront actualisées au fil de l&rsquo;eau) Calendrier mis à jour le 06/06/2016 “TOUT BASCULE” : Le dimanche 21 février 2016 à 15H00 à LAON Salle de Spectacle à côté de la Maison de Retraite Départementale Route de La Fère. Réservations 03 23 20 19 89 ou 03 23 79 63 13 ouLire la suite

Comédia Laon
