{"id":4086,"date":"2021-06-25T13:57:41","date_gmt":"2021-06-25T11:57:41","guid":{"rendered":"https:\/\/comedialaon.fr\/?page_id=4086"},"modified":"2023-02-02T10:01:29","modified_gmt":"2023-02-02T08:01:29","slug":"nos-dates-de-representations-pour-2022","status":"publish","type":"page","link":"https:\/\/comedialaon.fr\/?page_id=4086","title":{"rendered":"NOS DATES DE REPR\u00c9SENTATIONS POUR 2022"},"content":{"rendered":"<p>Voici les dates de repr\u00e9sentations de notre prochaine pi\u00e8ce : <a href=\"https:\/\/comedialaon.fr\/?page_id=3917\" title=\"\u201cPOURQUOI MOI?!\u201d\">\u201cPOURQUOI MOI?!\u201d<\/a> d&rsquo;<a href=\"https:\/\/www.olivierlejeune.fr\/cms\/pourquoi-moi-e\" title=\"Olivier LEJEUNE\">Olivier LEJEUNE<\/a><\/p>\n<p>(Les informations ci-dessous seront actualis\u00e9es au fil de l&rsquo;eau)<\/p>\n<p><u><big>Calendrier mis \u00e0 jour le 25\/03\/2022<\/big><\/u><\/p>\n<p><u><big>Le dimanche 30 janvier 2022<\/big><\/u> \u00e0 15H00 \u00e0 MONS EN LAONNOIS \u00e0 la Salle du Stade Rue du Clos Piot.<br \/>\nInvitation par notre ami G\u00e9rard et l&rsquo;\u00e9quipe du T\u00e9l\u00e9thon pour une R\u00e9p\u00e9tition G\u00e9n\u00e9rale <u><big>au profit du T\u00c9L\u00c9THON<\/big><\/u>.<\/p>\n<p><u><big>Le dimanche 20 f\u00e9vrier 2022<\/big><\/u> \u00e0 15H00 \u00e0 PINON \u00e0 la Salle des F\u00eates Place Charles de Gaulle.<br \/>\nR\u00e9servations 03 23 80 94 32 &#8211; Tarif entr\u00e9e voir Comit\u00e9 des F\u00eates de PINON<\/p>\n<p><u><big>Le dimanche 27 f\u00e9vrier 2022<\/big><\/u> \u00e0 15H00 \u00e0 LAON au Centre Culturel CAPNO Parking Carrefour Market Rue Fernand Christ.<br \/>\nR\u00e9servations 03 23 20 19 89 ou 03 23 79 63 13 ou comedialaon@orange.fr &#8211; Tarif entr\u00e9e 10 \u20ac<\/p>\n<p><u><big>Le vendredi 18 mars 2022<\/big><\/u> \u00e0 20H30 \u00e0 LAON \u00e0 la Maison des Arts et Loisirs Salle Guy SABATIER Place Gis\u00e8le Aubry.<br \/>\nR\u00e9servations 03 23 20 19 89 ou 03 23 79 63 13 ou comedialaon@orange.fr &#8211; Tarif entr\u00e9e 10 \u20ac<\/p>\n<p><u><big>Le dimanche 3 avril 2022<\/big><\/u> \u00e0 17H30 \u00e0 VERVINS au Cin\u00e9ma Piccoli-Piccolo.<br \/>\nR\u00e9servations 03 23 98 00 30 &#8211; Tarif entr\u00e9e voir Mairie de VERVINS<\/p>\n<p><u><big>Le samedi 23 avril 2022<\/big><\/u> \u00e0 20H30 \u00e0 CHAMBRY au Foyer Culturel G\u00e9rard PHILIPE Rue Jean Jaur\u00e8s.<br \/>\nR\u00e9servations 03 23 79 27 53 &#8211; Tarif entr\u00e9e voir Association du Foyer Culturel G\u00e9rard PHILIPE<\/p>\n<p><u><big>Le samedi 14 mai 2022<\/big><\/u> \u00e0 20H30 \u00e0 LA F\u00c8RE \u00e0 l&rsquo;Espace Drouot.<br \/>\nR\u00e9servations 03 23 56 62 00 &#8211; Entr\u00e9e gratuite<\/p>\n","protected":false},"excerpt":{"rendered":"<p>Voici les dates de repr\u00e9sentations de notre prochaine pi\u00e8ce : \u201cPOURQUOI MOI?!\u201d d&rsquo;Olivier LEJEUNE (Les informations ci-dessous seront actualis\u00e9es au fil de l&rsquo;eau) Calendrier mis \u00e0 jour le 25\/03\/2022 Le dimanche 30 janvier 2022 \u00e0 15H00 \u00e0 MONS EN LAONNOIS \u00e0 la Salle du Stade Rue du Clos Piot. Invitation par notre ami G\u00e9rard et<\/p>\n<p><a class=\"excerpt-more blog-excerpt\" href=\"https:\/\/comedialaon.fr\/?page_id=4086\">Lire la suite<\/a><\/p>\n","protected":false},"author":1,"featured_media":0,"parent":0,"menu_order":0,"comment_status":"closed","ping_status":"closed","template":"","meta":{"footnotes":""},"class_list":["post-4086","page","type-page","status-publish","hentry"],"yoast_head":"<!-- This site is optimized with the Yoast SEO plugin v27.5 - https:\/\/yoast.com\/product\/yoast-seo-wordpress\/ -->\n<title>NOS DATES DE REPR\u00c9SENTATIONS POUR 2022 &#8226; Com\u00e9dia Laon<\/title>\n<meta name=\"robots\" content=\"index, follow, max-snippet:-1, max-image-preview:large, max-video-preview:-1\" \/>\n<link rel=\"canonical\" href=\"https:\/\/comedialaon.fr\/?page_id=4086\" \/>\n<meta property=\"og:locale\" content=\"fr_FR\" \/>\n<meta property=\"og:type\" content=\"article\" \/>\n<meta property=\"og:title\" content=\"NOS DATES DE REPR\u00c9SENTATIONS POUR 2022 &#8226; Com\u00e9dia Laon\" \/>\n<meta property=\"og:description\" content=\"Voici les dates de repr\u00e9sentations de notre prochaine pi\u00e8ce : \u201cPOURQUOI MOI?!\u201d d&rsquo;Olivier LEJEUNE (Les informations ci-dessous seront actualis\u00e9es au fil de l&rsquo;eau) Calendrier mis \u00e0 jour le 25\/03\/2022 Le dimanche 30 janvier 2022 \u00e0 15H00 \u00e0 MONS EN LAONNOIS \u00e0 la Salle du Stade Rue du Clos Piot. Invitation par notre ami G\u00e9rard etLire la suite\" \/>\n<meta property=\"og:url\" content=\"https:\/\/comedialaon.fr\/?page_id=4086\" \/>\n<meta property=\"og:site_name\" content=\"Com\u00e9dia Laon\" \/>\n<meta property=\"article:publisher\" content=\"https:\/\/www.facebook.com\/profile.php?id=100008459438996\" \/>\n<meta property=\"article:modified_time\" content=\"2023-02-02T08:01:29+00:00\" \/>\n<meta name=\"twitter:label1\" content=\"Dur\u00e9e de lecture estim\u00e9e\" \/>\n\t<meta name=\"twitter:data1\" content=\"2 minutes\" \/>\n<script type=\"application\/ld+json\" class=\"yoast-schema-graph\">{\"@context\":\"https:\\\/\\\/schema.org\",\"@graph\":[{\"@type\":\"WebPage\",\"@id\":\"https:\\\/\\\/comedialaon.fr\\\/?page_id=4086\",\"url\":\"https:\\\/\\\/comedialaon.fr\\\/?page_id=4086\",\"name\":\"NOS DATES DE REPR\u00c9SENTATIONS POUR 2022 &#8226; Com\u00e9dia Laon\",\"isPartOf\":{\"@id\":\"https:\\\/\\\/comedialaon.fr\\\/#website\"},\"datePublished\":\"2021-06-25T11:57:41+00:00\",\"dateModified\":\"2023-02-02T08:01:29+00:00\",\"breadcrumb\":{\"@id\":\"https:\\\/\\\/comedialaon.fr\\\/?page_id=4086#breadcrumb\"},\"inLanguage\":\"fr-FR\",\"potentialAction\":[{\"@type\":\"ReadAction\",\"target\":[\"https:\\\/\\\/comedialaon.fr\\\/?page_id=4086\"]}]},{\"@type\":\"BreadcrumbList\",\"@id\":\"https:\\\/\\\/comedialaon.fr\\\/?page_id=4086#breadcrumb\",\"itemListElement\":[{\"@type\":\"ListItem\",\"position\":1,\"name\":\"Accueil\",\"item\":\"https:\\\/\\\/comedialaon.fr\\\/\"},{\"@type\":\"ListItem\",\"position\":2,\"name\":\"NOS DATES DE REPR\u00c9SENTATIONS POUR 2022\"}]},{\"@type\":\"WebSite\",\"@id\":\"https:\\\/\\\/comedialaon.fr\\\/#website\",\"url\":\"https:\\\/\\\/comedialaon.fr\\\/\",\"name\":\"Com\u00e9dia Laon\",\"description\":\"Prendre et donner du PLAISIR ... !!! ;-)\",\"publisher\":{\"@id\":\"https:\\\/\\\/comedialaon.fr\\\/#organization\"},\"potentialAction\":[{\"@type\":\"SearchAction\",\"target\":{\"@type\":\"EntryPoint\",\"urlTemplate\":\"https:\\\/\\\/comedialaon.fr\\\/?s={search_term_string}\"},\"query-input\":{\"@type\":\"PropertyValueSpecification\",\"valueRequired\":true,\"valueName\":\"search_term_string\"}}],\"inLanguage\":\"fr-FR\"},{\"@type\":\"Organization\",\"@id\":\"https:\\\/\\\/comedialaon.fr\\\/#organization\",\"name\":\"Com\u00e9dia Laon\",\"url\":\"https:\\\/\\\/comedialaon.fr\\\/\",\"logo\":{\"@type\":\"ImageObject\",\"inLanguage\":\"fr-FR\",\"@id\":\"https:\\\/\\\/comedialaon.fr\\\/#\\\/schema\\\/logo\\\/image\\\/\",\"url\":\"https:\\\/\\\/comedialaon.fr\\\/wp-content\\\/uploads\\\/2019\\\/02\\\/LOGO-CL-et-OL.jpg\",\"contentUrl\":\"https:\\\/\\\/comedialaon.fr\\\/wp-content\\\/uploads\\\/2019\\\/02\\\/LOGO-CL-et-OL.jpg\",\"width\":756,\"height\":210,\"caption\":\"Com\u00e9dia Laon\"},\"image\":{\"@id\":\"https:\\\/\\\/comedialaon.fr\\\/#\\\/schema\\\/logo\\\/image\\\/\"},\"sameAs\":[\"https:\\\/\\\/www.facebook.com\\\/profile.php?id=100008459438996\",\"https:\\\/\\\/www.youtube.com\\\/results?search_query=comedia laon\"]}]}<\/script>\n<!-- \/ Yoast SEO plugin. -->","yoast_head_json":{"title":"NOS DATES DE REPR\u00c9SENTATIONS POUR 2022 &#8226; Com\u00e9dia Laon","robots":{"index":"index","follow":"follow","max-snippet":"max-snippet:-1","max-image-preview":"max-image-preview:large","max-video-preview":"max-video-preview:-1"},"canonical":"https:\/\/comedialaon.fr\/?page_id=4086","og_locale":"fr_FR","og_type":"article","og_title":"NOS DATES DE REPR\u00c9SENTATIONS POUR 2022 &#8226; Com\u00e9dia Laon","og_description":"Voici les dates de repr\u00e9sentations de notre prochaine pi\u00e8ce : \u201cPOURQUOI MOI?!\u201d d&rsquo;Olivier LEJEUNE (Les informations ci-dessous seront actualis\u00e9es au fil de l&rsquo;eau) Calendrier mis \u00e0 jour le 25\/03\/2022 Le dimanche 30 janvier 2022 \u00e0 15H00 \u00e0 MONS EN LAONNOIS \u00e0 la Salle du Stade Rue du Clos Piot. Invitation par notre ami G\u00e9rard etLire la suite","og_url":"https:\/\/comedialaon.fr\/?page_id=4086","og_site_name":"Com\u00e9dia Laon","article_publisher":"https:\/\/www.facebook.com\/profile.php?id=100008459438996","article_modified_time":"2023-02-02T08:01:29+00:00","twitter_misc":{"Dur\u00e9e de lecture estim\u00e9e":"2 minutes"},"schema":{"@context":"https:\/\/schema.org","@graph":[{"@type":"WebPage","@id":"https:\/\/comedialaon.fr\/?page_id=4086","url":"https:\/\/comedialaon.fr\/?page_id=4086","name":"NOS DATES DE REPR\u00c9SENTATIONS POUR 2022 &#8226; Com\u00e9dia Laon","isPartOf":{"@id":"https:\/\/comedialaon.fr\/#website"},"datePublished":"2021-06-25T11:57:41+00:00","dateModified":"2023-02-02T08:01:29+00:00","breadcrumb":{"@id":"https:\/\/comedialaon.fr\/?page_id=4086#breadcrumb"},"inLanguage":"fr-FR","potentialAction":[{"@type":"ReadAction","target":["https:\/\/comedialaon.fr\/?page_id=4086"]}]},{"@type":"BreadcrumbList","@id":"https:\/\/comedialaon.fr\/?page_id=4086#breadcrumb","itemListElement":[{"@type":"ListItem","position":1,"name":"Accueil","item":"https:\/\/comedialaon.fr\/"},{"@type":"ListItem","position":2,"name":"NOS DATES DE REPR\u00c9SENTATIONS POUR 2022"}]},{"@type":"WebSite","@id":"https:\/\/comedialaon.fr\/#website","url":"https:\/\/comedialaon.fr\/","name":"Com\u00e9dia Laon","description":"Prendre et donner du PLAISIR ... !!! ;-)","publisher":{"@id":"https:\/\/comedialaon.fr\/#organization"},"potentialAction":[{"@type":"SearchAction","target":{"@type":"EntryPoint","urlTemplate":"https:\/\/comedialaon.fr\/?s={search_term_string}"},"query-input":{"@type":"PropertyValueSpecification","valueRequired":true,"valueName":"search_term_string"}}],"inLanguage":"fr-FR"},{"@type":"Organization","@id":"https:\/\/comedialaon.fr\/#organization","name":"Com\u00e9dia Laon","url":"https:\/\/comedialaon.fr\/","logo":{"@type":"ImageObject","inLanguage":"fr-FR","@id":"https:\/\/comedialaon.fr\/#\/schema\/logo\/image\/","url":"https:\/\/comedialaon.fr\/wp-content\/uploads\/2019\/02\/LOGO-CL-et-OL.jpg","contentUrl":"https:\/\/comedialaon.fr\/wp-content\/uploads\/2019\/02\/LOGO-CL-et-OL.jpg","width":756,"height":210,"caption":"Com\u00e9dia Laon"},"image":{"@id":"https:\/\/comedialaon.fr\/#\/schema\/logo\/image\/"},"sameAs":["https:\/\/www.facebook.com\/profile.php?id=100008459438996","https:\/\/www.youtube.com\/results?search_query=comedia laon"]}]}},"_links":{"self":[{"href":"https:\/\/comedialaon.fr\/index.php?rest_route=\/wp\/v2\/pages\/4086","targetHints":{"allow":["GET"]}}],"collection":[{"href":"https:\/\/comedialaon.fr\/index.php?rest_route=\/wp\/v2\/pages"}],"about":[{"href":"https:\/\/comedialaon.fr\/index.php?rest_route=\/wp\/v2\/types\/page"}],"author":[{"embeddable":true,"href":"https:\/\/comedialaon.fr\/index.php?rest_route=\/wp\/v2\/users\/1"}],"replies":[{"embeddable":true,"href":"https:\/\/comedialaon.fr\/index.php?rest_route=%2Fwp%2Fv2%2Fcomments&post=4086"}],"version-history":[{"count":11,"href":"https:\/\/comedialaon.fr\/index.php?rest_route=\/wp\/v2\/pages\/4086\/revisions"}],"predecessor-version":[{"id":8306,"href":"https:\/\/comedialaon.fr\/index.php?rest_route=\/wp\/v2\/pages\/4086\/revisions\/8306"}],"wp:attachment":[{"href":"https:\/\/comedialaon.fr\/index.php?rest_route=%2Fwp%2Fv2%2Fmedia&parent=4086"}],"curies":[{"name":"wp","href":"https:\/\/api.w.org\/{rel}","templated":true}]}}

NOS DATES DE REPRÉSENTATIONS POUR 2022

<p>Voici les dates de représentations de notre prochaine pièce : <a href="https://comedialaon.fr/?page_id=3917" title="“POURQUOI MOI?!”">“POURQUOI MOI?!”</a> d&rsquo;<a href="https://www.olivierlejeune.fr/cms/pourquoi-moi-e" title="Olivier LEJEUNE">Olivier LEJEUNE</a></p>
<p>(Les informations ci-dessous seront actualisées au fil de l&rsquo;eau)</p>
<p><u><big>Calendrier mis à jour le 25/03/2022</big></u></p>
<p><u><big>Le dimanche 30 janvier 2022</big></u> à 15H00 à MONS EN LAONNOIS à la Salle du Stade Rue du Clos Piot.<br />
Invitation par notre ami Gérard et l&rsquo;équipe du Téléthon pour une Répétition Générale <u><big>au profit du TÉLÉTHON</big></u>.</p>
<p><u><big>Le dimanche 20 février 2022</big></u> à 15H00 à PINON à la Salle des Fêtes Place Charles de Gaulle.<br />
Réservations 03 23 80 94 32 &#8211; Tarif entrée voir Comité des Fêtes de PINON</p>
<p><u><big>Le dimanche 27 février 2022</big></u> à 15H00 à LAON au Centre Culturel CAPNO Parking Carrefour Market Rue Fernand Christ.<br />
Réservations 03 23 20 19 89 ou 03 23 79 63 13 ou comedialaon@orange.fr &#8211; Tarif entrée 10 €</p>
<p><u><big>Le vendredi 18 mars 2022</big></u> à 20H30 à LAON à la Maison des Arts et Loisirs Salle Guy SABATIER Place Gisèle Aubry.<br />
Réservations 03 23 20 19 89 ou 03 23 79 63 13 ou comedialaon@orange.fr &#8211; Tarif entrée 10 €</p>
<p><u><big>Le dimanche 3 avril 2022</big></u> à 17H30 à VERVINS au Cinéma Piccoli-Piccolo.<br />
Réservations 03 23 98 00 30 &#8211; Tarif entrée voir Mairie de VERVINS</p>
<p><u><big>Le samedi 23 avril 2022</big></u> à 20H30 à CHAMBRY au Foyer Culturel Gérard PHILIPE Rue Jean Jaurès.<br />
Réservations 03 23 79 27 53 &#8211; Tarif entrée voir Association du Foyer Culturel Gérard PHILIPE</p>
<p><u><big>Le samedi 14 mai 2022</big></u> à 20H30 à LA FÈRE à l&rsquo;Espace Drouot.<br />
Réservations 03 23 56 62 00 &#8211; Entrée gratuite</p>

<p>Voici les dates de représentations de notre prochaine pièce : “POURQUOI MOI?!” d&rsquo;Olivier LEJEUNE (Les informations ci-dessous seront actualisées au fil de l&rsquo;eau) Calendrier mis à jour le 25/03/2022 Le dimanche 30 janvier 2022 à 15H00 à MONS EN LAONNOIS à la Salle du Stade Rue du Clos Piot. Invitation par notre ami Gérard et</p>
<p><a class="excerpt-more blog-excerpt" href="https://comedialaon.fr/?page_id=4086">Lire la suite</a></p>

<!-- This site is optimized with the Yoast SEO plugin v27.5 - https://yoast.com/product/yoast-seo-wordpress/ -->
<title>NOS DATES DE REPRÉSENTATIONS POUR 2022 &#8226; Comédia Laon</title>
<meta name="robots" content="index, follow, max-snippet:-1, max-image-preview:large, max-video-preview:-1" />
<link rel="canonical" href="https://comedialaon.fr/?page_id=4086" />
<meta property="og:locale" content="fr_FR" />
<meta property="og:type" content="article" />
<meta property="og:title" content="NOS DATES DE REPRÉSENTATIONS POUR 2022 &#8226; Comédia Laon" />
<meta property="og:description" content="Voici les dates de représentations de notre prochaine pièce : “POURQUOI MOI?!” d&rsquo;Olivier LEJEUNE (Les informations ci-dessous seront actualisées au fil de l&rsquo;eau) Calendrier mis à jour le 25/03/2022 Le dimanche 30 janvier 2022 à 15H00 à MONS EN LAONNOIS à la Salle du Stade Rue du Clos Piot. Invitation par notre ami Gérard etLire la suite" />
<meta property="og:url" content="https://comedialaon.fr/?page_id=4086" />
<meta property="og:site_name" content="Comédia Laon" />
<meta property="article:publisher" content="https://www.facebook.com/profile.php?id=100008459438996" />
<meta property="article:modified_time" content="2023-02-02T08:01:29+00:00" />
<meta name="twitter:label1" content="Durée de lecture estimée" />
	<meta name="twitter:data1" content="2 minutes" />
<script type="application/ld+json" class="yoast-schema-graph">{"@context":"https:\/\/schema.org","@graph":[{"@type":"WebPage","@id":"https:\/\/comedialaon.fr\/?page_id=4086","url":"https:\/\/comedialaon.fr\/?page_id=4086","name":"NOS DATES DE REPRÉSENTATIONS POUR 2022 &#8226; Comédia Laon","isPartOf":{"@id":"https:\/\/comedialaon.fr\/#website"},"datePublished":"2021-06-25T11:57:41+00:00","dateModified":"2023-02-02T08:01:29+00:00","breadcrumb":{"@id":"https:\/\/comedialaon.fr\/?page_id=4086#breadcrumb"},"inLanguage":"fr-FR","potentialAction":[{"@type":"ReadAction","target":["https:\/\/comedialaon.fr\/?page_id=4086"]}]},{"@type":"BreadcrumbList","@id":"https:\/\/comedialaon.fr\/?page_id=4086#breadcrumb","itemListElement":[{"@type":"ListItem","position":1,"name":"Accueil","item":"https:\/\/comedialaon.fr\/"},{"@type":"ListItem","position":2,"name":"NOS DATES DE REPRÉSENTATIONS POUR 2022"}]},{"@type":"WebSite","@id":"https:\/\/comedialaon.fr\/#website","url":"https:\/\/comedialaon.fr\/","name":"Comédia Laon","description":"Prendre et donner du PLAISIR ... !!! ;-)","publisher":{"@id":"https:\/\/comedialaon.fr\/#organization"},"potentialAction":[{"@type":"SearchAction","target":{"@type":"EntryPoint","urlTemplate":"https:\/\/comedialaon.fr\/?s={search_term_string}"},"query-input":{"@type":"PropertyValueSpecification","valueRequired":true,"valueName":"search_term_string"}}],"inLanguage":"fr-FR"},{"@type":"Organization","@id":"https:\/\/comedialaon.fr\/#organization","name":"Comédia Laon","url":"https:\/\/comedialaon.fr\/","logo":{"@type":"ImageObject","inLanguage":"fr-FR","@id":"https:\/\/comedialaon.fr\/#\/schema\/logo\/image\/","url":"https:\/\/comedialaon.fr\/wp-content\/uploads\/2019\/02\/LOGO-CL-et-OL.jpg","contentUrl":"https:\/\/comedialaon.fr\/wp-content\/uploads\/2019\/02\/LOGO-CL-et-OL.jpg","width":756,"height":210,"caption":"Comédia Laon"},"image":{"@id":"https:\/\/comedialaon.fr\/#\/schema\/logo\/image\/"},"sameAs":["https:\/\/www.facebook.com\/profile.php?id=100008459438996","https:\/\/www.youtube.com\/results?search_query=comedia laon"]}]}</script>
<!-- / Yoast SEO plugin. -->

NOS DATES DE REPRÉSENTATIONS POUR 2022 &#8226; Comédia Laon

Voici les dates de représentations de notre prochaine pièce : “POURQUOI MOI?!” d&rsquo;Olivier LEJEUNE (Les informations ci-dessous seront actualisées au fil de l&rsquo;eau) Calendrier mis à jour le 25/03/2022 Le dimanche 30 janvier 2022 à 15H00 à MONS EN LAONNOIS à la Salle du Stade Rue du Clos Piot. Invitation par notre ami Gérard etLire la suite

Comédia Laon
