{"id":3919,"date":"2020-06-30T10:28:43","date_gmt":"2020-06-30T08:28:43","guid":{"rendered":"https:\/\/comedialaon.fr\/?page_id=3919"},"modified":"2021-08-10T14:08:58","modified_gmt":"2021-08-10T12:08:58","slug":"nos-dates-de-representations-pour-2021","status":"publish","type":"page","link":"https:\/\/comedialaon.fr\/?page_id=3919","title":{"rendered":"NOS DATES DE REPR\u00c9SENTATIONS POUR 2021"},"content":{"rendered":"<p>Voici les dates de repr\u00e9sentations de notre prochaine pi\u00e8ce : <a href=\"https:\/\/comedialaon.fr\/?page_id=3917\" title=\"\u201cPOURQUOI MOI?!\u201d\">\u201cPOURQUOI MOI?!\u201d<\/a> d&rsquo;<a href=\"https:\/\/www.olivierlejeune.fr\/cms\/pourquoi-moi-e\" title=\"Olivier LEJEUNE\">Olivier LEJEUNE<\/a><\/p>\n<p>(Les informations ci-dessous seront actualis\u00e9es au fil de l&rsquo;eau)<\/p>\n<p><u>Calendrier mis \u00e0 jour le 06\/04\/2021<\/u><\/p>\n<p><big><u> Avec la crise sanitaire, toutes les dates pr\u00e9vues pour 2021 sont annul\u00e9es<\/u><\/big> <\/p>\n","protected":false},"excerpt":{"rendered":"<p>Voici les dates de repr\u00e9sentations de notre prochaine pi\u00e8ce : \u201cPOURQUOI MOI?!\u201d d&rsquo;Olivier LEJEUNE (Les informations ci-dessous seront actualis\u00e9es au fil de l&rsquo;eau) Calendrier mis \u00e0 jour le 06\/04\/2021 Avec la crise sanitaire, toutes les dates pr\u00e9vues pour 2021 sont annul\u00e9es<\/p>\n","protected":false},"author":1,"featured_media":0,"parent":0,"menu_order":0,"comment_status":"closed","ping_status":"closed","template":"","meta":{"footnotes":""},"class_list":["post-3919","page","type-page","status-publish","hentry"],"yoast_head":"<!-- This site is optimized with the Yoast SEO plugin v27.5 - https:\/\/yoast.com\/product\/yoast-seo-wordpress\/ -->\n<title>NOS DATES DE REPR\u00c9SENTATIONS POUR 2021 &#8226; Com\u00e9dia Laon<\/title>\n<meta name=\"robots\" content=\"index, follow, max-snippet:-1, max-image-preview:large, max-video-preview:-1\" \/>\n<link rel=\"canonical\" href=\"https:\/\/comedialaon.fr\/?page_id=3919\" \/>\n<meta property=\"og:locale\" content=\"fr_FR\" \/>\n<meta property=\"og:type\" content=\"article\" \/>\n<meta property=\"og:title\" content=\"NOS DATES DE REPR\u00c9SENTATIONS POUR 2021 &#8226; Com\u00e9dia Laon\" \/>\n<meta property=\"og:description\" content=\"Voici les dates de repr\u00e9sentations de notre prochaine pi\u00e8ce : \u201cPOURQUOI MOI?!\u201d d&rsquo;Olivier LEJEUNE (Les informations ci-dessous seront actualis\u00e9es au fil de l&rsquo;eau) Calendrier mis \u00e0 jour le 06\/04\/2021 Avec la crise sanitaire, toutes les dates pr\u00e9vues pour 2021 sont annul\u00e9es\" \/>\n<meta property=\"og:url\" content=\"https:\/\/comedialaon.fr\/?page_id=3919\" \/>\n<meta property=\"og:site_name\" content=\"Com\u00e9dia Laon\" \/>\n<meta property=\"article:publisher\" content=\"https:\/\/www.facebook.com\/profile.php?id=100008459438996\" \/>\n<meta property=\"article:modified_time\" content=\"2021-08-10T12:08:58+00:00\" \/>\n<script type=\"application\/ld+json\" class=\"yoast-schema-graph\">{\"@context\":\"https:\\\/\\\/schema.org\",\"@graph\":[{\"@type\":\"WebPage\",\"@id\":\"https:\\\/\\\/comedialaon.fr\\\/?page_id=3919\",\"url\":\"https:\\\/\\\/comedialaon.fr\\\/?page_id=3919\",\"name\":\"NOS DATES DE REPR\u00c9SENTATIONS POUR 2021 &#8226; Com\u00e9dia Laon\",\"isPartOf\":{\"@id\":\"https:\\\/\\\/comedialaon.fr\\\/#website\"},\"datePublished\":\"2020-06-30T08:28:43+00:00\",\"dateModified\":\"2021-08-10T12:08:58+00:00\",\"breadcrumb\":{\"@id\":\"https:\\\/\\\/comedialaon.fr\\\/?page_id=3919#breadcrumb\"},\"inLanguage\":\"fr-FR\",\"potentialAction\":[{\"@type\":\"ReadAction\",\"target\":[\"https:\\\/\\\/comedialaon.fr\\\/?page_id=3919\"]}]},{\"@type\":\"BreadcrumbList\",\"@id\":\"https:\\\/\\\/comedialaon.fr\\\/?page_id=3919#breadcrumb\",\"itemListElement\":[{\"@type\":\"ListItem\",\"position\":1,\"name\":\"Accueil\",\"item\":\"https:\\\/\\\/comedialaon.fr\\\/\"},{\"@type\":\"ListItem\",\"position\":2,\"name\":\"NOS DATES DE REPR\u00c9SENTATIONS POUR 2021\"}]},{\"@type\":\"WebSite\",\"@id\":\"https:\\\/\\\/comedialaon.fr\\\/#website\",\"url\":\"https:\\\/\\\/comedialaon.fr\\\/\",\"name\":\"Com\u00e9dia Laon\",\"description\":\"Prendre et donner du PLAISIR ... !!! ;-)\",\"publisher\":{\"@id\":\"https:\\\/\\\/comedialaon.fr\\\/#organization\"},\"potentialAction\":[{\"@type\":\"SearchAction\",\"target\":{\"@type\":\"EntryPoint\",\"urlTemplate\":\"https:\\\/\\\/comedialaon.fr\\\/?s={search_term_string}\"},\"query-input\":{\"@type\":\"PropertyValueSpecification\",\"valueRequired\":true,\"valueName\":\"search_term_string\"}}],\"inLanguage\":\"fr-FR\"},{\"@type\":\"Organization\",\"@id\":\"https:\\\/\\\/comedialaon.fr\\\/#organization\",\"name\":\"Com\u00e9dia Laon\",\"url\":\"https:\\\/\\\/comedialaon.fr\\\/\",\"logo\":{\"@type\":\"ImageObject\",\"inLanguage\":\"fr-FR\",\"@id\":\"https:\\\/\\\/comedialaon.fr\\\/#\\\/schema\\\/logo\\\/image\\\/\",\"url\":\"https:\\\/\\\/comedialaon.fr\\\/wp-content\\\/uploads\\\/2019\\\/02\\\/LOGO-CL-et-OL.jpg\",\"contentUrl\":\"https:\\\/\\\/comedialaon.fr\\\/wp-content\\\/uploads\\\/2019\\\/02\\\/LOGO-CL-et-OL.jpg\",\"width\":756,\"height\":210,\"caption\":\"Com\u00e9dia Laon\"},\"image\":{\"@id\":\"https:\\\/\\\/comedialaon.fr\\\/#\\\/schema\\\/logo\\\/image\\\/\"},\"sameAs\":[\"https:\\\/\\\/www.facebook.com\\\/profile.php?id=100008459438996\",\"https:\\\/\\\/www.youtube.com\\\/results?search_query=comedia laon\"]}]}<\/script>\n<!-- \/ Yoast SEO plugin. -->","yoast_head_json":{"title":"NOS DATES DE REPR\u00c9SENTATIONS POUR 2021 &#8226; Com\u00e9dia Laon","robots":{"index":"index","follow":"follow","max-snippet":"max-snippet:-1","max-image-preview":"max-image-preview:large","max-video-preview":"max-video-preview:-1"},"canonical":"https:\/\/comedialaon.fr\/?page_id=3919","og_locale":"fr_FR","og_type":"article","og_title":"NOS DATES DE REPR\u00c9SENTATIONS POUR 2021 &#8226; Com\u00e9dia Laon","og_description":"Voici les dates de repr\u00e9sentations de notre prochaine pi\u00e8ce : \u201cPOURQUOI MOI?!\u201d d&rsquo;Olivier LEJEUNE (Les informations ci-dessous seront actualis\u00e9es au fil de l&rsquo;eau) Calendrier mis \u00e0 jour le 06\/04\/2021 Avec la crise sanitaire, toutes les dates pr\u00e9vues pour 2021 sont annul\u00e9es","og_url":"https:\/\/comedialaon.fr\/?page_id=3919","og_site_name":"Com\u00e9dia Laon","article_publisher":"https:\/\/www.facebook.com\/profile.php?id=100008459438996","article_modified_time":"2021-08-10T12:08:58+00:00","schema":{"@context":"https:\/\/schema.org","@graph":[{"@type":"WebPage","@id":"https:\/\/comedialaon.fr\/?page_id=3919","url":"https:\/\/comedialaon.fr\/?page_id=3919","name":"NOS DATES DE REPR\u00c9SENTATIONS POUR 2021 &#8226; Com\u00e9dia Laon","isPartOf":{"@id":"https:\/\/comedialaon.fr\/#website"},"datePublished":"2020-06-30T08:28:43+00:00","dateModified":"2021-08-10T12:08:58+00:00","breadcrumb":{"@id":"https:\/\/comedialaon.fr\/?page_id=3919#breadcrumb"},"inLanguage":"fr-FR","potentialAction":[{"@type":"ReadAction","target":["https:\/\/comedialaon.fr\/?page_id=3919"]}]},{"@type":"BreadcrumbList","@id":"https:\/\/comedialaon.fr\/?page_id=3919#breadcrumb","itemListElement":[{"@type":"ListItem","position":1,"name":"Accueil","item":"https:\/\/comedialaon.fr\/"},{"@type":"ListItem","position":2,"name":"NOS DATES DE REPR\u00c9SENTATIONS POUR 2021"}]},{"@type":"WebSite","@id":"https:\/\/comedialaon.fr\/#website","url":"https:\/\/comedialaon.fr\/","name":"Com\u00e9dia Laon","description":"Prendre et donner du PLAISIR ... !!! ;-)","publisher":{"@id":"https:\/\/comedialaon.fr\/#organization"},"potentialAction":[{"@type":"SearchAction","target":{"@type":"EntryPoint","urlTemplate":"https:\/\/comedialaon.fr\/?s={search_term_string}"},"query-input":{"@type":"PropertyValueSpecification","valueRequired":true,"valueName":"search_term_string"}}],"inLanguage":"fr-FR"},{"@type":"Organization","@id":"https:\/\/comedialaon.fr\/#organization","name":"Com\u00e9dia Laon","url":"https:\/\/comedialaon.fr\/","logo":{"@type":"ImageObject","inLanguage":"fr-FR","@id":"https:\/\/comedialaon.fr\/#\/schema\/logo\/image\/","url":"https:\/\/comedialaon.fr\/wp-content\/uploads\/2019\/02\/LOGO-CL-et-OL.jpg","contentUrl":"https:\/\/comedialaon.fr\/wp-content\/uploads\/2019\/02\/LOGO-CL-et-OL.jpg","width":756,"height":210,"caption":"Com\u00e9dia Laon"},"image":{"@id":"https:\/\/comedialaon.fr\/#\/schema\/logo\/image\/"},"sameAs":["https:\/\/www.facebook.com\/profile.php?id=100008459438996","https:\/\/www.youtube.com\/results?search_query=comedia laon"]}]}},"_links":{"self":[{"href":"https:\/\/comedialaon.fr\/index.php?rest_route=\/wp\/v2\/pages\/3919","targetHints":{"allow":["GET"]}}],"collection":[{"href":"https:\/\/comedialaon.fr\/index.php?rest_route=\/wp\/v2\/pages"}],"about":[{"href":"https:\/\/comedialaon.fr\/index.php?rest_route=\/wp\/v2\/types\/page"}],"author":[{"embeddable":true,"href":"https:\/\/comedialaon.fr\/index.php?rest_route=\/wp\/v2\/users\/1"}],"replies":[{"embeddable":true,"href":"https:\/\/comedialaon.fr\/index.php?rest_route=%2Fwp%2Fv2%2Fcomments&post=3919"}],"version-history":[{"count":16,"href":"https:\/\/comedialaon.fr\/index.php?rest_route=\/wp\/v2\/pages\/3919\/revisions"}],"predecessor-version":[{"id":4884,"href":"https:\/\/comedialaon.fr\/index.php?rest_route=\/wp\/v2\/pages\/3919\/revisions\/4884"}],"wp:attachment":[{"href":"https:\/\/comedialaon.fr\/index.php?rest_route=%2Fwp%2Fv2%2Fmedia&parent=3919"}],"curies":[{"name":"wp","href":"https:\/\/api.w.org\/{rel}","templated":true}]}}

NOS DATES DE REPRÉSENTATIONS POUR 2021

<p>Voici les dates de représentations de notre prochaine pièce : <a href="https://comedialaon.fr/?page_id=3917" title="“POURQUOI MOI?!”">“POURQUOI MOI?!”</a> d&rsquo;<a href="https://www.olivierlejeune.fr/cms/pourquoi-moi-e" title="Olivier LEJEUNE">Olivier LEJEUNE</a></p>
<p>(Les informations ci-dessous seront actualisées au fil de l&rsquo;eau)</p>
<p><u>Calendrier mis à jour le 06/04/2021</u></p>
<p><big><u> Avec la crise sanitaire, toutes les dates prévues pour 2021 sont annulées</u></big> </p>

<p>Voici les dates de représentations de notre prochaine pièce : “POURQUOI MOI?!” d&rsquo;Olivier LEJEUNE (Les informations ci-dessous seront actualisées au fil de l&rsquo;eau) Calendrier mis à jour le 06/04/2021 Avec la crise sanitaire, toutes les dates prévues pour 2021 sont annulées</p>

<!-- This site is optimized with the Yoast SEO plugin v27.5 - https://yoast.com/product/yoast-seo-wordpress/ -->
<title>NOS DATES DE REPRÉSENTATIONS POUR 2021 &#8226; Comédia Laon</title>
<meta name="robots" content="index, follow, max-snippet:-1, max-image-preview:large, max-video-preview:-1" />
<link rel="canonical" href="https://comedialaon.fr/?page_id=3919" />
<meta property="og:locale" content="fr_FR" />
<meta property="og:type" content="article" />
<meta property="og:title" content="NOS DATES DE REPRÉSENTATIONS POUR 2021 &#8226; Comédia Laon" />
<meta property="og:description" content="Voici les dates de représentations de notre prochaine pièce : “POURQUOI MOI?!” d&rsquo;Olivier LEJEUNE (Les informations ci-dessous seront actualisées au fil de l&rsquo;eau) Calendrier mis à jour le 06/04/2021 Avec la crise sanitaire, toutes les dates prévues pour 2021 sont annulées" />
<meta property="og:url" content="https://comedialaon.fr/?page_id=3919" />
<meta property="og:site_name" content="Comédia Laon" />
<meta property="article:publisher" content="https://www.facebook.com/profile.php?id=100008459438996" />
<meta property="article:modified_time" content="2021-08-10T12:08:58+00:00" />
<script type="application/ld+json" class="yoast-schema-graph">{"@context":"https:\/\/schema.org","@graph":[{"@type":"WebPage","@id":"https:\/\/comedialaon.fr\/?page_id=3919","url":"https:\/\/comedialaon.fr\/?page_id=3919","name":"NOS DATES DE REPRÉSENTATIONS POUR 2021 &#8226; Comédia Laon","isPartOf":{"@id":"https:\/\/comedialaon.fr\/#website"},"datePublished":"2020-06-30T08:28:43+00:00","dateModified":"2021-08-10T12:08:58+00:00","breadcrumb":{"@id":"https:\/\/comedialaon.fr\/?page_id=3919#breadcrumb"},"inLanguage":"fr-FR","potentialAction":[{"@type":"ReadAction","target":["https:\/\/comedialaon.fr\/?page_id=3919"]}]},{"@type":"BreadcrumbList","@id":"https:\/\/comedialaon.fr\/?page_id=3919#breadcrumb","itemListElement":[{"@type":"ListItem","position":1,"name":"Accueil","item":"https:\/\/comedialaon.fr\/"},{"@type":"ListItem","position":2,"name":"NOS DATES DE REPRÉSENTATIONS POUR 2021"}]},{"@type":"WebSite","@id":"https:\/\/comedialaon.fr\/#website","url":"https:\/\/comedialaon.fr\/","name":"Comédia Laon","description":"Prendre et donner du PLAISIR ... !!! ;-)","publisher":{"@id":"https:\/\/comedialaon.fr\/#organization"},"potentialAction":[{"@type":"SearchAction","target":{"@type":"EntryPoint","urlTemplate":"https:\/\/comedialaon.fr\/?s={search_term_string}"},"query-input":{"@type":"PropertyValueSpecification","valueRequired":true,"valueName":"search_term_string"}}],"inLanguage":"fr-FR"},{"@type":"Organization","@id":"https:\/\/comedialaon.fr\/#organization","name":"Comédia Laon","url":"https:\/\/comedialaon.fr\/","logo":{"@type":"ImageObject","inLanguage":"fr-FR","@id":"https:\/\/comedialaon.fr\/#\/schema\/logo\/image\/","url":"https:\/\/comedialaon.fr\/wp-content\/uploads\/2019\/02\/LOGO-CL-et-OL.jpg","contentUrl":"https:\/\/comedialaon.fr\/wp-content\/uploads\/2019\/02\/LOGO-CL-et-OL.jpg","width":756,"height":210,"caption":"Comédia Laon"},"image":{"@id":"https:\/\/comedialaon.fr\/#\/schema\/logo\/image\/"},"sameAs":["https:\/\/www.facebook.com\/profile.php?id=100008459438996","https:\/\/www.youtube.com\/results?search_query=comedia laon"]}]}</script>
<!-- / Yoast SEO plugin. -->

NOS DATES DE REPRÉSENTATIONS POUR 2021 &#8226; Comédia Laon

Voici les dates de représentations de notre prochaine pièce : “POURQUOI MOI?!” d&rsquo;Olivier LEJEUNE (Les informations ci-dessous seront actualisées au fil de l&rsquo;eau) Calendrier mis à jour le 06/04/2021 Avec la crise sanitaire, toutes les dates prévues pour 2021 sont annulées

Comédia Laon
