{"id":2820,"date":"2018-09-21T16:11:40","date_gmt":"2018-09-21T14:11:40","guid":{"rendered":"https:\/\/comedialaon.fr\/?page_id=2820"},"modified":"2021-07-20T15:41:48","modified_gmt":"2021-07-20T13:41:48","slug":"especes-menacees","status":"publish","type":"page","link":"https:\/\/comedialaon.fr\/?page_id=2820","title":{"rendered":"ESP\u00c8CES MENAC\u00c9ES"},"content":{"rendered":"<div id=\"attachment_2870\" style=\"width: 264px\" class=\"wp-caption alignleft\"><a href=\"https:\/\/comedialaon.fr\/wp-content\/uploads\/2018\/09\/Affiche-Esp\u00e8ces-m\u00e9nac\u00e9es-avec-CL-OL-et-SPONSORS.jpg\"><img loading=\"lazy\" decoding=\"async\" aria-describedby=\"caption-attachment-2870\" src=\"https:\/\/comedialaon.fr\/wp-content\/uploads\/2018\/09\/Affiche-Esp\u00e8ces-m\u00e9nac\u00e9es-avec-CL-OL-et-SPONSORS-254x300.jpg\" alt=\"\" width=\"254\" height=\"300\" class=\"size-medium wp-image-2870\" srcset=\"https:\/\/comedialaon.fr\/wp-content\/uploads\/2018\/09\/Affiche-Esp\u00e8ces-m\u00e9nac\u00e9es-avec-CL-OL-et-SPONSORS-254x300.jpg 254w, https:\/\/comedialaon.fr\/wp-content\/uploads\/2018\/09\/Affiche-Esp\u00e8ces-m\u00e9nac\u00e9es-avec-CL-OL-et-SPONSORS-768x908.jpg 768w, https:\/\/comedialaon.fr\/wp-content\/uploads\/2018\/09\/Affiche-Esp\u00e8ces-m\u00e9nac\u00e9es-avec-CL-OL-et-SPONSORS.jpg 791w\" sizes=\"auto, (max-width: 254px) 100vw, 254px\" \/><\/a><p id=\"caption-attachment-2870\" class=\"wp-caption-text\">Spectacle 2020 : Esp\u00e8ces menac\u00e9es de Ray COONEY<\/p><\/div>\n<p>\u201cESP\u00c8CES MENAC\u00c9ES\u201d est une com\u00e9die en deux actes de Ray COONEY.<\/p>\n<p>N\u00e9 \u00e0 Londres dans une famille totalement \u00e9trang\u00e8re au monde du spectacle, Ray COONEY devient acteur durant son adolescence. Il travaille avec plusieurs compagnies th\u00e9\u00e2trales de province puis joue sur les sc\u00e8nes londoniennes.<br \/>\nApr\u00e8s quelques ann\u00e9es, sa carri\u00e8re de com\u00e9dien passe au second plan et il devient un auteur dramatique \u00e0 succ\u00e8s dont les pi\u00e8ces sont jou\u00e9es dans le monde entier.<br \/>\nPuis devenu auteur de boulevards, il \u00e9crit en 1995 Esp\u00e8ces menac\u00e9es. Adapt\u00e9e par Michel BLANC et G\u00e9rard JUGNOT, elle deviendra le plus gros succ\u00e8s th\u00e9\u00e2tral de l\u2019ann\u00e9e 1999, en mettant son art de la mise en sc\u00e8nes de quiproquos et de mensonges \u00e0 tiroirs au service de ces deux acteurs d\u2019exception.<br \/>\nCette pi\u00e8ce est un bijou d\u2019hilarit\u00e9. Avec ses gags millim\u00e9tr\u00e9s, sa pr\u00e9cision g\u00e9om\u00e9trique et son rythme qui ne fl\u00e9chit jamais d\u2019un iota, attendez-vous \u00e0 vous tenir les c\u00f4tes, car les rires d\u00e9marrent tr\u00e8s t\u00f4t pour ne plus s\u2019arr\u00eater &#8230;<\/p>\n<p><u>Le sujet<\/u> : Par m\u00e9garde, Yvon a \u00e9chang\u00e9 sa mallette contre celle d\u2019un inconnu dans le RER. L\u00e0 o\u00f9 se trouvaient ses gants et son sandwich, il y a d\u00e9sormais des millions.<br \/>\nPour fuir des repr\u00e9sailles certaines, il d\u00e9cide de prendre le premier vol pour Buenos Aires. Mais c\u2019est sans compter le refus obstin\u00e9 de sa femme, les intrusions successives d\u2019un couple d\u2019amis inopportuns, d\u2019un policier douteux, d\u2019un commissaire tatillon, d\u2019un chauffeur de taxi irascible, et l\u2019arriv\u00e9e d\u2019un tueur bien d\u00e9cid\u00e9 \u00e0 r\u00e9cup\u00e9rer son d\u00fb &#8230;<\/p>\n<p><a href=\"https:\/\/comedialaon.fr\/?page_id=4618\" title=\"Album photos MONS EN LAONNOIS\">Album photos MONS EN LAONNOIS<\/a><\/p>\n<p><a href=\"https:\/\/comedialaon.fr\/?page_id=3456\" title=\"Nos dates de repr\u00e9sentations pour 2020\"> Nos dates de repr\u00e9sentations pour 2020<\/a><\/p>\n","protected":false},"excerpt":{"rendered":"<p>\u201cESP\u00c8CES MENAC\u00c9ES\u201d est une com\u00e9die en deux actes de Ray COONEY. N\u00e9 \u00e0 Londres dans une famille totalement \u00e9trang\u00e8re au monde du spectacle, Ray COONEY devient acteur durant son adolescence. Il travaille avec plusieurs compagnies th\u00e9\u00e2trales de province puis joue sur les sc\u00e8nes londoniennes. Apr\u00e8s quelques ann\u00e9es, sa carri\u00e8re de com\u00e9dien passe au second plan<\/p>\n<p><a class=\"excerpt-more blog-excerpt\" href=\"https:\/\/comedialaon.fr\/?page_id=2820\">Lire la suite<\/a><\/p>\n","protected":false},"author":1,"featured_media":0,"parent":0,"menu_order":0,"comment_status":"closed","ping_status":"closed","template":"","meta":{"footnotes":""},"class_list":["post-2820","page","type-page","status-publish","hentry"],"yoast_head":"<!-- This site is optimized with the Yoast SEO plugin v27.5 - https:\/\/yoast.com\/product\/yoast-seo-wordpress\/ -->\n<title>ESP\u00c8CES MENAC\u00c9ES &#8226; Com\u00e9dia Laon<\/title>\n<meta name=\"robots\" content=\"index, follow, max-snippet:-1, max-image-preview:large, max-video-preview:-1\" \/>\n<link rel=\"canonical\" href=\"https:\/\/comedialaon.fr\/?page_id=2820\" \/>\n<meta property=\"og:locale\" content=\"fr_FR\" \/>\n<meta property=\"og:type\" content=\"article\" \/>\n<meta property=\"og:title\" content=\"ESP\u00c8CES MENAC\u00c9ES &#8226; Com\u00e9dia Laon\" \/>\n<meta property=\"og:description\" content=\"\u201cESP\u00c8CES MENAC\u00c9ES\u201d est une com\u00e9die en deux actes de Ray COONEY. N\u00e9 \u00e0 Londres dans une famille totalement \u00e9trang\u00e8re au monde du spectacle, Ray COONEY devient acteur durant son adolescence. Il travaille avec plusieurs compagnies th\u00e9\u00e2trales de province puis joue sur les sc\u00e8nes londoniennes. Apr\u00e8s quelques ann\u00e9es, sa carri\u00e8re de com\u00e9dien passe au second planLire la suite\" \/>\n<meta property=\"og:url\" content=\"https:\/\/comedialaon.fr\/?page_id=2820\" \/>\n<meta property=\"og:site_name\" content=\"Com\u00e9dia Laon\" \/>\n<meta property=\"article:publisher\" content=\"https:\/\/www.facebook.com\/profile.php?id=100008459438996\" \/>\n<meta property=\"article:modified_time\" content=\"2021-07-20T13:41:48+00:00\" \/>\n<meta name=\"twitter:label1\" content=\"Dur\u00e9e de lecture estim\u00e9e\" \/>\n\t<meta name=\"twitter:data1\" content=\"2 minutes\" \/>\n<script type=\"application\/ld+json\" class=\"yoast-schema-graph\">{\"@context\":\"https:\\\/\\\/schema.org\",\"@graph\":[{\"@type\":\"WebPage\",\"@id\":\"https:\\\/\\\/comedialaon.fr\\\/?page_id=2820\",\"url\":\"https:\\\/\\\/comedialaon.fr\\\/?page_id=2820\",\"name\":\"ESP\u00c8CES MENAC\u00c9ES &#8226; Com\u00e9dia Laon\",\"isPartOf\":{\"@id\":\"https:\\\/\\\/comedialaon.fr\\\/#website\"},\"datePublished\":\"2018-09-21T14:11:40+00:00\",\"dateModified\":\"2021-07-20T13:41:48+00:00\",\"breadcrumb\":{\"@id\":\"https:\\\/\\\/comedialaon.fr\\\/?page_id=2820#breadcrumb\"},\"inLanguage\":\"fr-FR\",\"potentialAction\":[{\"@type\":\"ReadAction\",\"target\":[\"https:\\\/\\\/comedialaon.fr\\\/?page_id=2820\"]}]},{\"@type\":\"BreadcrumbList\",\"@id\":\"https:\\\/\\\/comedialaon.fr\\\/?page_id=2820#breadcrumb\",\"itemListElement\":[{\"@type\":\"ListItem\",\"position\":1,\"name\":\"Accueil\",\"item\":\"https:\\\/\\\/comedialaon.fr\\\/\"},{\"@type\":\"ListItem\",\"position\":2,\"name\":\"ESP\u00c8CES MENAC\u00c9ES\"}]},{\"@type\":\"WebSite\",\"@id\":\"https:\\\/\\\/comedialaon.fr\\\/#website\",\"url\":\"https:\\\/\\\/comedialaon.fr\\\/\",\"name\":\"Com\u00e9dia Laon\",\"description\":\"Prendre et donner du PLAISIR ... !!! ;-)\",\"publisher\":{\"@id\":\"https:\\\/\\\/comedialaon.fr\\\/#organization\"},\"potentialAction\":[{\"@type\":\"SearchAction\",\"target\":{\"@type\":\"EntryPoint\",\"urlTemplate\":\"https:\\\/\\\/comedialaon.fr\\\/?s={search_term_string}\"},\"query-input\":{\"@type\":\"PropertyValueSpecification\",\"valueRequired\":true,\"valueName\":\"search_term_string\"}}],\"inLanguage\":\"fr-FR\"},{\"@type\":\"Organization\",\"@id\":\"https:\\\/\\\/comedialaon.fr\\\/#organization\",\"name\":\"Com\u00e9dia Laon\",\"url\":\"https:\\\/\\\/comedialaon.fr\\\/\",\"logo\":{\"@type\":\"ImageObject\",\"inLanguage\":\"fr-FR\",\"@id\":\"https:\\\/\\\/comedialaon.fr\\\/#\\\/schema\\\/logo\\\/image\\\/\",\"url\":\"https:\\\/\\\/comedialaon.fr\\\/wp-content\\\/uploads\\\/2019\\\/02\\\/LOGO-CL-et-OL.jpg\",\"contentUrl\":\"https:\\\/\\\/comedialaon.fr\\\/wp-content\\\/uploads\\\/2019\\\/02\\\/LOGO-CL-et-OL.jpg\",\"width\":756,\"height\":210,\"caption\":\"Com\u00e9dia Laon\"},\"image\":{\"@id\":\"https:\\\/\\\/comedialaon.fr\\\/#\\\/schema\\\/logo\\\/image\\\/\"},\"sameAs\":[\"https:\\\/\\\/www.facebook.com\\\/profile.php?id=100008459438996\",\"https:\\\/\\\/www.youtube.com\\\/results?search_query=comedia laon\"]}]}<\/script>\n<!-- \/ Yoast SEO plugin. -->","yoast_head_json":{"title":"ESP\u00c8CES MENAC\u00c9ES &#8226; Com\u00e9dia Laon","robots":{"index":"index","follow":"follow","max-snippet":"max-snippet:-1","max-image-preview":"max-image-preview:large","max-video-preview":"max-video-preview:-1"},"canonical":"https:\/\/comedialaon.fr\/?page_id=2820","og_locale":"fr_FR","og_type":"article","og_title":"ESP\u00c8CES MENAC\u00c9ES &#8226; Com\u00e9dia Laon","og_description":"\u201cESP\u00c8CES MENAC\u00c9ES\u201d est une com\u00e9die en deux actes de Ray COONEY. N\u00e9 \u00e0 Londres dans une famille totalement \u00e9trang\u00e8re au monde du spectacle, Ray COONEY devient acteur durant son adolescence. Il travaille avec plusieurs compagnies th\u00e9\u00e2trales de province puis joue sur les sc\u00e8nes londoniennes. Apr\u00e8s quelques ann\u00e9es, sa carri\u00e8re de com\u00e9dien passe au second planLire la suite","og_url":"https:\/\/comedialaon.fr\/?page_id=2820","og_site_name":"Com\u00e9dia Laon","article_publisher":"https:\/\/www.facebook.com\/profile.php?id=100008459438996","article_modified_time":"2021-07-20T13:41:48+00:00","twitter_misc":{"Dur\u00e9e de lecture estim\u00e9e":"2 minutes"},"schema":{"@context":"https:\/\/schema.org","@graph":[{"@type":"WebPage","@id":"https:\/\/comedialaon.fr\/?page_id=2820","url":"https:\/\/comedialaon.fr\/?page_id=2820","name":"ESP\u00c8CES MENAC\u00c9ES &#8226; Com\u00e9dia Laon","isPartOf":{"@id":"https:\/\/comedialaon.fr\/#website"},"datePublished":"2018-09-21T14:11:40+00:00","dateModified":"2021-07-20T13:41:48+00:00","breadcrumb":{"@id":"https:\/\/comedialaon.fr\/?page_id=2820#breadcrumb"},"inLanguage":"fr-FR","potentialAction":[{"@type":"ReadAction","target":["https:\/\/comedialaon.fr\/?page_id=2820"]}]},{"@type":"BreadcrumbList","@id":"https:\/\/comedialaon.fr\/?page_id=2820#breadcrumb","itemListElement":[{"@type":"ListItem","position":1,"name":"Accueil","item":"https:\/\/comedialaon.fr\/"},{"@type":"ListItem","position":2,"name":"ESP\u00c8CES MENAC\u00c9ES"}]},{"@type":"WebSite","@id":"https:\/\/comedialaon.fr\/#website","url":"https:\/\/comedialaon.fr\/","name":"Com\u00e9dia Laon","description":"Prendre et donner du PLAISIR ... !!! ;-)","publisher":{"@id":"https:\/\/comedialaon.fr\/#organization"},"potentialAction":[{"@type":"SearchAction","target":{"@type":"EntryPoint","urlTemplate":"https:\/\/comedialaon.fr\/?s={search_term_string}"},"query-input":{"@type":"PropertyValueSpecification","valueRequired":true,"valueName":"search_term_string"}}],"inLanguage":"fr-FR"},{"@type":"Organization","@id":"https:\/\/comedialaon.fr\/#organization","name":"Com\u00e9dia Laon","url":"https:\/\/comedialaon.fr\/","logo":{"@type":"ImageObject","inLanguage":"fr-FR","@id":"https:\/\/comedialaon.fr\/#\/schema\/logo\/image\/","url":"https:\/\/comedialaon.fr\/wp-content\/uploads\/2019\/02\/LOGO-CL-et-OL.jpg","contentUrl":"https:\/\/comedialaon.fr\/wp-content\/uploads\/2019\/02\/LOGO-CL-et-OL.jpg","width":756,"height":210,"caption":"Com\u00e9dia Laon"},"image":{"@id":"https:\/\/comedialaon.fr\/#\/schema\/logo\/image\/"},"sameAs":["https:\/\/www.facebook.com\/profile.php?id=100008459438996","https:\/\/www.youtube.com\/results?search_query=comedia laon"]}]}},"_links":{"self":[{"href":"https:\/\/comedialaon.fr\/index.php?rest_route=\/wp\/v2\/pages\/2820","targetHints":{"allow":["GET"]}}],"collection":[{"href":"https:\/\/comedialaon.fr\/index.php?rest_route=\/wp\/v2\/pages"}],"about":[{"href":"https:\/\/comedialaon.fr\/index.php?rest_route=\/wp\/v2\/types\/page"}],"author":[{"embeddable":true,"href":"https:\/\/comedialaon.fr\/index.php?rest_route=\/wp\/v2\/users\/1"}],"replies":[{"embeddable":true,"href":"https:\/\/comedialaon.fr\/index.php?rest_route=%2Fwp%2Fv2%2Fcomments&post=2820"}],"version-history":[{"count":18,"href":"https:\/\/comedialaon.fr\/index.php?rest_route=\/wp\/v2\/pages\/2820\/revisions"}],"predecessor-version":[{"id":2843,"href":"https:\/\/comedialaon.fr\/index.php?rest_route=\/wp\/v2\/pages\/2820\/revisions\/2843"}],"wp:attachment":[{"href":"https:\/\/comedialaon.fr\/index.php?rest_route=%2Fwp%2Fv2%2Fmedia&parent=2820"}],"curies":[{"name":"wp","href":"https:\/\/api.w.org\/{rel}","templated":true}]}}