{"id":2367,"date":"2018-01-04T11:35:31","date_gmt":"2018-01-04T09:35:31","guid":{"rendered":"https:\/\/comedialaon.fr\/?page_id=2367"},"modified":"2021-07-11T21:09:34","modified_gmt":"2021-07-11T19:09:34","slug":"revue-de-presse-2018","status":"publish","type":"page","link":"https:\/\/comedialaon.fr\/?page_id=2367","title":{"rendered":"REVUE DE PRESSE 2018"},"content":{"rendered":"<p><a href=\"https:\/\/comedialaon.fr\/?page_id=3265\">Article de l\u2019Axonais du 15 novembre 2018 : Le festival de th\u00e9\u00e2tre amateur Gardin&rsquo;Cour samedi 17 et dimanche 18 novembre<a><br \/>\n<a href=\"https:\/\/comedialaon.fr\/?page_id=2798\">Article de l\u2019Union du 11 juin 2018 : 3 questions \u00e0 &#8230; Patrice Piquet Metteur en sc\u00e8ne<a><br \/>\n<a href=\"https:\/\/comedialaon.fr\/?page_id=2796\">Article de l\u2019Union du 11 juin 2018 : Nouvelle pi\u00e8ce, nouveau local pour Com\u00e9dia Laon<a><br \/>\n<a href=\"https:\/\/comedialaon.fr\/?page_id=2657\">Article de l\u2019Union du 18 mai 2018 : Toujours le m\u00eame succ\u00e8s de Guitry<a><br \/>\n<a href=\"https:\/\/comedialaon.fr\/?page_id=2584\">Article de l\u2019Union du 16 avril 2018 : Un v\u00e9ritable festival en hommage \u00e0 Sacha Guitry<a><br \/>\n<a href=\"https:\/\/comedialaon.fr\/?page_id=2491\">Article de l\u2019Union du 24 f\u00e9vrier 2018 : Com\u00e9dia Laon reprend les \u0153uvres de Guitry<a><br \/>\n<a href=\"https:\/\/comedialaon.fr\/?page_id=2497\">Article de l\u2019Axonais du 22 f\u00e9vrier 2018 : Une centaine de spectateurs pour applaudir les pi\u00e8ces de Guitry par Com\u00e9dia Laon<a><br \/>\n<a href=\"https:\/\/comedialaon.fr\/?page_id=2451\">Article de l\u2019Union du 31 janvier 2018 : Com\u00e9dia Laon jouait pour le T\u00e9l\u00e9thon<a><\/p>\n","protected":false},"excerpt":{"rendered":"<p>Article de l\u2019Axonais du 15 novembre 2018 : Le festival de th\u00e9\u00e2tre amateur Gardin&rsquo;Cour samedi 17 et dimanche 18 novembre Article de l\u2019Union du 11 juin 2018 : 3 questions \u00e0 &#8230; Patrice Piquet Metteur en sc\u00e8ne Article de l\u2019Union du 11 juin 2018 : Nouvelle pi\u00e8ce, nouveau local pour Com\u00e9dia Laon Article de l\u2019Union<\/p>\n<p><a class=\"excerpt-more blog-excerpt\" href=\"https:\/\/comedialaon.fr\/?page_id=2367\">Lire la suite<\/a><\/p>\n","protected":false},"author":1,"featured_media":0,"parent":0,"menu_order":0,"comment_status":"closed","ping_status":"closed","template":"","meta":{"footnotes":""},"class_list":["post-2367","page","type-page","status-publish","hentry"],"yoast_head":"<!-- This site is optimized with the Yoast SEO plugin v27.5 - https:\/\/yoast.com\/product\/yoast-seo-wordpress\/ -->\n<title>REVUE DE PRESSE 2018 &#8226; Com\u00e9dia Laon<\/title>\n<meta name=\"robots\" content=\"index, follow, max-snippet:-1, max-image-preview:large, max-video-preview:-1\" \/>\n<link rel=\"canonical\" href=\"https:\/\/comedialaon.fr\/?page_id=2367\" \/>\n<meta property=\"og:locale\" content=\"fr_FR\" \/>\n<meta property=\"og:type\" content=\"article\" \/>\n<meta property=\"og:title\" content=\"REVUE DE PRESSE 2018 &#8226; Com\u00e9dia Laon\" \/>\n<meta property=\"og:description\" content=\"Article de l\u2019Axonais du 15 novembre 2018 : Le festival de th\u00e9\u00e2tre amateur Gardin&rsquo;Cour samedi 17 et dimanche 18 novembre Article de l\u2019Union du 11 juin 2018 : 3 questions \u00e0 &#8230; Patrice Piquet Metteur en sc\u00e8ne Article de l\u2019Union du 11 juin 2018 : Nouvelle pi\u00e8ce, nouveau local pour Com\u00e9dia Laon Article de l\u2019UnionLire la suite\" \/>\n<meta property=\"og:url\" content=\"https:\/\/comedialaon.fr\/?page_id=2367\" \/>\n<meta property=\"og:site_name\" content=\"Com\u00e9dia Laon\" \/>\n<meta property=\"article:publisher\" content=\"https:\/\/www.facebook.com\/profile.php?id=100008459438996\" \/>\n<meta property=\"article:modified_time\" content=\"2021-07-11T19:09:34+00:00\" \/>\n<meta name=\"twitter:label1\" content=\"Dur\u00e9e de lecture estim\u00e9e\" \/>\n\t<meta name=\"twitter:data1\" content=\"1 minute\" \/>\n<script type=\"application\/ld+json\" class=\"yoast-schema-graph\">{\"@context\":\"https:\\\/\\\/schema.org\",\"@graph\":[{\"@type\":\"WebPage\",\"@id\":\"https:\\\/\\\/comedialaon.fr\\\/?page_id=2367\",\"url\":\"https:\\\/\\\/comedialaon.fr\\\/?page_id=2367\",\"name\":\"REVUE DE PRESSE 2018 &#8226; Com\u00e9dia Laon\",\"isPartOf\":{\"@id\":\"https:\\\/\\\/comedialaon.fr\\\/#website\"},\"datePublished\":\"2018-01-04T09:35:31+00:00\",\"dateModified\":\"2021-07-11T19:09:34+00:00\",\"breadcrumb\":{\"@id\":\"https:\\\/\\\/comedialaon.fr\\\/?page_id=2367#breadcrumb\"},\"inLanguage\":\"fr-FR\",\"potentialAction\":[{\"@type\":\"ReadAction\",\"target\":[\"https:\\\/\\\/comedialaon.fr\\\/?page_id=2367\"]}]},{\"@type\":\"BreadcrumbList\",\"@id\":\"https:\\\/\\\/comedialaon.fr\\\/?page_id=2367#breadcrumb\",\"itemListElement\":[{\"@type\":\"ListItem\",\"position\":1,\"name\":\"Accueil\",\"item\":\"https:\\\/\\\/comedialaon.fr\\\/\"},{\"@type\":\"ListItem\",\"position\":2,\"name\":\"REVUE DE PRESSE 2018\"}]},{\"@type\":\"WebSite\",\"@id\":\"https:\\\/\\\/comedialaon.fr\\\/#website\",\"url\":\"https:\\\/\\\/comedialaon.fr\\\/\",\"name\":\"Com\u00e9dia Laon\",\"description\":\"Prendre et donner du PLAISIR ... !!! ;-)\",\"publisher\":{\"@id\":\"https:\\\/\\\/comedialaon.fr\\\/#organization\"},\"potentialAction\":[{\"@type\":\"SearchAction\",\"target\":{\"@type\":\"EntryPoint\",\"urlTemplate\":\"https:\\\/\\\/comedialaon.fr\\\/?s={search_term_string}\"},\"query-input\":{\"@type\":\"PropertyValueSpecification\",\"valueRequired\":true,\"valueName\":\"search_term_string\"}}],\"inLanguage\":\"fr-FR\"},{\"@type\":\"Organization\",\"@id\":\"https:\\\/\\\/comedialaon.fr\\\/#organization\",\"name\":\"Com\u00e9dia Laon\",\"url\":\"https:\\\/\\\/comedialaon.fr\\\/\",\"logo\":{\"@type\":\"ImageObject\",\"inLanguage\":\"fr-FR\",\"@id\":\"https:\\\/\\\/comedialaon.fr\\\/#\\\/schema\\\/logo\\\/image\\\/\",\"url\":\"https:\\\/\\\/comedialaon.fr\\\/wp-content\\\/uploads\\\/2019\\\/02\\\/LOGO-CL-et-OL.jpg\",\"contentUrl\":\"https:\\\/\\\/comedialaon.fr\\\/wp-content\\\/uploads\\\/2019\\\/02\\\/LOGO-CL-et-OL.jpg\",\"width\":756,\"height\":210,\"caption\":\"Com\u00e9dia Laon\"},\"image\":{\"@id\":\"https:\\\/\\\/comedialaon.fr\\\/#\\\/schema\\\/logo\\\/image\\\/\"},\"sameAs\":[\"https:\\\/\\\/www.facebook.com\\\/profile.php?id=100008459438996\",\"https:\\\/\\\/www.youtube.com\\\/results?search_query=comedia laon\"]}]}<\/script>\n<!-- \/ Yoast SEO plugin. -->","yoast_head_json":{"title":"REVUE DE PRESSE 2018 &#8226; Com\u00e9dia Laon","robots":{"index":"index","follow":"follow","max-snippet":"max-snippet:-1","max-image-preview":"max-image-preview:large","max-video-preview":"max-video-preview:-1"},"canonical":"https:\/\/comedialaon.fr\/?page_id=2367","og_locale":"fr_FR","og_type":"article","og_title":"REVUE DE PRESSE 2018 &#8226; Com\u00e9dia Laon","og_description":"Article de l\u2019Axonais du 15 novembre 2018 : Le festival de th\u00e9\u00e2tre amateur Gardin&rsquo;Cour samedi 17 et dimanche 18 novembre Article de l\u2019Union du 11 juin 2018 : 3 questions \u00e0 &#8230; Patrice Piquet Metteur en sc\u00e8ne Article de l\u2019Union du 11 juin 2018 : Nouvelle pi\u00e8ce, nouveau local pour Com\u00e9dia Laon Article de l\u2019UnionLire la suite","og_url":"https:\/\/comedialaon.fr\/?page_id=2367","og_site_name":"Com\u00e9dia Laon","article_publisher":"https:\/\/www.facebook.com\/profile.php?id=100008459438996","article_modified_time":"2021-07-11T19:09:34+00:00","twitter_misc":{"Dur\u00e9e de lecture estim\u00e9e":"1 minute"},"schema":{"@context":"https:\/\/schema.org","@graph":[{"@type":"WebPage","@id":"https:\/\/comedialaon.fr\/?page_id=2367","url":"https:\/\/comedialaon.fr\/?page_id=2367","name":"REVUE DE PRESSE 2018 &#8226; Com\u00e9dia Laon","isPartOf":{"@id":"https:\/\/comedialaon.fr\/#website"},"datePublished":"2018-01-04T09:35:31+00:00","dateModified":"2021-07-11T19:09:34+00:00","breadcrumb":{"@id":"https:\/\/comedialaon.fr\/?page_id=2367#breadcrumb"},"inLanguage":"fr-FR","potentialAction":[{"@type":"ReadAction","target":["https:\/\/comedialaon.fr\/?page_id=2367"]}]},{"@type":"BreadcrumbList","@id":"https:\/\/comedialaon.fr\/?page_id=2367#breadcrumb","itemListElement":[{"@type":"ListItem","position":1,"name":"Accueil","item":"https:\/\/comedialaon.fr\/"},{"@type":"ListItem","position":2,"name":"REVUE DE PRESSE 2018"}]},{"@type":"WebSite","@id":"https:\/\/comedialaon.fr\/#website","url":"https:\/\/comedialaon.fr\/","name":"Com\u00e9dia Laon","description":"Prendre et donner du PLAISIR ... !!! ;-)","publisher":{"@id":"https:\/\/comedialaon.fr\/#organization"},"potentialAction":[{"@type":"SearchAction","target":{"@type":"EntryPoint","urlTemplate":"https:\/\/comedialaon.fr\/?s={search_term_string}"},"query-input":{"@type":"PropertyValueSpecification","valueRequired":true,"valueName":"search_term_string"}}],"inLanguage":"fr-FR"},{"@type":"Organization","@id":"https:\/\/comedialaon.fr\/#organization","name":"Com\u00e9dia Laon","url":"https:\/\/comedialaon.fr\/","logo":{"@type":"ImageObject","inLanguage":"fr-FR","@id":"https:\/\/comedialaon.fr\/#\/schema\/logo\/image\/","url":"https:\/\/comedialaon.fr\/wp-content\/uploads\/2019\/02\/LOGO-CL-et-OL.jpg","contentUrl":"https:\/\/comedialaon.fr\/wp-content\/uploads\/2019\/02\/LOGO-CL-et-OL.jpg","width":756,"height":210,"caption":"Com\u00e9dia Laon"},"image":{"@id":"https:\/\/comedialaon.fr\/#\/schema\/logo\/image\/"},"sameAs":["https:\/\/www.facebook.com\/profile.php?id=100008459438996","https:\/\/www.youtube.com\/results?search_query=comedia laon"]}]}},"_links":{"self":[{"href":"https:\/\/comedialaon.fr\/index.php?rest_route=\/wp\/v2\/pages\/2367","targetHints":{"allow":["GET"]}}],"collection":[{"href":"https:\/\/comedialaon.fr\/index.php?rest_route=\/wp\/v2\/pages"}],"about":[{"href":"https:\/\/comedialaon.fr\/index.php?rest_route=\/wp\/v2\/types\/page"}],"author":[{"embeddable":true,"href":"https:\/\/comedialaon.fr\/index.php?rest_route=\/wp\/v2\/users\/1"}],"replies":[{"embeddable":true,"href":"https:\/\/comedialaon.fr\/index.php?rest_route=%2Fwp%2Fv2%2Fcomments&post=2367"}],"version-history":[{"count":16,"href":"https:\/\/comedialaon.fr\/index.php?rest_route=\/wp\/v2\/pages\/2367\/revisions"}],"predecessor-version":[{"id":4170,"href":"https:\/\/comedialaon.fr\/index.php?rest_route=\/wp\/v2\/pages\/2367\/revisions\/4170"}],"wp:attachment":[{"href":"https:\/\/comedialaon.fr\/index.php?rest_route=%2Fwp%2Fv2%2Fmedia&parent=2367"}],"curies":[{"name":"wp","href":"https:\/\/api.w.org\/{rel}","templated":true}]}}

<p><a href="https://comedialaon.fr/?page_id=3265">Article de l’Axonais du 15 novembre 2018 : Le festival de théâtre amateur Gardin&rsquo;Cour samedi 17 et dimanche 18 novembre<a><br />
<a href="https://comedialaon.fr/?page_id=2798">Article de l’Union du 11 juin 2018 : 3 questions à &#8230; Patrice Piquet Metteur en scène<a><br />
<a href="https://comedialaon.fr/?page_id=2796">Article de l’Union du 11 juin 2018 : Nouvelle pièce, nouveau local pour Comédia Laon<a><br />
<a href="https://comedialaon.fr/?page_id=2657">Article de l’Union du 18 mai 2018 : Toujours le même succès de Guitry<a><br />
<a href="https://comedialaon.fr/?page_id=2584">Article de l’Union du 16 avril 2018 : Un véritable festival en hommage à Sacha Guitry<a><br />
<a href="https://comedialaon.fr/?page_id=2491">Article de l’Union du 24 février 2018 : Comédia Laon reprend les œuvres de Guitry<a><br />
<a href="https://comedialaon.fr/?page_id=2497">Article de l’Axonais du 22 février 2018 : Une centaine de spectateurs pour applaudir les pièces de Guitry par Comédia Laon<a><br />
<a href="https://comedialaon.fr/?page_id=2451">Article de l’Union du 31 janvier 2018 : Comédia Laon jouait pour le Téléthon<a></p>

<p>Article de l’Axonais du 15 novembre 2018 : Le festival de théâtre amateur Gardin&rsquo;Cour samedi 17 et dimanche 18 novembre Article de l’Union du 11 juin 2018 : 3 questions à &#8230; Patrice Piquet Metteur en scène Article de l’Union du 11 juin 2018 : Nouvelle pièce, nouveau local pour Comédia Laon Article de l’Union</p>
<p><a class="excerpt-more blog-excerpt" href="https://comedialaon.fr/?page_id=2367">Lire la suite</a></p>

<!-- This site is optimized with the Yoast SEO plugin v27.5 - https://yoast.com/product/yoast-seo-wordpress/ -->
<title>REVUE DE PRESSE 2018 &#8226; Comédia Laon</title>
<meta name="robots" content="index, follow, max-snippet:-1, max-image-preview:large, max-video-preview:-1" />
<link rel="canonical" href="https://comedialaon.fr/?page_id=2367" />
<meta property="og:locale" content="fr_FR" />
<meta property="og:type" content="article" />
<meta property="og:title" content="REVUE DE PRESSE 2018 &#8226; Comédia Laon" />
<meta property="og:description" content="Article de l’Axonais du 15 novembre 2018 : Le festival de théâtre amateur Gardin&rsquo;Cour samedi 17 et dimanche 18 novembre Article de l’Union du 11 juin 2018 : 3 questions à &#8230; Patrice Piquet Metteur en scène Article de l’Union du 11 juin 2018 : Nouvelle pièce, nouveau local pour Comédia Laon Article de l’UnionLire la suite" />
<meta property="og:url" content="https://comedialaon.fr/?page_id=2367" />
<meta property="og:site_name" content="Comédia Laon" />
<meta property="article:publisher" content="https://www.facebook.com/profile.php?id=100008459438996" />
<meta property="article:modified_time" content="2021-07-11T19:09:34+00:00" />
<meta name="twitter:label1" content="Durée de lecture estimée" />
	<meta name="twitter:data1" content="1 minute" />
<script type="application/ld+json" class="yoast-schema-graph">{"@context":"https:\/\/schema.org","@graph":[{"@type":"WebPage","@id":"https:\/\/comedialaon.fr\/?page_id=2367","url":"https:\/\/comedialaon.fr\/?page_id=2367","name":"REVUE DE PRESSE 2018 &#8226; Comédia Laon","isPartOf":{"@id":"https:\/\/comedialaon.fr\/#website"},"datePublished":"2018-01-04T09:35:31+00:00","dateModified":"2021-07-11T19:09:34+00:00","breadcrumb":{"@id":"https:\/\/comedialaon.fr\/?page_id=2367#breadcrumb"},"inLanguage":"fr-FR","potentialAction":[{"@type":"ReadAction","target":["https:\/\/comedialaon.fr\/?page_id=2367"]}]},{"@type":"BreadcrumbList","@id":"https:\/\/comedialaon.fr\/?page_id=2367#breadcrumb","itemListElement":[{"@type":"ListItem","position":1,"name":"Accueil","item":"https:\/\/comedialaon.fr\/"},{"@type":"ListItem","position":2,"name":"REVUE DE PRESSE 2018"}]},{"@type":"WebSite","@id":"https:\/\/comedialaon.fr\/#website","url":"https:\/\/comedialaon.fr\/","name":"Comédia Laon","description":"Prendre et donner du PLAISIR ... !!! ;-)","publisher":{"@id":"https:\/\/comedialaon.fr\/#organization"},"potentialAction":[{"@type":"SearchAction","target":{"@type":"EntryPoint","urlTemplate":"https:\/\/comedialaon.fr\/?s={search_term_string}"},"query-input":{"@type":"PropertyValueSpecification","valueRequired":true,"valueName":"search_term_string"}}],"inLanguage":"fr-FR"},{"@type":"Organization","@id":"https:\/\/comedialaon.fr\/#organization","name":"Comédia Laon","url":"https:\/\/comedialaon.fr\/","logo":{"@type":"ImageObject","inLanguage":"fr-FR","@id":"https:\/\/comedialaon.fr\/#\/schema\/logo\/image\/","url":"https:\/\/comedialaon.fr\/wp-content\/uploads\/2019\/02\/LOGO-CL-et-OL.jpg","contentUrl":"https:\/\/comedialaon.fr\/wp-content\/uploads\/2019\/02\/LOGO-CL-et-OL.jpg","width":756,"height":210,"caption":"Comédia Laon"},"image":{"@id":"https:\/\/comedialaon.fr\/#\/schema\/logo\/image\/"},"sameAs":["https:\/\/www.facebook.com\/profile.php?id=100008459438996","https:\/\/www.youtube.com\/results?search_query=comedia laon"]}]}</script>
<!-- / Yoast SEO plugin. -->

REVUE DE PRESSE 2018 &#8226; Comédia Laon

Article de l’Axonais du 15 novembre 2018 : Le festival de théâtre amateur Gardin&rsquo;Cour samedi 17 et dimanche 18 novembre Article de l’Union du 11 juin 2018 : 3 questions à &#8230; Patrice Piquet Metteur en scène Article de l’Union du 11 juin 2018 : Nouvelle pièce, nouveau local pour Comédia Laon Article de l’UnionLire la suite

Comédia Laon
