{"id":2171,"date":"2017-09-13T14:49:32","date_gmt":"2017-09-13T12:49:32","guid":{"rendered":"https:\/\/comedialaon.fr\/?page_id=2171"},"modified":"2021-07-21T15:54:36","modified_gmt":"2021-07-21T13:54:36","slug":"festival-sacha-guitry","status":"publish","type":"page","link":"https:\/\/comedialaon.fr\/?page_id=2171","title":{"rendered":"SI GUITRY M&rsquo;\u00c9TAIT JOU\u00c9"},"content":{"rendered":"<div id=\"attachment_2237\" style=\"width: 219px\" class=\"wp-caption alignleft\"><a href=\"https:\/\/comedialaon.fr\/wp-content\/uploads\/2017\/10\/AfficheCAPNO-25-02-2018-390-x-560.jpg\"><img loading=\"lazy\" decoding=\"async\" aria-describedby=\"caption-attachment-2237\" src=\"https:\/\/comedialaon.fr\/wp-content\/uploads\/2017\/10\/AfficheCAPNO-25-02-2018-390-x-560-209x300.jpg\" alt=\"\" width=\"209\" height=\"300\" class=\"size-medium wp-image-2237\" srcset=\"https:\/\/comedialaon.fr\/wp-content\/uploads\/2017\/10\/AfficheCAPNO-25-02-2018-390-x-560-209x300.jpg 209w, https:\/\/comedialaon.fr\/wp-content\/uploads\/2017\/10\/AfficheCAPNO-25-02-2018-390-x-560.jpg 390w\" sizes=\"auto, (max-width: 209px) 100vw, 209px\" \/><\/a><p id=\"caption-attachment-2237\" class=\"wp-caption-text\">SI GUITRY M&rsquo;\u00c9TAIT JOU\u00c9 au CAPNO le dimanche 25 f\u00e9vrier 2018 \u00e0 15H00<\/p><\/div>\n<p>Sacha GUITRY est un auteur dramatique, acteur, metteur en sc\u00e8ne, r\u00e9alisateur et sc\u00e9nariste. Il a \u00e9crit 124 pi\u00e8ces de th\u00e9\u00e2tre. Bien qu\u2019\u00e9crites entre 1903 et 1957, celles-ci restent tr\u00e8s contemporaines et leurs th\u00e8mes tr\u00e8s actuels. Soixante ans apr\u00e8s sa mort, ses pi\u00e8ces sont reprises avec toujours le m\u00eame succ\u00e8s. Il a \u00e9galement r\u00e9alis\u00e9 trente-six films (dont dix-sept adaptations de ses pi\u00e8ces).<\/p>\n<p>Le Festival \u201cSI GUITRY M&rsquo;\u00c9TAIT JOU\u00c9\u201d que nous vous proposons, sera compos\u00e9 de six pi\u00e8ces de l&rsquo;auteur :<\/p>\n<p>\u201cUn type dans le genre de Napol\u00e9on\u201d : Un homme rend visite \u00e0 son ancienne ma\u00eetresse pour lui faire avouer une vieille infid\u00e9lit\u00e9 qu&rsquo;elle lui aurait toujours cach\u00e9e &#8230;<\/p>\n<p>\u201cOn passe dans huit jours\u201d : Dans le bureau d&rsquo;un Directeur de th\u00e9\u00e2tre, une com\u00e9dienne va d\u00e9fendre son r\u00f4le que l&rsquo;auteur aimerait bien lui reprendre &#8230;<\/p>\n<p>\u201cUne paire de gifles\u201d : Un mari arbitre, sans le savoir, une paire de gifles entre sa femme et un homme qui lui fait une cour pressante &#8230;<\/p>\n<p>\u201c\u00c9tait-ce un r\u00eave ?\u201d : Un mari surprend sa femme &#8230; \u00c9tait-ce un r\u00eave ? &#8230;<\/p>\n<p>\u201cVilla \u00e0 vendre\u201d : Une femme n&rsquo;a pas tr\u00e8s envie de vendre sa maison, malgr\u00e9 le panneau appos\u00e9 sur sa porte &#8230;<\/p>\n<p>\u201cLe kwtz\u201d : Un couple d&rsquo;amants, ne pouvant vivre leur amour, d\u00e9cide de se suicider pour \u00eatre ensembles pour l&rsquo;\u00e9ternit\u00e9 &#8230;<\/p>\n<p><a href=\"https:\/\/comedialaon.fr\/?page_id=4645\" title=\"Album photos CLACY-et-THIERRET\">Album photos CLACY-et-THIERRET<\/a><\/p>\n<p><a href=\"https:\/\/comedialaon.fr\/?page_id=4658\" title=\"Album photos CAPNO\">Album photos CAPNO<\/a><\/p>\n<p><a href=\"https:\/\/comedialaon.fr\/?page_id=4654\" title=\"Album photos SAINT-GOBAIN\">Album photos SAINT-GOBAIN<\/a><\/p>\n<p><a href=\"https:\/\/comedialaon.fr\/?page_id=4649\" title=\"Album photos LA F\u00c8RE\">Album photos LA F\u00c8RE<\/a><\/p>\n<p><a href=\"https:\/\/comedialaon.fr\/?page_id=4663\" title=\"Album photos LA MAL\">Album photos LA MAL<\/a><\/p>\n<p><a href=\"https:\/\/comedialaon.fr\/?page_id=2145\" title=\"Nos dates de repr\u00e9sentations pour 2018\">Nos dates de repr\u00e9sentations pour 2018<\/a><\/p>\n","protected":false},"excerpt":{"rendered":"<p>Sacha GUITRY est un auteur dramatique, acteur, metteur en sc\u00e8ne, r\u00e9alisateur et sc\u00e9nariste. Il a \u00e9crit 124 pi\u00e8ces de th\u00e9\u00e2tre. Bien qu\u2019\u00e9crites entre 1903 et 1957, celles-ci restent tr\u00e8s contemporaines et leurs th\u00e8mes tr\u00e8s actuels. Soixante ans apr\u00e8s sa mort, ses pi\u00e8ces sont reprises avec toujours le m\u00eame succ\u00e8s. Il a \u00e9galement r\u00e9alis\u00e9 trente-six films<\/p>\n<p><a class=\"excerpt-more blog-excerpt\" href=\"https:\/\/comedialaon.fr\/?page_id=2171\">Lire la suite<\/a><\/p>\n","protected":false},"author":1,"featured_media":0,"parent":0,"menu_order":0,"comment_status":"closed","ping_status":"closed","template":"","meta":{"footnotes":""},"class_list":["post-2171","page","type-page","status-publish","hentry"],"yoast_head":"<!-- This site is optimized with the Yoast SEO plugin v27.5 - https:\/\/yoast.com\/product\/yoast-seo-wordpress\/ -->\n<title>SI GUITRY M&#039;\u00c9TAIT JOU\u00c9 &#8226; Com\u00e9dia Laon<\/title>\n<meta name=\"robots\" content=\"index, follow, max-snippet:-1, max-image-preview:large, max-video-preview:-1\" \/>\n<link rel=\"canonical\" href=\"https:\/\/comedialaon.fr\/?page_id=2171\" \/>\n<meta property=\"og:locale\" content=\"fr_FR\" \/>\n<meta property=\"og:type\" content=\"article\" \/>\n<meta property=\"og:title\" content=\"SI GUITRY M&#039;\u00c9TAIT JOU\u00c9 &#8226; Com\u00e9dia Laon\" \/>\n<meta property=\"og:description\" content=\"Sacha GUITRY est un auteur dramatique, acteur, metteur en sc\u00e8ne, r\u00e9alisateur et sc\u00e9nariste. Il a \u00e9crit 124 pi\u00e8ces de th\u00e9\u00e2tre. Bien qu\u2019\u00e9crites entre 1903 et 1957, celles-ci restent tr\u00e8s contemporaines et leurs th\u00e8mes tr\u00e8s actuels. Soixante ans apr\u00e8s sa mort, ses pi\u00e8ces sont reprises avec toujours le m\u00eame succ\u00e8s. Il a \u00e9galement r\u00e9alis\u00e9 trente-six filmsLire la suite\" \/>\n<meta property=\"og:url\" content=\"https:\/\/comedialaon.fr\/?page_id=2171\" \/>\n<meta property=\"og:site_name\" content=\"Com\u00e9dia Laon\" \/>\n<meta property=\"article:publisher\" content=\"https:\/\/www.facebook.com\/profile.php?id=100008459438996\" \/>\n<meta property=\"article:modified_time\" content=\"2021-07-21T13:54:36+00:00\" \/>\n<meta property=\"og:image\" content=\"https:\/\/comedialaon.fr\/wp-content\/uploads\/2017\/10\/AfficheCAPNO-25-02-2018-390-x-560-209x300.jpg\" \/>\n<meta name=\"twitter:label1\" content=\"Dur\u00e9e de lecture estim\u00e9e\" \/>\n\t<meta name=\"twitter:data1\" content=\"1 minute\" \/>\n<script type=\"application\/ld+json\" class=\"yoast-schema-graph\">{\"@context\":\"https:\\\/\\\/schema.org\",\"@graph\":[{\"@type\":\"WebPage\",\"@id\":\"https:\\\/\\\/comedialaon.fr\\\/?page_id=2171\",\"url\":\"https:\\\/\\\/comedialaon.fr\\\/?page_id=2171\",\"name\":\"SI GUITRY M'\u00c9TAIT JOU\u00c9 &#8226; Com\u00e9dia Laon\",\"isPartOf\":{\"@id\":\"https:\\\/\\\/comedialaon.fr\\\/#website\"},\"primaryImageOfPage\":{\"@id\":\"https:\\\/\\\/comedialaon.fr\\\/?page_id=2171#primaryimage\"},\"image\":{\"@id\":\"https:\\\/\\\/comedialaon.fr\\\/?page_id=2171#primaryimage\"},\"thumbnailUrl\":\"https:\\\/\\\/comedialaon.fr\\\/wp-content\\\/uploads\\\/2017\\\/10\\\/AfficheCAPNO-25-02-2018-390-x-560-209x300.jpg\",\"datePublished\":\"2017-09-13T12:49:32+00:00\",\"dateModified\":\"2021-07-21T13:54:36+00:00\",\"breadcrumb\":{\"@id\":\"https:\\\/\\\/comedialaon.fr\\\/?page_id=2171#breadcrumb\"},\"inLanguage\":\"fr-FR\",\"potentialAction\":[{\"@type\":\"ReadAction\",\"target\":[\"https:\\\/\\\/comedialaon.fr\\\/?page_id=2171\"]}]},{\"@type\":\"ImageObject\",\"inLanguage\":\"fr-FR\",\"@id\":\"https:\\\/\\\/comedialaon.fr\\\/?page_id=2171#primaryimage\",\"url\":\"https:\\\/\\\/comedialaon.fr\\\/wp-content\\\/uploads\\\/2017\\\/10\\\/AfficheCAPNO-25-02-2018-390-x-560.jpg\",\"contentUrl\":\"https:\\\/\\\/comedialaon.fr\\\/wp-content\\\/uploads\\\/2017\\\/10\\\/AfficheCAPNO-25-02-2018-390-x-560.jpg\",\"width\":390,\"height\":560,\"caption\":\"SI GUITRY M'\u00c9TAIT JOU\u00c9 au CAPNO le dimanche 25 f\u00e9vrier 2018 \u00e0 15H00\"},{\"@type\":\"BreadcrumbList\",\"@id\":\"https:\\\/\\\/comedialaon.fr\\\/?page_id=2171#breadcrumb\",\"itemListElement\":[{\"@type\":\"ListItem\",\"position\":1,\"name\":\"Accueil\",\"item\":\"https:\\\/\\\/comedialaon.fr\\\/\"},{\"@type\":\"ListItem\",\"position\":2,\"name\":\"SI GUITRY M&rsquo;\u00c9TAIT JOU\u00c9\"}]},{\"@type\":\"WebSite\",\"@id\":\"https:\\\/\\\/comedialaon.fr\\\/#website\",\"url\":\"https:\\\/\\\/comedialaon.fr\\\/\",\"name\":\"Com\u00e9dia Laon\",\"description\":\"Prendre et donner du PLAISIR ... !!! ;-)\",\"publisher\":{\"@id\":\"https:\\\/\\\/comedialaon.fr\\\/#organization\"},\"potentialAction\":[{\"@type\":\"SearchAction\",\"target\":{\"@type\":\"EntryPoint\",\"urlTemplate\":\"https:\\\/\\\/comedialaon.fr\\\/?s={search_term_string}\"},\"query-input\":{\"@type\":\"PropertyValueSpecification\",\"valueRequired\":true,\"valueName\":\"search_term_string\"}}],\"inLanguage\":\"fr-FR\"},{\"@type\":\"Organization\",\"@id\":\"https:\\\/\\\/comedialaon.fr\\\/#organization\",\"name\":\"Com\u00e9dia Laon\",\"url\":\"https:\\\/\\\/comedialaon.fr\\\/\",\"logo\":{\"@type\":\"ImageObject\",\"inLanguage\":\"fr-FR\",\"@id\":\"https:\\\/\\\/comedialaon.fr\\\/#\\\/schema\\\/logo\\\/image\\\/\",\"url\":\"https:\\\/\\\/comedialaon.fr\\\/wp-content\\\/uploads\\\/2019\\\/02\\\/LOGO-CL-et-OL.jpg\",\"contentUrl\":\"https:\\\/\\\/comedialaon.fr\\\/wp-content\\\/uploads\\\/2019\\\/02\\\/LOGO-CL-et-OL.jpg\",\"width\":756,\"height\":210,\"caption\":\"Com\u00e9dia Laon\"},\"image\":{\"@id\":\"https:\\\/\\\/comedialaon.fr\\\/#\\\/schema\\\/logo\\\/image\\\/\"},\"sameAs\":[\"https:\\\/\\\/www.facebook.com\\\/profile.php?id=100008459438996\",\"https:\\\/\\\/www.youtube.com\\\/results?search_query=comedia laon\"]}]}<\/script>\n<!-- \/ Yoast SEO plugin. -->","yoast_head_json":{"title":"SI GUITRY M'\u00c9TAIT JOU\u00c9 &#8226; Com\u00e9dia Laon","robots":{"index":"index","follow":"follow","max-snippet":"max-snippet:-1","max-image-preview":"max-image-preview:large","max-video-preview":"max-video-preview:-1"},"canonical":"https:\/\/comedialaon.fr\/?page_id=2171","og_locale":"fr_FR","og_type":"article","og_title":"SI GUITRY M'\u00c9TAIT JOU\u00c9 &#8226; Com\u00e9dia Laon","og_description":"Sacha GUITRY est un auteur dramatique, acteur, metteur en sc\u00e8ne, r\u00e9alisateur et sc\u00e9nariste. Il a \u00e9crit 124 pi\u00e8ces de th\u00e9\u00e2tre. Bien qu\u2019\u00e9crites entre 1903 et 1957, celles-ci restent tr\u00e8s contemporaines et leurs th\u00e8mes tr\u00e8s actuels. Soixante ans apr\u00e8s sa mort, ses pi\u00e8ces sont reprises avec toujours le m\u00eame succ\u00e8s. Il a \u00e9galement r\u00e9alis\u00e9 trente-six filmsLire la suite","og_url":"https:\/\/comedialaon.fr\/?page_id=2171","og_site_name":"Com\u00e9dia Laon","article_publisher":"https:\/\/www.facebook.com\/profile.php?id=100008459438996","article_modified_time":"2021-07-21T13:54:36+00:00","og_image":[{"url":"https:\/\/comedialaon.fr\/wp-content\/uploads\/2017\/10\/AfficheCAPNO-25-02-2018-390-x-560-209x300.jpg","type":"","width":"","height":""}],"twitter_misc":{"Dur\u00e9e de lecture estim\u00e9e":"1 minute"},"schema":{"@context":"https:\/\/schema.org","@graph":[{"@type":"WebPage","@id":"https:\/\/comedialaon.fr\/?page_id=2171","url":"https:\/\/comedialaon.fr\/?page_id=2171","name":"SI GUITRY M'\u00c9TAIT JOU\u00c9 &#8226; Com\u00e9dia Laon","isPartOf":{"@id":"https:\/\/comedialaon.fr\/#website"},"primaryImageOfPage":{"@id":"https:\/\/comedialaon.fr\/?page_id=2171#primaryimage"},"image":{"@id":"https:\/\/comedialaon.fr\/?page_id=2171#primaryimage"},"thumbnailUrl":"https:\/\/comedialaon.fr\/wp-content\/uploads\/2017\/10\/AfficheCAPNO-25-02-2018-390-x-560-209x300.jpg","datePublished":"2017-09-13T12:49:32+00:00","dateModified":"2021-07-21T13:54:36+00:00","breadcrumb":{"@id":"https:\/\/comedialaon.fr\/?page_id=2171#breadcrumb"},"inLanguage":"fr-FR","potentialAction":[{"@type":"ReadAction","target":["https:\/\/comedialaon.fr\/?page_id=2171"]}]},{"@type":"ImageObject","inLanguage":"fr-FR","@id":"https:\/\/comedialaon.fr\/?page_id=2171#primaryimage","url":"https:\/\/comedialaon.fr\/wp-content\/uploads\/2017\/10\/AfficheCAPNO-25-02-2018-390-x-560.jpg","contentUrl":"https:\/\/comedialaon.fr\/wp-content\/uploads\/2017\/10\/AfficheCAPNO-25-02-2018-390-x-560.jpg","width":390,"height":560,"caption":"SI GUITRY M'\u00c9TAIT JOU\u00c9 au CAPNO le dimanche 25 f\u00e9vrier 2018 \u00e0 15H00"},{"@type":"BreadcrumbList","@id":"https:\/\/comedialaon.fr\/?page_id=2171#breadcrumb","itemListElement":[{"@type":"ListItem","position":1,"name":"Accueil","item":"https:\/\/comedialaon.fr\/"},{"@type":"ListItem","position":2,"name":"SI GUITRY M&rsquo;\u00c9TAIT JOU\u00c9"}]},{"@type":"WebSite","@id":"https:\/\/comedialaon.fr\/#website","url":"https:\/\/comedialaon.fr\/","name":"Com\u00e9dia Laon","description":"Prendre et donner du PLAISIR ... !!! ;-)","publisher":{"@id":"https:\/\/comedialaon.fr\/#organization"},"potentialAction":[{"@type":"SearchAction","target":{"@type":"EntryPoint","urlTemplate":"https:\/\/comedialaon.fr\/?s={search_term_string}"},"query-input":{"@type":"PropertyValueSpecification","valueRequired":true,"valueName":"search_term_string"}}],"inLanguage":"fr-FR"},{"@type":"Organization","@id":"https:\/\/comedialaon.fr\/#organization","name":"Com\u00e9dia Laon","url":"https:\/\/comedialaon.fr\/","logo":{"@type":"ImageObject","inLanguage":"fr-FR","@id":"https:\/\/comedialaon.fr\/#\/schema\/logo\/image\/","url":"https:\/\/comedialaon.fr\/wp-content\/uploads\/2019\/02\/LOGO-CL-et-OL.jpg","contentUrl":"https:\/\/comedialaon.fr\/wp-content\/uploads\/2019\/02\/LOGO-CL-et-OL.jpg","width":756,"height":210,"caption":"Com\u00e9dia Laon"},"image":{"@id":"https:\/\/comedialaon.fr\/#\/schema\/logo\/image\/"},"sameAs":["https:\/\/www.facebook.com\/profile.php?id=100008459438996","https:\/\/www.youtube.com\/results?search_query=comedia laon"]}]}},"_links":{"self":[{"href":"https:\/\/comedialaon.fr\/index.php?rest_route=\/wp\/v2\/pages\/2171","targetHints":{"allow":["GET"]}}],"collection":[{"href":"https:\/\/comedialaon.fr\/index.php?rest_route=\/wp\/v2\/pages"}],"about":[{"href":"https:\/\/comedialaon.fr\/index.php?rest_route=\/wp\/v2\/types\/page"}],"author":[{"embeddable":true,"href":"https:\/\/comedialaon.fr\/index.php?rest_route=\/wp\/v2\/users\/1"}],"replies":[{"embeddable":true,"href":"https:\/\/comedialaon.fr\/index.php?rest_route=%2Fwp%2Fv2%2Fcomments&post=2171"}],"version-history":[{"count":25,"href":"https:\/\/comedialaon.fr\/index.php?rest_route=\/wp\/v2\/pages\/2171\/revisions"}],"predecessor-version":[{"id":4668,"href":"https:\/\/comedialaon.fr\/index.php?rest_route=\/wp\/v2\/pages\/2171\/revisions\/4668"}],"wp:attachment":[{"href":"https:\/\/comedialaon.fr\/index.php?rest_route=%2Fwp%2Fv2%2Fmedia&parent=2171"}],"curies":[{"name":"wp","href":"https:\/\/api.w.org\/{rel}","templated":true}]}}