{"id":2145,"date":"2017-09-14T15:34:41","date_gmt":"2017-09-14T13:34:41","guid":{"rendered":"https:\/\/comedialaon.fr\/?page_id=2145"},"modified":"2018-09-21T11:10:08","modified_gmt":"2018-09-21T09:10:08","slug":"nos-dates-de-representations-2018","status":"publish","type":"page","link":"https:\/\/comedialaon.fr\/?page_id=2145","title":{"rendered":"NOS DATES DE REPR\u00c9SENTATIONS POUR 2018"},"content":{"rendered":"<p>(les informations ci-dessous seront actualis\u00e9es au fil de l&rsquo;eau)<br \/>\nCalendrier mis \u00e0 jour le 21\/09\/2018<\/p>\n<p><a href=\"https:\/\/comedialaon.fr\/?page_id=2171\" title=\"\u201cSI GUITRY M'\u00c9TAIT JOU\u00c9\u201d :\">\u201cSI GUITRY M&rsquo;\u00c9TAIT JOU\u00c9\u201d :<\/a><\/p>\n<p>Le dimanche 28 janvier 2018 \u00e0 15H00 \u00e0 CLACY-ET-THIERRET \u00e0 la Salle Communale Rue Pasteur, au profit du T\u00c9L\u00c9THON.<br \/>\nBilletterie sur place &#8211; Entr\u00e9e 10 \u20ac<\/p>\n<p>Le dimanche 18 f\u00e9vrier 2018 \u00e0 15H00 \u00e0 PINON \u00e0 la Salle des F\u00eates Place Charles de Gaulle.<br \/>\nR\u00e9servations 03 23 80 11 08 &#8211; Tarif entr\u00e9e voir Mairie de PINON<\/p>\n<p>Le dimanche 25 f\u00e9vrier 2018 \u00e0 15H00 \u00e0 LAON au Centre Social CAPNO Rue Fernand Christ Parking Carrefour Market.<br \/>\nR\u00e9servations 03 23 20 19 89 ou 03 23 79 63 13 ou comedialaon@orange.fr &#8211; Entr\u00e9e 10 \u20ac<\/p>\n<p>Le samedi 17 mars 2018 \u00e0 20H30 \u00e0 SAINT-GOBAIN au Cin\u00e9ma l&rsquo;Ermitage 6 Rue Simon.<br \/>\nR\u00e9servations 03 23 20 19 89 ou 03 23 79 63 13 ou comedialaon@orange.fr &#8211; Entr\u00e9e 10 \u20ac<\/p>\n<p>Le samedi 24 mars 2018 \u00e0 20H30 \u00e0 SISSONNE \u00e0 la Salle des F\u00eates Rue du Mar\u00e9chal de Lattre de Tassigny.<br \/>\nR\u00e9servations 03 23 20 19 89 ou 03 23 79 63 13 ou comedialaon@orange.fr &#8211; Entr\u00e9e 10 \u20ac<\/p>\n<p>Le dimanche 8 avril 2018 \u00e0 17H30 \u00e0 VERVINS au Cin\u00e9ma Piccoli-Piccolo.<br \/>\nR\u00e9servations 03 23 98 00 30 &#8211; Tarif entr\u00e9e voir Mairie de VERVINS<\/p>\n<p>Le samedi 21 avril 2018 \u00e0 20H30 \u00e0 LA F\u00c8RE \u00e0 l&rsquo;Espace Drouot.<br \/>\nR\u00e9servations 03 23 56 62 00 &#8211; Entr\u00e9e gratuite<\/p>\n<p>Le vendredi 25 mai 2018 \u00e0 20H30 \u00e0 LAON \u00e0 la Maison des Arts et Loisirs Salle Guy SABATIER Place Gis\u00e8le Aubry.<br \/>\nR\u00e9servations 03 23 20 19 89 ou 03 23 79 63 13 ou comedialaon@orange.fr &#8211; Entr\u00e9e 10 \u20ac<\/p>\n<p>Le dimanche 18 novembre 2018 \u00e0 14H00 \u00e0 SISSONNE dans le cadre du Festival Gardin&rsquo;Cour organis\u00e9 par Axoth\u00e9a les 17 et 18 novembre 2018 \u00e0 SISSONNE.<br \/>\nPlus d&rsquo;infos : <a href=\"https:\/\/www.axothea.com\/festival-gardin-cour\/\" title=\"Ici\">Ici<\/a><\/p>\n","protected":false},"excerpt":{"rendered":"<p>(les informations ci-dessous seront actualis\u00e9es au fil de l&rsquo;eau) Calendrier mis \u00e0 jour le 21\/09\/2018 \u201cSI GUITRY M&rsquo;\u00c9TAIT JOU\u00c9\u201d : Le dimanche 28 janvier 2018 \u00e0 15H00 \u00e0 CLACY-ET-THIERRET \u00e0 la Salle Communale Rue Pasteur, au profit du T\u00c9L\u00c9THON. Billetterie sur place &#8211; Entr\u00e9e 10 \u20ac Le dimanche 18 f\u00e9vrier 2018 \u00e0 15H00 \u00e0 PINON<\/p>\n<p><a class=\"excerpt-more blog-excerpt\" href=\"https:\/\/comedialaon.fr\/?page_id=2145\">Lire la suite<\/a><\/p>\n","protected":false},"author":1,"featured_media":0,"parent":0,"menu_order":0,"comment_status":"closed","ping_status":"closed","template":"","meta":{"footnotes":""},"class_list":["post-2145","page","type-page","status-publish","hentry"],"yoast_head":"<!-- This site is optimized with the Yoast SEO plugin v27.5 - https:\/\/yoast.com\/product\/yoast-seo-wordpress\/ -->\n<title>NOS DATES DE REPR\u00c9SENTATIONS POUR 2018 &#8226; Com\u00e9dia Laon<\/title>\n<meta name=\"robots\" content=\"index, follow, max-snippet:-1, max-image-preview:large, max-video-preview:-1\" \/>\n<link rel=\"canonical\" href=\"https:\/\/comedialaon.fr\/?page_id=2145\" \/>\n<meta property=\"og:locale\" content=\"fr_FR\" \/>\n<meta property=\"og:type\" content=\"article\" \/>\n<meta property=\"og:title\" content=\"NOS DATES DE REPR\u00c9SENTATIONS POUR 2018 &#8226; Com\u00e9dia Laon\" \/>\n<meta property=\"og:description\" content=\"(les informations ci-dessous seront actualis\u00e9es au fil de l&rsquo;eau) Calendrier mis \u00e0 jour le 21\/09\/2018 \u201cSI GUITRY M&rsquo;\u00c9TAIT JOU\u00c9\u201d : Le dimanche 28 janvier 2018 \u00e0 15H00 \u00e0 CLACY-ET-THIERRET \u00e0 la Salle Communale Rue Pasteur, au profit du T\u00c9L\u00c9THON. Billetterie sur place &#8211; Entr\u00e9e 10 \u20ac Le dimanche 18 f\u00e9vrier 2018 \u00e0 15H00 \u00e0 PINONLire la suite\" \/>\n<meta property=\"og:url\" content=\"https:\/\/comedialaon.fr\/?page_id=2145\" \/>\n<meta property=\"og:site_name\" content=\"Com\u00e9dia Laon\" \/>\n<meta property=\"article:publisher\" content=\"https:\/\/www.facebook.com\/profile.php?id=100008459438996\" \/>\n<meta property=\"article:modified_time\" content=\"2018-09-21T09:10:08+00:00\" \/>\n<meta name=\"twitter:label1\" content=\"Dur\u00e9e de lecture estim\u00e9e\" \/>\n\t<meta name=\"twitter:data1\" content=\"1 minute\" \/>\n<script type=\"application\/ld+json\" class=\"yoast-schema-graph\">{\"@context\":\"https:\\\/\\\/schema.org\",\"@graph\":[{\"@type\":\"WebPage\",\"@id\":\"https:\\\/\\\/comedialaon.fr\\\/?page_id=2145\",\"url\":\"https:\\\/\\\/comedialaon.fr\\\/?page_id=2145\",\"name\":\"NOS DATES DE REPR\u00c9SENTATIONS POUR 2018 &#8226; Com\u00e9dia Laon\",\"isPartOf\":{\"@id\":\"https:\\\/\\\/comedialaon.fr\\\/#website\"},\"datePublished\":\"2017-09-14T13:34:41+00:00\",\"dateModified\":\"2018-09-21T09:10:08+00:00\",\"breadcrumb\":{\"@id\":\"https:\\\/\\\/comedialaon.fr\\\/?page_id=2145#breadcrumb\"},\"inLanguage\":\"fr-FR\",\"potentialAction\":[{\"@type\":\"ReadAction\",\"target\":[\"https:\\\/\\\/comedialaon.fr\\\/?page_id=2145\"]}]},{\"@type\":\"BreadcrumbList\",\"@id\":\"https:\\\/\\\/comedialaon.fr\\\/?page_id=2145#breadcrumb\",\"itemListElement\":[{\"@type\":\"ListItem\",\"position\":1,\"name\":\"Accueil\",\"item\":\"https:\\\/\\\/comedialaon.fr\\\/\"},{\"@type\":\"ListItem\",\"position\":2,\"name\":\"NOS DATES DE REPR\u00c9SENTATIONS POUR 2018\"}]},{\"@type\":\"WebSite\",\"@id\":\"https:\\\/\\\/comedialaon.fr\\\/#website\",\"url\":\"https:\\\/\\\/comedialaon.fr\\\/\",\"name\":\"Com\u00e9dia Laon\",\"description\":\"Prendre et donner du PLAISIR ... !!! ;-)\",\"publisher\":{\"@id\":\"https:\\\/\\\/comedialaon.fr\\\/#organization\"},\"potentialAction\":[{\"@type\":\"SearchAction\",\"target\":{\"@type\":\"EntryPoint\",\"urlTemplate\":\"https:\\\/\\\/comedialaon.fr\\\/?s={search_term_string}\"},\"query-input\":{\"@type\":\"PropertyValueSpecification\",\"valueRequired\":true,\"valueName\":\"search_term_string\"}}],\"inLanguage\":\"fr-FR\"},{\"@type\":\"Organization\",\"@id\":\"https:\\\/\\\/comedialaon.fr\\\/#organization\",\"name\":\"Com\u00e9dia Laon\",\"url\":\"https:\\\/\\\/comedialaon.fr\\\/\",\"logo\":{\"@type\":\"ImageObject\",\"inLanguage\":\"fr-FR\",\"@id\":\"https:\\\/\\\/comedialaon.fr\\\/#\\\/schema\\\/logo\\\/image\\\/\",\"url\":\"https:\\\/\\\/comedialaon.fr\\\/wp-content\\\/uploads\\\/2019\\\/02\\\/LOGO-CL-et-OL.jpg\",\"contentUrl\":\"https:\\\/\\\/comedialaon.fr\\\/wp-content\\\/uploads\\\/2019\\\/02\\\/LOGO-CL-et-OL.jpg\",\"width\":756,\"height\":210,\"caption\":\"Com\u00e9dia Laon\"},\"image\":{\"@id\":\"https:\\\/\\\/comedialaon.fr\\\/#\\\/schema\\\/logo\\\/image\\\/\"},\"sameAs\":[\"https:\\\/\\\/www.facebook.com\\\/profile.php?id=100008459438996\",\"https:\\\/\\\/www.youtube.com\\\/results?search_query=comedia laon\"]}]}<\/script>\n<!-- \/ Yoast SEO plugin. -->","yoast_head_json":{"title":"NOS DATES DE REPR\u00c9SENTATIONS POUR 2018 &#8226; Com\u00e9dia Laon","robots":{"index":"index","follow":"follow","max-snippet":"max-snippet:-1","max-image-preview":"max-image-preview:large","max-video-preview":"max-video-preview:-1"},"canonical":"https:\/\/comedialaon.fr\/?page_id=2145","og_locale":"fr_FR","og_type":"article","og_title":"NOS DATES DE REPR\u00c9SENTATIONS POUR 2018 &#8226; Com\u00e9dia Laon","og_description":"(les informations ci-dessous seront actualis\u00e9es au fil de l&rsquo;eau) Calendrier mis \u00e0 jour le 21\/09\/2018 \u201cSI GUITRY M&rsquo;\u00c9TAIT JOU\u00c9\u201d : Le dimanche 28 janvier 2018 \u00e0 15H00 \u00e0 CLACY-ET-THIERRET \u00e0 la Salle Communale Rue Pasteur, au profit du T\u00c9L\u00c9THON. Billetterie sur place &#8211; Entr\u00e9e 10 \u20ac Le dimanche 18 f\u00e9vrier 2018 \u00e0 15H00 \u00e0 PINONLire la suite","og_url":"https:\/\/comedialaon.fr\/?page_id=2145","og_site_name":"Com\u00e9dia Laon","article_publisher":"https:\/\/www.facebook.com\/profile.php?id=100008459438996","article_modified_time":"2018-09-21T09:10:08+00:00","twitter_misc":{"Dur\u00e9e de lecture estim\u00e9e":"1 minute"},"schema":{"@context":"https:\/\/schema.org","@graph":[{"@type":"WebPage","@id":"https:\/\/comedialaon.fr\/?page_id=2145","url":"https:\/\/comedialaon.fr\/?page_id=2145","name":"NOS DATES DE REPR\u00c9SENTATIONS POUR 2018 &#8226; Com\u00e9dia Laon","isPartOf":{"@id":"https:\/\/comedialaon.fr\/#website"},"datePublished":"2017-09-14T13:34:41+00:00","dateModified":"2018-09-21T09:10:08+00:00","breadcrumb":{"@id":"https:\/\/comedialaon.fr\/?page_id=2145#breadcrumb"},"inLanguage":"fr-FR","potentialAction":[{"@type":"ReadAction","target":["https:\/\/comedialaon.fr\/?page_id=2145"]}]},{"@type":"BreadcrumbList","@id":"https:\/\/comedialaon.fr\/?page_id=2145#breadcrumb","itemListElement":[{"@type":"ListItem","position":1,"name":"Accueil","item":"https:\/\/comedialaon.fr\/"},{"@type":"ListItem","position":2,"name":"NOS DATES DE REPR\u00c9SENTATIONS POUR 2018"}]},{"@type":"WebSite","@id":"https:\/\/comedialaon.fr\/#website","url":"https:\/\/comedialaon.fr\/","name":"Com\u00e9dia Laon","description":"Prendre et donner du PLAISIR ... !!! ;-)","publisher":{"@id":"https:\/\/comedialaon.fr\/#organization"},"potentialAction":[{"@type":"SearchAction","target":{"@type":"EntryPoint","urlTemplate":"https:\/\/comedialaon.fr\/?s={search_term_string}"},"query-input":{"@type":"PropertyValueSpecification","valueRequired":true,"valueName":"search_term_string"}}],"inLanguage":"fr-FR"},{"@type":"Organization","@id":"https:\/\/comedialaon.fr\/#organization","name":"Com\u00e9dia Laon","url":"https:\/\/comedialaon.fr\/","logo":{"@type":"ImageObject","inLanguage":"fr-FR","@id":"https:\/\/comedialaon.fr\/#\/schema\/logo\/image\/","url":"https:\/\/comedialaon.fr\/wp-content\/uploads\/2019\/02\/LOGO-CL-et-OL.jpg","contentUrl":"https:\/\/comedialaon.fr\/wp-content\/uploads\/2019\/02\/LOGO-CL-et-OL.jpg","width":756,"height":210,"caption":"Com\u00e9dia Laon"},"image":{"@id":"https:\/\/comedialaon.fr\/#\/schema\/logo\/image\/"},"sameAs":["https:\/\/www.facebook.com\/profile.php?id=100008459438996","https:\/\/www.youtube.com\/results?search_query=comedia laon"]}]}},"_links":{"self":[{"href":"https:\/\/comedialaon.fr\/index.php?rest_route=\/wp\/v2\/pages\/2145","targetHints":{"allow":["GET"]}}],"collection":[{"href":"https:\/\/comedialaon.fr\/index.php?rest_route=\/wp\/v2\/pages"}],"about":[{"href":"https:\/\/comedialaon.fr\/index.php?rest_route=\/wp\/v2\/types\/page"}],"author":[{"embeddable":true,"href":"https:\/\/comedialaon.fr\/index.php?rest_route=\/wp\/v2\/users\/1"}],"replies":[{"embeddable":true,"href":"https:\/\/comedialaon.fr\/index.php?rest_route=%2Fwp%2Fv2%2Fcomments&post=2145"}],"version-history":[{"count":35,"href":"https:\/\/comedialaon.fr\/index.php?rest_route=\/wp\/v2\/pages\/2145\/revisions"}],"predecessor-version":[{"id":2167,"href":"https:\/\/comedialaon.fr\/index.php?rest_route=\/wp\/v2\/pages\/2145\/revisions\/2167"}],"wp:attachment":[{"href":"https:\/\/comedialaon.fr\/index.php?rest_route=%2Fwp%2Fv2%2Fmedia&parent=2145"}],"curies":[{"name":"wp","href":"https:\/\/api.w.org\/{rel}","templated":true}]}}

NOS DATES DE REPRÉSENTATIONS POUR 2018

<p>(les informations ci-dessous seront actualisées au fil de l&rsquo;eau)<br />
Calendrier mis à jour le 21/09/2018</p>
<p><a href="https://comedialaon.fr/?page_id=2171" title="“SI GUITRY M'ÉTAIT JOUÉ” :">“SI GUITRY M&rsquo;ÉTAIT JOUÉ” :</a></p>
<p>Le dimanche 28 janvier 2018 à 15H00 à CLACY-ET-THIERRET à la Salle Communale Rue Pasteur, au profit du TÉLÉTHON.<br />
Billetterie sur place &#8211; Entrée 10 €</p>
<p>Le dimanche 18 février 2018 à 15H00 à PINON à la Salle des Fêtes Place Charles de Gaulle.<br />
Réservations 03 23 80 11 08 &#8211; Tarif entrée voir Mairie de PINON</p>
<p>Le dimanche 25 février 2018 à 15H00 à LAON au Centre Social CAPNO Rue Fernand Christ Parking Carrefour Market.<br />
Réservations 03 23 20 19 89 ou 03 23 79 63 13 ou comedialaon@orange.fr &#8211; Entrée 10 €</p>
<p>Le samedi 17 mars 2018 à 20H30 à SAINT-GOBAIN au Cinéma l&rsquo;Ermitage 6 Rue Simon.<br />
Réservations 03 23 20 19 89 ou 03 23 79 63 13 ou comedialaon@orange.fr &#8211; Entrée 10 €</p>
<p>Le samedi 24 mars 2018 à 20H30 à SISSONNE à la Salle des Fêtes Rue du Maréchal de Lattre de Tassigny.<br />
Réservations 03 23 20 19 89 ou 03 23 79 63 13 ou comedialaon@orange.fr &#8211; Entrée 10 €</p>
<p>Le dimanche 8 avril 2018 à 17H30 à VERVINS au Cinéma Piccoli-Piccolo.<br />
Réservations 03 23 98 00 30 &#8211; Tarif entrée voir Mairie de VERVINS</p>
<p>Le samedi 21 avril 2018 à 20H30 à LA FÈRE à l&rsquo;Espace Drouot.<br />
Réservations 03 23 56 62 00 &#8211; Entrée gratuite</p>
<p>Le vendredi 25 mai 2018 à 20H30 à LAON à la Maison des Arts et Loisirs Salle Guy SABATIER Place Gisèle Aubry.<br />
Réservations 03 23 20 19 89 ou 03 23 79 63 13 ou comedialaon@orange.fr &#8211; Entrée 10 €</p>
<p>Le dimanche 18 novembre 2018 à 14H00 à SISSONNE dans le cadre du Festival Gardin&rsquo;Cour organisé par Axothéa les 17 et 18 novembre 2018 à SISSONNE.<br />
Plus d&rsquo;infos : <a href="https://www.axothea.com/festival-gardin-cour/" title="Ici">Ici</a></p>

<p>(les informations ci-dessous seront actualisées au fil de l&rsquo;eau) Calendrier mis à jour le 21/09/2018 “SI GUITRY M&rsquo;ÉTAIT JOUÉ” : Le dimanche 28 janvier 2018 à 15H00 à CLACY-ET-THIERRET à la Salle Communale Rue Pasteur, au profit du TÉLÉTHON. Billetterie sur place &#8211; Entrée 10 € Le dimanche 18 février 2018 à 15H00 à PINON</p>
<p><a class="excerpt-more blog-excerpt" href="https://comedialaon.fr/?page_id=2145">Lire la suite</a></p>

<!-- This site is optimized with the Yoast SEO plugin v27.5 - https://yoast.com/product/yoast-seo-wordpress/ -->
<title>NOS DATES DE REPRÉSENTATIONS POUR 2018 &#8226; Comédia Laon</title>
<meta name="robots" content="index, follow, max-snippet:-1, max-image-preview:large, max-video-preview:-1" />
<link rel="canonical" href="https://comedialaon.fr/?page_id=2145" />
<meta property="og:locale" content="fr_FR" />
<meta property="og:type" content="article" />
<meta property="og:title" content="NOS DATES DE REPRÉSENTATIONS POUR 2018 &#8226; Comédia Laon" />
<meta property="og:description" content="(les informations ci-dessous seront actualisées au fil de l&rsquo;eau) Calendrier mis à jour le 21/09/2018 “SI GUITRY M&rsquo;ÉTAIT JOUÉ” : Le dimanche 28 janvier 2018 à 15H00 à CLACY-ET-THIERRET à la Salle Communale Rue Pasteur, au profit du TÉLÉTHON. Billetterie sur place &#8211; Entrée 10 € Le dimanche 18 février 2018 à 15H00 à PINONLire la suite" />
<meta property="og:url" content="https://comedialaon.fr/?page_id=2145" />
<meta property="og:site_name" content="Comédia Laon" />
<meta property="article:publisher" content="https://www.facebook.com/profile.php?id=100008459438996" />
<meta property="article:modified_time" content="2018-09-21T09:10:08+00:00" />
<meta name="twitter:label1" content="Durée de lecture estimée" />
	<meta name="twitter:data1" content="1 minute" />
<script type="application/ld+json" class="yoast-schema-graph">{"@context":"https:\/\/schema.org","@graph":[{"@type":"WebPage","@id":"https:\/\/comedialaon.fr\/?page_id=2145","url":"https:\/\/comedialaon.fr\/?page_id=2145","name":"NOS DATES DE REPRÉSENTATIONS POUR 2018 &#8226; Comédia Laon","isPartOf":{"@id":"https:\/\/comedialaon.fr\/#website"},"datePublished":"2017-09-14T13:34:41+00:00","dateModified":"2018-09-21T09:10:08+00:00","breadcrumb":{"@id":"https:\/\/comedialaon.fr\/?page_id=2145#breadcrumb"},"inLanguage":"fr-FR","potentialAction":[{"@type":"ReadAction","target":["https:\/\/comedialaon.fr\/?page_id=2145"]}]},{"@type":"BreadcrumbList","@id":"https:\/\/comedialaon.fr\/?page_id=2145#breadcrumb","itemListElement":[{"@type":"ListItem","position":1,"name":"Accueil","item":"https:\/\/comedialaon.fr\/"},{"@type":"ListItem","position":2,"name":"NOS DATES DE REPRÉSENTATIONS POUR 2018"}]},{"@type":"WebSite","@id":"https:\/\/comedialaon.fr\/#website","url":"https:\/\/comedialaon.fr\/","name":"Comédia Laon","description":"Prendre et donner du PLAISIR ... !!! ;-)","publisher":{"@id":"https:\/\/comedialaon.fr\/#organization"},"potentialAction":[{"@type":"SearchAction","target":{"@type":"EntryPoint","urlTemplate":"https:\/\/comedialaon.fr\/?s={search_term_string}"},"query-input":{"@type":"PropertyValueSpecification","valueRequired":true,"valueName":"search_term_string"}}],"inLanguage":"fr-FR"},{"@type":"Organization","@id":"https:\/\/comedialaon.fr\/#organization","name":"Comédia Laon","url":"https:\/\/comedialaon.fr\/","logo":{"@type":"ImageObject","inLanguage":"fr-FR","@id":"https:\/\/comedialaon.fr\/#\/schema\/logo\/image\/","url":"https:\/\/comedialaon.fr\/wp-content\/uploads\/2019\/02\/LOGO-CL-et-OL.jpg","contentUrl":"https:\/\/comedialaon.fr\/wp-content\/uploads\/2019\/02\/LOGO-CL-et-OL.jpg","width":756,"height":210,"caption":"Comédia Laon"},"image":{"@id":"https:\/\/comedialaon.fr\/#\/schema\/logo\/image\/"},"sameAs":["https:\/\/www.facebook.com\/profile.php?id=100008459438996","https:\/\/www.youtube.com\/results?search_query=comedia laon"]}]}</script>
<!-- / Yoast SEO plugin. -->

NOS DATES DE REPRÉSENTATIONS POUR 2018 &#8226; Comédia Laon

(les informations ci-dessous seront actualisées au fil de l&rsquo;eau) Calendrier mis à jour le 21/09/2018 “SI GUITRY M&rsquo;ÉTAIT JOUÉ” : Le dimanche 28 janvier 2018 à 15H00 à CLACY-ET-THIERRET à la Salle Communale Rue Pasteur, au profit du TÉLÉTHON. Billetterie sur place &#8211; Entrée 10 € Le dimanche 18 février 2018 à 15H00 à PINONLire la suite

Comédia Laon
